000
CXUS55 KBOI 011002
CF6MUO
PRELIMINARY LOCAL CLIMATOLOGICAL DATA (WS FORM: F-6)
STATION: MOUNTAIN HOME AFB
MONTH: JULY
YEAR: 2021
LATITUDE: 43 2 N
LONGITUDE: 115 52 W
TEMPERATURE IN F: :PCPN: SNOW: WIND :SUNSHINE: SKY :PK WND
================================================================================
1 2 3 4 5 6A 6B 7 8 9 10 11 12 13 14 15 16 17 18
12Z AVG MX 2MIN
DY MAX MIN AVG DEP HDD CDD WTR SNW DPTH SPD SPD DIR MIN PSBL S-S WX SPD DR
================================================================================
1 96 69 83 11 0 18 T M M 11.2 17 180 M M 1 35 180
2 102 70 86 13 0 21 0.00 M M 10.4 17 120 M M 0 18 340
3 103 68 86 13 0 21 T M M 8.8 27 180 M M 1 38 180
4 100 67 84 11 0 19 0.08 M M 7.8 36 220 M M 3 38 48 230
5 101 68 85 12 0 20 0.00 M M 7.2 17 340 M M 2 M M
6 106 64 85 11 0 20 T M M 7.5 16 120 M M 1 M M
7 101 69 85 11 0 20 0.00 M M 12.3 26 330 M M 1 8 38 320
8 101 66 84 10 0 19 0.00 M M 9.4 16 320 M M 0 18 10
9 97 67 82 7 0 17 T M M 13.3 21 320 M M 0 8 31 310
10 103 58 81 6 0 16 0.00 M M 6.5 18 100 M M 1 22 150
11 101 65 83 8 0 18 0.00 M M 8.2 22 330 M M 1 33 320
12 104 61 83 8 0 18 0.00 M M 6.4 15 330 M M 1 M M
13 98 69 84 8 0 19 0.00 M M 16.6 28 330 M M 1 8 36 330
14 99 60 80 4 0 15 0.00 M M 7.4 15 340 M M 1 8 22 90
15 100 63 82 6 0 17 0.00 M M 7.7 16 350 M M 2 8 23 330
16 97 62 80 4 0 15 0.00 M M 7.5 16 350 M M 0 23 340
17 100 58 79 2 0 14 0.00 M M 5.1 9 300 M M 1 M M
18 103 66 85 8 0 20 0.00 M M 4.3 10 340 M M 1 M M
19 95 71 83 6 0 18 T M M 10.5 21 110 M M 6 28 100
20 92 69 81 4 0 16 0.02 M M 8.5 16 110 M M 5 8 M M
21 98 64 81 4 0 16 0.00 M M 9.5 17 360 M M 2 8 31 320
22 93 64 79 2 0 14 0.00 M M 10.4 18 320 M M 2 8 18 320
23 95 60 78 1 0 13 0.00 M M 9.0 16 300 M M 0 M M
24 95 62 79 1 0 14 0.00 M M 8.8 14 310 M M 1 23 310
25 100 56 78 0 0 13 0.00 M M 4.0 9 280 M M 1 M M
26 105 60 83 5 0 18 0.00 M M 8.9 25 330 M M 1 8 33 320
27 99 81 90 12 0 25 0.00 M M 8.8 20 310 M M 2 27 310
28 98 74 86 8 0 21 0.00 M M 11.5 18 320 M M 4 24 320
29 101 67 84 6 0 19 0.00 M M 7.4 17 300 M M 2 25 300
30 98 69 84 6 0 19 T M M 13.6 26 40 M M 3 38 40
31 94 67 81 3 0 16 1.26 M M 10.9 32 160 M M 6 13 52 180
================================================================================
SM 3075 2034 0 549 1.36 M 279.2 M 53
================================================================================
AV 99.2 65.6 9.0 FASTST M M 2 MAX(MPH)
MISC ----> 36 220 52 180
================================================================================
NOTES:
# LAST OF SEVERAL OCCURRENCES
COLUMN 17 PEAK WIND IN M.P.H.
PRELIMINARY LOCAL CLIMATOLOGICAL DATA (WS FORM: F-6) , PAGE 2
STATION: MOUNTAIN HOME AFB
MONTH: JULY
YEAR: 2021
LATITUDE: 43 2 N
LONGITUDE: 115 52 W
[TEMPERATURE DATA] [PRECIPITATION DATA] SYMBOLS USED IN COLUMN 16
AVERAGE MONTHLY: 82.4 TOTAL FOR MONTH: 1.36 1 = FOG OR MIST
DPTR FM NORMAL: 6.6 DPTR FM NORMAL: 1.15 2 = FOG REDUCING VISIBILITY
HIGHEST: 106 ON 6 GRTST 24HR 1.26 ON 31-31 TO 1/4 MILE OR LESS
LOWEST: 56 ON 25 3 = THUNDER
SNOW, ICE PELLETS, HAIL 4 = ICE PELLETS
TOTAL MONTH: M 5 = HAIL
GRTST 24HR M ON M 6 = FREEZING RAIN OR DRIZZLE
GRTST DEPTH: M ON M 7 = DUSTSTORM OR SANDSTORM:
VSBY 1/2 MILE OR LESS
8 = SMOKE OR HAZE
[NO. OF DAYS WITH] [WEATHER - DAYS WITH] 9 = BLOWING SNOW
X = TORNADO
MAX 32 OR BELOW: 0 0.01 INCH OR MORE: 3
MAX 90 OR ABOVE: 31 0.10 INCH OR MORE: 1
MIN 32 OR BELOW: 0 0.50 INCH OR MORE: 1
MIN 0 OR BELOW: 0 1.00 INCH OR MORE: 1
[HDD (BASE 65) ]
TOTAL THIS MO. 0 CLEAR (SCALE 0-3) 27
DPTR FM NORMAL -6 PTCLDY (SCALE 4-7) 4
TOTAL FM JUL 1 0 CLOUDY (SCALE 8-10) 0
DPTR FM NORMAL -6
[CDD (BASE 65) ]
TOTAL THIS MO. 549
DPTR FM NORMAL 208 [PRESSURE DATA]
TOTAL FM JAN 1 892 HIGHEST SLP M ON M
DPTR FM NORMAL 381 LOWEST SLP M ON M
[REMARKS]
#FINAL-07-21#