000
CXUS51 KBTV 110241
CF6MVL
PRELIMINARY LOCAL CLIMATOLOGICAL DATA (WS FORM: F-6)
STATION: MORRISVILLE VT
MONTH: JANUARY
YEAR: 2021
LATITUDE: 44 31 N
LONGITUDE: 72 37 W
TEMPERATURE IN F: :PCPN: SNOW: WIND :SUNSHINE: SKY :PK WND
================================================================================
1 2 3 4 5 6A 6B 7 8 9 10 11 12 13 14 15 16 17 18
12Z AVG MX 2MIN
DY MAX MIN AVG DEP HDD CDD WTR SNW DPTH SPD SPD DIR MIN PSBL S-S WX SPD DR
================================================================================
1 31 18 25 7 40 0 T M M 3.0 9 30 M M 7 11 30
2 33 25 29 11 36 0 0.08 M M 5.1 22 310 M M 10 128 29 300
3 30 26 28 10 37 0 T M M 3.2 13 20 M M 10 1 16 30
4 38 25 32 15 33 0 0.05 M M 1.6 7 160 M M 9 1 9 150
5 32 25 29 12 36 0 T M M 4.4 9 30 M M 10 12 350
6 28 24 26 9 39 0 T M M 11.1 21 10 M M 9 1 26 350
7 26 21 24 7 41 0 0.00 M M 12.6 23 10 M M 9 29 350
8 22 6 14 -2 51 0 T M M 9.2 20 10 M M 5 1 25 10
9 25 16 21 5 44 0 0.00 M M 9.4 17 350 M M 6 24 360
10 25 6 16 0 49 0 T M M 6.1 15 360 M M 6 18 22 340
11 25 2 14 -2 51 0 T M M 2.5 9 160 M M 7 18 11 170
12 33 21 27 11 38 0 0.03 M M 0.7 6 330 M M 10 18 7 340
13 33 26 30 14 35 0 T M M 2.0 9 200 M M 10 18 12 200
14 35 29 32 16 33 0 0.00 M M 0.1 6 170 M M 10 1 7 170
15 37 20 29 14 36 0 0.00 M M 3.9 16 160 M M 7 18 25 190
16 38 32 35 20 30 0 0.76 M M 3.4 13 70 M M 10 1 20 100
17 34 29 32 17 33 0 0.25 M M 5.4 13 280 M M 10 1 22 260
18 29 13 21 6 44 0 T M M 7.2 15 10 M M 10 18 20 350
19 25 2 14 -1 51 0 T M M 1.1 12 10 M M 7 1 14 20
20 26 -1 13 -2 52 0 0.01 M M 4.9 15 340 M M 10 18 20 340
21 22 -4 9 -6 56 0 T M M 2.2 9 140 M M 7 128 13 140
22 31 19 25 10 40 0 0.09 M M 3.0 14 20 M M 9 1 15 20
23 19 2 11 -4 54 0 T M M 6.3 16 340 M M 10 8 25 320
24 16 -1 8 -7 57 0 0.00 M M 4.3 14 310 M M 3 20 280
25 23 -9 7 -8 58 0 0.05 M M 3.0 12 10 M M 4 M M
26 28 12 20 5 45 0 0.06 M M 1.4 7 190 M M 9 1 8 190
27 30 23 27 12 38 0 T M M 4.7 13 10 M M 10 1 16 360
28 23 6 15 0 50 0 T M M 9.8 17 340 M M 10 28 320
29 7 0 4 -11 61 0 T M M 9.0 21 360 M M 9 8 29 360
30 10 -8 1 -14 64 0 T M M 7.3 16 20 M M 7 8 23 360
31 19 -17 1 -14 64 0 T M M 0.8 6 360 M M 0 7 340
================================================================================
SM 833 388 1396 0 1.38 M 148.7 M 250
================================================================================
AV 26.9 12.5 4.8 FASTST M M 8 MAX(MPH)
MISC ----> 23 10 # 29 300
================================================================================
NOTES:
# LAST OF SEVERAL OCCURRENCES
COLUMN 17 PEAK WIND IN M.P.H.
PRELIMINARY LOCAL CLIMATOLOGICAL DATA (WS FORM: F-6) , PAGE 2
STATION: MORRISVILLE VT
MONTH: JANUARY
YEAR: 2021
LATITUDE: 44 31 N
LONGITUDE: 72 37 W
[TEMPERATURE DATA] [PRECIPITATION DATA] SYMBOLS USED IN COLUMN 16
AVERAGE MONTHLY: 19.7 TOTAL FOR MONTH: 1.38 1 = FOG OR MIST
DPTR FM NORMAL: 4.0 DPTR FM NORMAL: -0.86 2 = FOG REDUCING VISIBILITY
HIGHEST: 38 ON 16, 4 GRTST 24HR 0.76 ON 16-16 TO 1/4 MILE OR LESS
LOWEST: -17 ON 31 3 = THUNDER
SNOW, ICE PELLETS, HAIL 4 = ICE PELLETS
TOTAL MONTH: M 5 = HAIL
GRTST 24HR M ON M 6 = FREEZING RAIN OR DRIZZLE
GRTST DEPTH: M ON M 7 = DUSTSTORM OR SANDSTORM:
VSBY 1/2 MILE OR LESS
8 = SMOKE OR HAZE
[NO. OF DAYS WITH] [WEATHER - DAYS WITH] 9 = BLOWING SNOW
X = TORNADO
MAX 32 OR BELOW: 23 0.01 INCH OR MORE: 9
MAX 90 OR ABOVE: 0 0.10 INCH OR MORE: 2
MIN 32 OR BELOW: 31 0.50 INCH OR MORE: 1
MIN 0 OR BELOW: 7 1.00 INCH OR MORE: 0
[HDD (BASE 65) ]
TOTAL THIS MO. 1396 CLEAR (SCALE 0-3) 2
DPTR FM NORMAL -132 PTCLDY (SCALE 4-7) 10
TOTAL FM JUL 1 4146 CLOUDY (SCALE 8-10) 19
DPTR FM NORMAL -556
[CDD (BASE 65) ]
TOTAL THIS MO. 0
DPTR FM NORMAL 0 [PRESSURE DATA]
TOTAL FM JAN 1 0 HIGHEST SLP 30.55 ON 1
DPTR FM NORMAL 0 LOWEST SLP 29.16 ON 17
[REMARKS]
#FINAL-01-21#