000
CXUS51 KBTV 010700
CF6MVL
PRELIMINARY LOCAL CLIMATOLOGICAL DATA (WS FORM: F-6)
STATION: MORRISVILLE VT
MONTH: APRIL
YEAR: 2020
LATITUDE: 44 31 N
LONGITUDE: 72 37 W
TEMPERATURE IN F: :PCPN: SNOW: WIND :SUNSHINE: SKY :PK WND
================================================================================
1 2 3 4 5 6A 6B 7 8 9 10 11 12 13 14 15 16 17 18
12Z AVG MX 2MIN
DY MAX MIN AVG DEP HDD CDD WTR SNW DPTH SPD SPD DIR MIN PSBL S-S WX SPD DR
================================================================================
1 48 21 35 0 30 0 0.00 M M 5.8 16 20 M M 5 21 20
2 39 34 37 1 28 0 0.24 M M 9.9 18 360 M M 10 1 27 10
3 53 37 45 9 20 0 0.14 M M 6.6 17 20 M M 10 22 360
4 55 30 43 7 22 0 T M M 2.5 13 350 M M 7 1 17 360
5 56 29 43 6 22 0 0.07 M M 3.8 14 320 M M 9 19 330
6 55 28 42 4 23 0 0.00 M M 5.8 16 330 M M 1 1 23 320
7 56 26 41 3 24 0 0.00 M M 3.5 20 330 M M 1 27 340
8 56 26 41 3 24 0 0.00 M M 3.9 17 10 M M 5 23 10
9 46 32 39 0 26 0 0.59 M M 3.7 15 310 M M 9 1 23 330
10 39 31 35 -4 30 0 0.06 M M 7.9 20 340 M M 10 1 29 350
11 42 31 37 -3 28 0 0.02 M M 6.1 17 350 M M 10 18 26 300
12 57 27 42 2 23 0 0.00 M M 7.0 20 200 M M 4 27 190
13 61 41 51 10 14 0 0.73 M M 7.4 25 170 M M 9 1 35 170
14 48 33 41 0 24 0 0.00 M M 6.9 20 240 M M 4 31 250
15 43 28 36 -6 29 0 0.03 M M 5.7 17 320 M M 8 18 26 330
16 40 30 35 -7 30 0 0.01 M M 5.6 18 310 M M 8 8 29 330
17 42 29 36 -7 29 0 T M M 4.9 16 250 M M 9 25 240
18 48 25 37 -6 28 0 0.00 M M 1.7 12 330 M M 6 15 360
19 59 23 41 -3 24 0 0.01 M M 6.8 20 210 M M 4 29 210
20 49 25 37 -7 28 0 T M M 5.7 16 10 M M 2 25 360
21 50 22 36 -9 29 0 0.22 M M 6.0 22 180 M M 5 1 33 220
22 34 22 28 -17 37 0 0.03 M M 7.8 20 310 M M 10 1 28 340
23 48 23 36 -10 29 0 0.00 M M 4.7 17 340 M M 0 27 310
24 59 22 41 -5 24 0 0.00 M M 3.2 15 340 M M 3 21 320
25 61 30 46 0 19 0 0.00 M M 2.6 16 20 M M 2 21 10
26 57 29 43 -4 22 0 0.50 M M 4.3 16 340 M M 5 1 20 340
27 44 36 40 -7 25 0 0.19 M M 8.7 22 20 M M 10 27 10
28 54 31 43 -5 22 0 0.00 M M 2.9 14 10 M M 6 17 350
29 65 26 46 -2 19 0 0.00 M M 8.1 21 160 M M 3 34 170
30 50 44 47 -2 18 0 0.04 M M 13.3 24 190 M M 10 35 200
================================================================================
SM 1514 871 750 0 2.88 M 172.8 M 185
================================================================================
AV 50.5 29.0 5.8 FASTST M M 6 MAX(MPH)
MISC ----> 25 170 # 35 170
================================================================================
NOTES:
# LAST OF SEVERAL OCCURRENCES
COLUMN 17 PEAK WIND IN M.P.H.
PRELIMINARY LOCAL CLIMATOLOGICAL DATA (WS FORM: F-6) , PAGE 2
STATION: MORRISVILLE VT
MONTH: APRIL
YEAR: 2020
LATITUDE: 44 31 N
LONGITUDE: 72 37 W
[TEMPERATURE DATA] [PRECIPITATION DATA] SYMBOLS USED IN COLUMN 16
AVERAGE MONTHLY: 39.8 TOTAL FOR MONTH: 2.88 1 = FOG OR MIST
DPTR FM NORMAL: -2.2 DPTR FM NORMAL: 0.48 2 = FOG REDUCING VISIBILITY
HIGHEST: 65 ON 29 GRTST 24HR 0.73 ON 13-13 TO 1/4 MILE OR LESS
LOWEST: 21 ON 1 3 = THUNDER
SNOW, ICE PELLETS, HAIL 4 = ICE PELLETS
TOTAL MONTH: M 5 = HAIL
GRTST 24HR M ON M 6 = FREEZING RAIN OR DRIZZLE
GRTST DEPTH: M ON M 7 = DUSTSTORM OR SANDSTORM:
VSBY 1/2 MILE OR LESS
8 = SMOKE OR HAZE
[NO. OF DAYS WITH] [WEATHER - DAYS WITH] 9 = BLOWING SNOW
X = TORNADO
MAX 32 OR BELOW: 0 0.01 INCH OR MORE: 15
MAX 90 OR ABOVE: 0 0.10 INCH OR MORE: 7
MIN 32 OR BELOW: 24 0.50 INCH OR MORE: 3
MIN 0 OR BELOW: 0 1.00 INCH OR MORE: 0
[HDD (BASE 65) ]
TOTAL THIS MO. 750 CLEAR (SCALE 0-3) 6
DPTR FM NORMAL 57 PTCLDY (SCALE 4-7) 12
TOTAL FM JUL 1 7500 CLOUDY (SCALE 8-10) 12
DPTR FM NORMAL -280
[CDD (BASE 65) ]
TOTAL THIS MO. 0
DPTR FM NORMAL -1 [PRESSURE DATA]
TOTAL FM JAN 1 0 HIGHEST SLP M ON M
DPTR FM NORMAL -1 LOWEST SLP 29.07 ON 10
[REMARKS]
#FINAL-04-20#