000
CXUS56 KOTX 011010
CF6MWH
PRELIMINARY LOCAL CLIMATOLOGICAL DATA (WS FORM: F-6)
STATION: MOSES LAKE WA AIRPORT
MONTH: NOVEMBER
YEAR: 2021
LATITUDE: 47 12 N
LONGITUDE: 119 19 W
TEMPERATURE IN F: :PCPN: SNOW: WIND :SUNSHINE: SKY :PK WND
================================================================================
1 2 3 4 5 6A 6B 7 8 9 10 11 12 13 14 15 16 17 18
12Z AVG MX 2MIN
DY MAX MIN AVG DEP HDD CDD WTR SNW DPTH SPD SPD DIR MIN PSBL S-S WX SPD DR
================================================================================
1 55 29 42 -1 23 0 T M M 6.3 13 70 M M 6 18 30
2 49 34 42 0 23 0 0.06 M M 4.1 10 260 M M 7 1 12 290
3 50 43 47 5 18 0 0.01 M M 4.4 16 10 M M 8 18 19 10
4 58 46 52 10 13 0 0.17 M M 9.0 20 240 M M 7 1 24 230
5 53 34 44 3 21 0 0.00 M M 6.4 14 170 M M 4 17 180
6 53 31 42 1 23 0 T M M 9.0 22 220 M M 4 31 180
7 51 35 43 3 22 0 0.00 M M 10.6 23 190 M M 1 29 190
8 53 29 41 1 24 0 0.00 M M 6.3 13 110 M M 0 18 90
9 51 37 44 4 21 0 0.13 M M 9.2 18 190 M M 4 1 24 190
10 52 32 42 3 23 0 0.00 M M 5.5 15 260 M M 1 8 18 260
11 47 38 43 4 22 0 0.43 M M 4.8 9 20 M M 10 1 10 20
12 54 41 48 9 17 0 0.09 M M 5.5 24 240 M M 8 1 30 230
13 49 33 41 3 24 0 0.00 M M 4.3 10 360 M M 5 11 360
14 67 41 54 16 11 0 0.00 M M 13.9 23 210 M M 2 33 220
15 65 36 51 13 14 0 0.00 M M 17.2 38 220 M M 1 8 57 210
16 50 25 38 1 27 0 0.00 M M 13.2 29 260 M M 0 37 260
17 44 19 32 -5 33 0 0.00 M M 6.4 16 20 M M 0 20 20
18 37 31 34 -2 31 0 0.13 M M 7.0 13 340 M M 8 18 16 340
19 44 31 38 2 27 0 0.11 M M 7.0 14 330 M M 7 12 17 330
20 39 27 33 -3 32 0 0.00 M M 3.3 9 30 M M 7 12 11 20
21 35 27 31 -5 34 0 0.00 M M 2.2 7 10 M M 9 1 8 360
22 36 30 33 -2 32 0 0.00 M M 5.2 12 170 M M 10 1 13 180
23 40 26 33 -2 32 0 0.13 M M 4.6 22 130 M M 6 126 26 130
24 42 22 32 -2 33 0 0.00 M M 3.0 9 340 M M 2 1 11 350
25 42 33 38 4 27 0 0.00 M M 2.2 9 160 M M 6 13 210
26 58 33 46 12 19 0 T M M 4.9 15 230 M M 2 1 20 230
27 45 33 39 5 26 0 0.05 M M 4.7 10 170 M M 7 12 12 170
28 61 41 51 18 14 0 0.00 M M 10.6 24 240 M M 1 1 30 230
29 63 43 53 20 12 0 0.00 M M 6.9 15 240 M M 0 20 220
30 59 43 51 18 14 0 0.00 M M 11.2 23 230 M M 2 32 220
================================================================================
SM 1502 1003 692 0 1.31 M 208.9 M 135
================================================================================
AV 50.1 33.4 7.0 FASTST M M 5 MAX(MPH)
MISC ----> 38 220 57 210
================================================================================
NOTES:
# LAST OF SEVERAL OCCURRENCES
COLUMN 17 PEAK WIND IN M.P.H.
PRELIMINARY LOCAL CLIMATOLOGICAL DATA (WS FORM: F-6) , PAGE 2
STATION: MOSES LAKE WA AIRPORT
MONTH: NOVEMBER
YEAR: 2021
LATITUDE: 47 12 N
LONGITUDE: 119 19 W
[TEMPERATURE DATA] [PRECIPITATION DATA] SYMBOLS USED IN COLUMN 16
AVERAGE MONTHLY: 41.8 TOTAL FOR MONTH: 1.31 1 = FOG OR MIST
DPTR FM NORMAL: 4.2 DPTR FM NORMAL: 0.44 2 = FOG REDUCING VISIBILITY
HIGHEST: 67 ON 14 GRTST 24HR 0.47 ON 11-12 TO 1/4 MILE OR LESS
LOWEST: 19 ON 17 3 = THUNDER
SNOW, ICE PELLETS, HAIL 4 = ICE PELLETS
TOTAL MONTH: M 5 = HAIL
GRTST 24HR M ON M 6 = FREEZING RAIN OR DRIZZLE
GRTST DEPTH: M ON M 7 = DUSTSTORM OR SANDSTORM:
VSBY 1/2 MILE OR LESS
8 = SMOKE OR HAZE
[NO. OF DAYS WITH] [WEATHER - DAYS WITH] 9 = BLOWING SNOW
X = TORNADO
MAX 32 OR BELOW: 0 0.01 INCH OR MORE: 10
MAX 90 OR ABOVE: 0 0.10 INCH OR MORE: 6
MIN 32 OR BELOW: 13 0.50 INCH OR MORE: 0
MIN 0 OR BELOW: 0 1.00 INCH OR MORE: 0
[HDD (BASE 65) ]
TOTAL THIS MO. 692 CLEAR (SCALE 0-3) 12
DPTR FM NORMAL -132 PTCLDY (SCALE 4-7) 14
TOTAL FM JUL 1 1255 CLOUDY (SCALE 8-10) 4
DPTR FM NORMAL -169
[CDD (BASE 65) ]
TOTAL THIS MO. 0
DPTR FM NORMAL 0 [PRESSURE DATA]
TOTAL FM JAN 1 1050 HIGHEST SLP M ON M
DPTR FM NORMAL 373 LOWEST SLP 29.44 ON 15
[REMARKS]
#FINAL-11-21#