000
CXUS53 KBIS 010930
CF6N60
PRELIMINARY LOCAL CLIMATOLOGICAL DATA (WS FORM: F-6)
STATION: GARRISON (AMOS) ND
MONTH: FEBRUARY
YEAR: 2023
LATITUDE: 47 39 N
LONGITUDE: 101 23 W
TEMPERATURE IN F: :PCPN: SNOW: WIND :SUNSHINE: SKY :PK WND
================================================================================
1 2 3 4 5 6A 6B 7 8 9 10 11 12 13 14 15 16 17 18
12Z AVG MX 2MIN
DY MAX MIN AVG DEP HDD CDD WTR SNW DPTH SPD SPD DIR MIN PSBL S-S WX SPD DR
================================================================================
1 17 -3 7 -4 58 0 0.00 M M 7.0 26 340 M M 0 35 350
2 10 -12 -1 -12 66 0 0.00 M M 10.3 25 340 M M 0 35 340
3 31 -2 15 3 50 0 0.00 M M 11.9 21 160 M M 0 27 160
4 40 19 30 18 35 0 0.00 M M 11.0 22 300 M M 0 32 270
5 34 9 22 10 43 0 0.00 M M 5.0 14 140 M M 0 18 140
6 36 23 30 18 35 0 0.00 M M 15.3 33 310 M M 0 44 310
7 38 18 28 16 37 0 0.00 M M 10.2 16 250 M M 0 21 260
8 40 22 31 19 34 0 0.00 M M 8.7 26 340 M M 0 35 340
9 32 12 22 9 43 0 0.00 M M 10.2 23 340 M M 0 36 20
10 37 8 23 10 42 0 0.00 M M 8.1 15 240 M M 0 19 240
11 40 23 32 19 33 0 0.00 M M 8.3 16 270 M M 0 19 270
12 36 15 26 12 39 0 0.00 M M 8.1 23 300 M M 0 31 300
13 41 17 29 15 36 0 0.00 M M 5.9 16 240 M M 0 20 240
14 36 6 21 7 44 0 0.06 M M 20.3 32 340 M M 0 45 350
15 21 -1 10 -4 55 0 0.00 M M 11.3 M M M M 0 M M
16 19 6 13 -2 52 0 0.01 M M 6.4 10 170 M M 0 13 170
17 37 9 23 8 42 0 0.00 M M 12.5 24 290 M M 0 36 290
18 37 20 29 14 36 0 0.00 M M 6.9 17 300 M M 0 21 300
19 25 15 20 4 45 0 0.06 M M 8.3 16 120 M M 0 20 130
20 30 -3 14 -2 51 0 0.00 M M 18.1 40 310 M M 0 51 310
21 8 -10 -1 -17 66 0 0.14 M M 7.0 17 20 M M 0 25 30
22 -6 -15 -10 -27 75 0 0.12 M M 9.4 16 20 M M 0 25 30
23 -4 -22 -13 -30 78 0 0.12 M M 7.6 14 20 M M 0 22 20
24 -4 -27 -15 -33 80 0 T M M 6.2 15 170 M M 0 20 180
25 19 -13 3 -15 62 0 0.00 M M 5.9 17 270 M M 0 21 270
26 30 0 15 -3 50 0 0.00 M M 6.1 15 150 M M 0 18 140
27 36 7 22 3 43 0 0.01 M M 13.3 29 270 M M 0 37 270
28 23 0 12 -7 53 0 0.16 M M 10.0 21 70 M M 0 34 60
================================================================================
SM 739 121 1383 0 0.68 M 269.3 M 0
================================================================================
AV 26.4 4.3 9.6 FASTST M M 0 MAX(MPH)
MISC ----> 40 310 51 310
================================================================================
NOTES:
# LAST OF SEVERAL OCCURRENCES
COLUMN 17 PEAK WIND IN M.P.H.
PRELIMINARY LOCAL CLIMATOLOGICAL DATA (WS FORM: F-6) , PAGE 2
STATION: GARRISON (AMOS) ND
MONTH: FEBRUARY
YEAR: 2023
LATITUDE: 47 39 N
LONGITUDE: 101 23 W
[TEMPERATURE DATA] [PRECIPITATION DATA] SYMBOLS USED IN COLUMN 16
AVERAGE MONTHLY: 15.4 TOTAL FOR MONTH: 0.68 1 = FOG OR MIST
DPTR FM NORMAL: 0.8 DPTR FM NORMAL: 0.19 2 = FOG REDUCING VISIBILITY
HIGHEST: 41 ON 13 GRTST 24HR 0.24 ON 22-23 TO 1/4 MILE OR LESS
LOWEST: -27 ON 24 3 = THUNDER
SNOW, ICE PELLETS, HAIL 4 = ICE PELLETS
TOTAL MONTH: M 5 = HAIL
GRTST 24HR M ON M 6 = FREEZING RAIN OR DRIZZLE
GRTST DEPTH: M ON M 7 = DUSTSTORM OR SANDSTORM:
VSBY 1/2 MILE OR LESS
8 = SMOKE OR HAZE
[NO. OF DAYS WITH] [WEATHER - DAYS WITH] 9 = BLOWING SNOW
X = TORNADO
MAX 32 OR BELOW: 15 0.01 INCH OR MORE: 8
MAX 90 OR ABOVE: 0 0.10 INCH OR MORE: 4
MIN 32 OR BELOW: 28 0.50 INCH OR MORE: 0
MIN 0 OR BELOW: 12 1.00 INCH OR MORE: 0
[HDD (BASE 65) ]
TOTAL THIS MO. 1383 CLEAR (SCALE 0-3) 28
DPTR FM NORMAL -28 PTCLDY (SCALE 4-7) 0
TOTAL FM JUL 1 6791 CLOUDY (SCALE 8-10) 0
DPTR FM NORMAL 104
[CDD (BASE 65) ]
TOTAL THIS MO. 0
DPTR FM NORMAL 0 [PRESSURE DATA]
TOTAL FM JAN 1 0 HIGHEST SLP 30.77 ON 24
DPTR FM NORMAL 0 LOWEST SLP 29.33 ON 14
[REMARKS]
#FINAL-02-23#