000
CXUS53 KBIS 010930
CF6N60
PRELIMINARY LOCAL CLIMATOLOGICAL DATA (WS FORM: F-6)
STATION: GARRISON (AMOS) ND
MONTH: DECEMBER
YEAR: 2022
LATITUDE: 47 39 N
LONGITUDE: 101 23 W
TEMPERATURE IN F: :PCPN: SNOW: WIND :SUNSHINE: SKY :PK WND
================================================================================
1 2 3 4 5 6A 6B 7 8 9 10 11 12 13 14 15 16 17 18
12Z AVG MX 2MIN
DY MAX MIN AVG DEP HDD CDD WTR SNW DPTH SPD SPD DIR MIN PSBL S-S WX SPD DR
================================================================================
1 23 8 16 -5 49 0 0.00 M M 6.6 17 350 M M 0 24 340
2 14 -5 5 -16 60 0 T M M 19.1 33 300 M M 0 42 300
3 14 -8 3 -18 62 0 0.00 M M 5.1 13 260 M M 0 16 270
4 37 11 24 4 41 0 0.00 M M 14.1 29 300 M M 0 36 290
5 21 8 15 -5 50 0 0.04 M M 12.3 25 320 M M 0 32 320
6 9 -5 2 -17 63 0 0.09 M M 7.5 18 110 M M 0 24 110
7 11 -19 -4 -23 69 0 0.00 M M 10.2 22 180 M M 0 31 170
8 29 -1 14 -5 51 0 0.00 M M 2.0 10 190 M M 0 11 190
9 23 -1 11 -7 54 0 0.00 M M 5.9 14 140 M M 0 18 140
10 28 6 17 -1 48 0 0.00 M M 3.7 12 300 M M 0 15 290
11 24 7 16 -2 49 0 0.00 M M 10.5 18 100 M M 0 26 80
12 27 15 21 4 44 0 0.01 M M 4.5 12 110 M M 0 16 110
13 28 26 27 10 38 0 0.68 M M 10.9 20 20 M M 0 29 20
14 26 15 21 4 44 0 0.27 M M 16.4 29 320 M M 0 36 320
15 15 12 14 -2 51 0 M M M 29.5 39 310 M M 0 52 300
16 13 1 7 -9 58 0 M M M 25.3 36 330 M M 0 44 320
17 4 -13 -4 -20 69 0 0.00 M M 10.5 20 320 M M 0 23 330
18 -3 -21 -12 -27 77 0 0.03 M M 4.2 9 20 M M 0 13 20
19 -3 -18 -10 -25 75 0 0.08 M M 5.1 18 300 M M 0 26 290
20 -13 -24 -18 -33 83 0 0.01 M M 12.6 23 300 M M 0 31 300
21 -14 -24 -19 -34 84 0 0.23 M M 12.6 28 310 M M 0 39 310
22 -13 -20 -16 -30 81 0 M M M 27.4 36 300 M M 0 46 300
23 -10 -20 -15 -29 80 0 0.00 M M 18.3 29 310 M M 0 37 300
24 0 -21 -10 -24 75 0 0.00 M M 4.1 8 340 M M 0 10 290
25 17 -14 2 -12 63 0 0.22 M M 13.9 41 310 M M 0 53 310
26 18 -10 4 -9 61 0 0.00 M M 8.8 18 170 M M 0 22 170
27 34 17 26 13 39 0 M M M 5.4 20 100 M M 0 28 110
28 30 16 23 10 42 0 0.00 M M 6.0 25 310 M M 0 31 300
29 17 8 13 0 52 0 0.00 M M 11.5 24 300 M M 0 30 300
30 19 6 13 0 52 0 0.00 M M 4.4 10 160 M M 0 13 150
31 20 6 13 1 52 0 0.00 M M 3.5 12 150 M M 0 14 130
================================================================================
SM 445 -62 1816 0 1.66 M 331.9 M 0
================================================================================
AV 14.4 -2.0 10.7 FASTST M M 0 MAX(MPH)
MISC ----> 41 310 53 310
================================================================================
NOTES:
# LAST OF SEVERAL OCCURRENCES
COLUMN 17 PEAK WIND IN M.P.H.
PRELIMINARY LOCAL CLIMATOLOGICAL DATA (WS FORM: F-6) , PAGE 2
STATION: GARRISON (AMOS) ND
MONTH: DECEMBER
YEAR: 2022
LATITUDE: 47 39 N
LONGITUDE: 101 23 W
[TEMPERATURE DATA] [PRECIPITATION DATA] SYMBOLS USED IN COLUMN 16
AVERAGE MONTHLY: 6.2 TOTAL FOR MONTH: 1.66 1 = FOG OR MIST
DPTR FM NORMAL: -10.1 DPTR FM NORMAL: 1.00 2 = FOG REDUCING VISIBILITY
HIGHEST: 37 ON 4 GRTST 24HR 0.83 ON 13-14 TO 1/4 MILE OR LESS
LOWEST: -24 ON 21,20 3 = THUNDER
SNOW, ICE PELLETS, HAIL 4 = ICE PELLETS
TOTAL MONTH: M 5 = HAIL
GRTST 24HR M ON M 6 = FREEZING RAIN OR DRIZZLE
GRTST DEPTH: M ON M 7 = DUSTSTORM OR SANDSTORM:
VSBY 1/2 MILE OR LESS
8 = SMOKE OR HAZE
[NO. OF DAYS WITH] [WEATHER - DAYS WITH] 9 = BLOWING SNOW
X = TORNADO
MAX 32 OR BELOW: 29 0.01 INCH OR MORE: 10
MAX 90 OR ABOVE: 0 0.10 INCH OR MORE: 4
MIN 32 OR BELOW: 31 0.50 INCH OR MORE: 1
MIN 0 OR BELOW: 16 1.00 INCH OR MORE: 0
[HDD (BASE 65) ]
TOTAL THIS MO. 1816 CLEAR (SCALE 0-3) 31
DPTR FM NORMAL 306 PTCLDY (SCALE 4-7) 0
TOTAL FM JUL 1 3772 CLOUDY (SCALE 8-10) 0
DPTR FM NORMAL 169
[CDD (BASE 65) ]
TOTAL THIS MO. 0
DPTR FM NORMAL 0 [PRESSURE DATA]
TOTAL FM JAN 1 526 HIGHEST SLP 30.79 ON 20
DPTR FM NORMAL 190 LOWEST SLP 28.30 ON 22
[REMARKS]
#FINAL-12-22#