000
CXUS55 KPSR 011005
CF6NYL
PRELIMINARY LOCAL CLIMATOLOGICAL DATA (WS FORM: F-6)
STATION: YUMA AZ
MONTH: NOVEMBER
YEAR: 2022
LATITUDE: 32 39 N
LONGITUDE: 114 37 W
TEMPERATURE IN F: :PCPN: SNOW: WIND :SUNSHINE: SKY :PK WND
================================================================================
1 2 3 4 5 6A 6B 7 8 9 10 11 12 13 14 15 16 17 18
12Z AVG MX 2MIN
DY MAX MIN AVG DEP HDD CDD WTR SNW DPTH SPD SPD DIR MIN PSBL S-S WX SPD DR
================================================================================
1 86 62 74 2 0 9 0.00 M M 9.3 18 170 M M 3 27 150
2 79 60 70 -2 0 5 0.00 M M 10.2 21 300 M M 2 28 300
3 67 55 61 -10 4 0 0.00 M M 13.2 26 260 M M 3 38 310
4 70 48 59 -12 6 0 0.00 M M 5.4 17 10 M M 1 24 30
5 74 48 61 -9 4 0 0.00 M M 1.8 7 160 M M 0 9 170
6 79 50 65 -5 0 0 0.00 M M 4.9 13 190 M M 0 19 210
7 80 56 68 -2 0 3 0.00 M M 3.9 10 300 M M 3 14 220
8 80 58 69 0 0 4 0.00 M M 9.1 21 190 M M 2 26 190
9 71 56 64 -5 1 0 0.00 M M 10.1 25 280 M M 4 34 280
10 72 52 62 -6 3 0 0.00 M M 9.8 18 360 M M 0 25 340
11 70 53 62 -6 3 0 0.00 M M 10.0 20 350 M M 0 29 350
12 70 44 57 -11 8 0 0.00 M M 3.8 10 350 M M 0 15 340
13 71 45 58 -9 7 0 0.00 M M 5.3 16 350 M M 0 22 290
14 70 45 58 -9 7 0 0.00 M M 5.5 16 10 M M 1 22 360
15 70 49 60 -6 5 0 0.00 M M 9.2 17 360 M M 1 24 340
16 69 54 62 -4 3 0 0.00 M M 13.8 25 10 M M 0 40 360
17 73 52 63 -2 2 0 0.00 M M 8.3 16 340 M M 2 22 360
18 72 45 59 -6 6 0 0.00 M M 6.3 15 340 M M 0 20 330
19 70 54 62 -3 3 0 0.00 M M 13.2 25 10 M M 0 36 10
20 73 56 65 1 0 0 0.00 M M 11.5 20 340 M M 0 27 350
21 74 47 61 -3 4 0 0.00 M M 8.4 14 30 M M 3 19 40
22 74 48 61 -2 4 0 0.00 M M 5.4 12 330 M M 2 17 20
23 75 43 59 -4 6 0 0.00 M M 5.3 15 350 M M 1 21 10
24 73 50 62 0 3 0 0.00 M M 12.1 22 350 M M 0 32 360
25 74 49 62 0 3 0 0.00 M M 6.1 14 30 M M 0 20 350
26 72 43 58 -4 7 0 0.00 M M 1.7 9 30 M M 0 13 20
27 74 46 60 -1 5 0 0.00 M M 3.9 12 30 M M 0 16 20
28 73 48 61 0 4 0 0.00 M M 6.0 15 160 M M 2 21 170
29 71 51 61 1 4 0 0.00 M M 4.7 13 300 M M 0 20 320
30 70 49 60 0 5 0 0.00 M M 4.3 13 30 M M 1 16 30
================================================================================
SM 2196 1516 107 21 0.00 M 222.5 M 31
================================================================================
AV 73.2 50.5 7.4 FASTST M M 1 MAX(MPH)
MISC ----> 26 260 40 360
================================================================================
NOTES:
# LAST OF SEVERAL OCCURRENCES
COLUMN 17 PEAK WIND IN M.P.H.
PRELIMINARY LOCAL CLIMATOLOGICAL DATA (WS FORM: F-6) , PAGE 2
STATION: YUMA AZ
MONTH: NOVEMBER
YEAR: 2022
LATITUDE: 32 39 N
LONGITUDE: 114 37 W
[TEMPERATURE DATA] [PRECIPITATION DATA] SYMBOLS USED IN COLUMN 16
AVERAGE MONTHLY: 61.9 TOTAL FOR MONTH: 0.00 1 = FOG OR MIST
DPTR FM NORMAL: -4.2 DPTR FM NORMAL: -0.23 2 = FOG REDUCING VISIBILITY
HIGHEST: 86 ON 1 GRTST 24HR 0.00 ON 1- 1 TO 1/4 MILE OR LESS
LOWEST: 43 ON 26,23 3 = THUNDER
SNOW, ICE PELLETS, HAIL 4 = ICE PELLETS
TOTAL MONTH: M 5 = HAIL
GRTST 24HR M ON M 6 = FREEZING RAIN OR DRIZZLE
GRTST DEPTH: M ON M 7 = DUSTSTORM OR SANDSTORM:
VSBY 1/2 MILE OR LESS
8 = SMOKE OR HAZE
[NO. OF DAYS WITH] [WEATHER - DAYS WITH] 9 = BLOWING SNOW
X = TORNADO
MAX 32 OR BELOW: 0 0.01 INCH OR MORE: 0
MAX 90 OR ABOVE: 0 0.10 INCH OR MORE: 0
MIN 32 OR BELOW: 0 0.50 INCH OR MORE: 0
MIN 0 OR BELOW: 0 1.00 INCH OR MORE: 0
[HDD (BASE 65) ]
TOTAL THIS MO. 107 CLEAR (SCALE 0-3) 27
DPTR FM NORMAL 43 PTCLDY (SCALE 4-7) 3
TOTAL FM JUL 1 107 CLOUDY (SCALE 8-10) 0
DPTR FM NORMAL 41
[CDD (BASE 65) ]
TOTAL THIS MO. 21
DPTR FM NORMAL -74 [PRESSURE DATA]
TOTAL FM JAN 1 4885 HIGHEST SLP 30.33 ON 25
DPTR FM NORMAL 183 LOWEST SLP 29.74 ON 28
[REMARKS]
#FINAL-11-22#