000
CXUS55 KPSR 011437
CLMNYL
CLIMATE REPORT
NATIONAL WEATHER SERVICE PHOENIX AZ
737 AM MST FRI SEP 01 2023
...................................
...THE YUMA AZ CLIMATE SUMMARY FOR THE MONTH OF AUGUST 2023...
CLIMATE NORMAL PERIOD 1991 TO 2020
CLIMATE RECORD PERIOD 1876 TO 2023
WEATHER OBSERVED NORMAL DEPART LAST YEAR`S
VALUE DATE(S) VALUE FROM VALUE
NORMAL
..............................................................
TEMPERATURE (F)
RECORD
HIGH 120 08/27/1981
LOW 58 08/30/1907
HIGHEST 118 08/28 114 4
LOWEST 73 08/20 74 -1
AVG. MAXIMUM 107.4 106.4 1.0
AVG. MINIMUM 83.2 83.2 -0.0
MEAN 95.3 94.8 0.5
DAYS MAX >= 90 31 30.9 0.1
DAYS MAX >= 100 27
DAYS MAX >= 110 13
DAYS MIN <= 32 0 0.0 0.0
DAYS MIN >= 90 2
PRECIPITATION (INCHES)
RECORD
MAXIMUM 6.25 1909
MINIMUM 0.00 2020
TOTALS MM 0.20 MM
DAYS >= .01 MM 1.4 MM
DAYS >= .10 MM 0.6 MM
DAYS >= .50 MM 0.1 MM
DAYS >= 1.00 MM 0.0 MM
GREATEST
24 HR. TOTAL MM
DEGREE DAYS
HEATING TOTAL 0 0 0
SINCE 7/1 0 0 0
COOLING TOTAL 947 924 23
SINCE 1/1 3310 3468 -158
..............................................................
WIND (MPH)
AVERAGE WIND SPEED 7.7
HIGHEST GUST SPEED/DIRECTION 69/140 DATE 08/20
AVERAGE RH (PERCENT) 39
WEATHER CONDITIONS. NUMBER OF DAYS WITH
THUNDERSTORM 3 HEAVY RAIN 0
RAIN 1 LIGHT RAIN 2
FOG W/VIS <= 1/4 MILE 0
- INDICATES NEGATIVE NUMBERS.
R INDICATES RECORD WAS SET OR TIED.
MM INDICATES DATA IS MISSING.
T INDICATES TRACE AMOUNT.
$$