000
CXUS53 KOAX 172221
CF6OAX
PRELIMINARY LOCAL CLIMATOLOGICAL DATA (WS FORM: F-6)
STATION: VALLEY NWS NE
MONTH: NOVEMBER
YEAR: 2022
LATITUDE: 41 19 N
LONGITUDE: 96 22 W
TEMPERATURE IN F: :PCPN: SNOW: WIND :SUNSHINE: SKY :PK WND
================================================================================
1 2 3 4 5 6A 6B 7 8 9 10 11 12 13 14 15 16 17 18
12Z AVG MX 2MIN
DY MAX MIN AVG DEP HDD CDD WTR SNW DPTH SPD SPD DIR MIN PSBL S-S WX SPD DR
================================================================================
1 79 41 60 13 5 0 0.00 0.0 0 M M M M M M 23 M
2 77 57 67 21 0 2 0.00 0.0 0 M M M M M M 41 M
3 74 42 58 12 7 0 0.00 0.0 0 M M M M M M 31 M
4 43 34 39 -6 26 0 0.40 0.0 0 M M M M M M 3 32 M
5 58 29 44 -1 21 0 0.00 0.0 0 M M M M M M 31 M
6 59 36 48 4 17 0 0.00 0.0 0 M M M M M M 24 M
7 54 31 43 -1 22 0 0.00 0.0 0 M M M M M M 23 M
8 62 43 53 9 12 0 T 0.0 0 M M M M M M 35 M
9 76 60 68 25 0 3 0.00 0.0 0 M M M M M M 37 M
10 69 24 47 4 18 0 0.06 0.0 0 M M M M M M 35 M
11 31 17 24 -18 41 0 0.00 0.0 0 M M M M M M 32 M
12 26 15 21 -21 44 0 T T 0 M M M M M M 28 M
13 37 11 24 -17 41 0 0.00 0.0 0 M M M M M M 1 26 M
14 34 25 30 -11 35 0 0.07 1.4 0 M M M M M M 18 M
15 39 21 30 -10 35 0 T T 1 M M M M M M 25 M
16 30 19 25 -15 40 0 T T T M M M M M M 31 M
17 35 17 26 -14 39 0 T T T M M M M M M 40 M
18 26 11 19 -20 46 0 T T 0 M M M M M M 32 M
19 31 19 25 -14 40 0 T T 0 M M M M M M 33 M
20 51 17 34 -4 31 0 0.00 0.0 0 M M M M M M 28 M
21 52 18 35 -3 30 0 0.00 0.0 0 M M M M M M 13 M
22 62 22 42 5 23 0 0.00 0.0 0 M M M M M M 17 M
23 56 25 41 4 24 0 0.00 0.0 0 M M M M M M 1 22 M
24 49 28 39 3 26 0 0.00 0.0 0 M M M M M M 1 30 M
25 54 21 38 2 27 0 0.00 0.0 0 M M M M M M 15 M
26 57 31 44 8 21 0 0.00 0.0 0 M M M M M M 33 M
27 44 23 34 -1 31 0 0.00 0.0 0 M M M M M M 31 M
28 56 25 41 6 24 0 0.00 0.0 0 M M M M M M 29 M
29 42 21 32 -2 33 0 0.01 0.1 0 M M M M M M 6 43 M
30 28 14 21 -13 44 0 0.00 0.0 T M M M M M M 23 M
================================================================================
SM 1491 797 803 5 0.54 1.5 M M M
================================================================================
AV 49.7 26.6 M FASTST M M M MAX(MPH)
MISC ----> M M 43 9999
================================================================================
NOTES:
# LAST OF SEVERAL OCCURRENCES
COLUMN 17 PEAK WIND IN M.P.H.
PRELIMINARY LOCAL CLIMATOLOGICAL DATA (WS FORM: F-6) , PAGE 2
STATION: VALLEY NWS NE
MONTH: NOVEMBER
YEAR: 2022
LATITUDE: 41 19 N
LONGITUDE: 96 22 W
[TEMPERATURE DATA] [PRECIPITATION DATA] SYMBOLS USED IN COLUMN 16
AVERAGE MONTHLY: 38.1 TOTAL FOR MONTH: 0.54 1 = FOG OR MIST
DPTR FM NORMAL: -2.1 DPTR FM NORMAL: -0.83 2 = FOG REDUCING VISIBILITY
HIGHEST: 79 ON 1 GRTST 24HR 0.40 ON 4- 4 TO 1/4 MILE OR LESS
LOWEST: 11 ON 18,13 3 = THUNDER
SNOW, ICE PELLETS, HAIL 4 = ICE PELLETS
TOTAL MONTH: 1.5 INCHES 5 = HAIL
GRTST 24HR 1.4 ON 14-14 6 = FREEZING RAIN OR DRIZZLE
GRTST DEPTH: 1 ON 15 7 = DUSTSTORM OR SANDSTORM:
VSBY 1/2 MILE OR LESS
8 = SMOKE OR HAZE
[NO. OF DAYS WITH] [WEATHER - DAYS WITH] 9 = BLOWING SNOW
X = TORNADO
MAX 32 OR BELOW: 6 0.01 INCH OR MORE: 4
MAX 90 OR ABOVE: 0 0.10 INCH OR MORE: 1
MIN 32 OR BELOW: 23 0.50 INCH OR MORE: 0
MIN 0 OR BELOW: 0 1.00 INCH OR MORE: 0
[HDD (BASE 65) ]
TOTAL THIS MO. 803 CLEAR (SCALE 0-3) 0
DPTR FM NORMAL 60 PTCLDY (SCALE 4-7) 0
TOTAL FM JUL 1 1160 CLOUDY (SCALE 8-10) 30
DPTR FM NORMAL -19
[CDD (BASE 65) ]
TOTAL THIS MO. 5
DPTR FM NORMAL 5 [PRESSURE DATA]
TOTAL FM JAN 1 1529 HIGHEST SLP M ON M
DPTR FM NORMAL 326 LOWEST SLP M ON M
[REMARKS]
#FINAL-11-22#