000
CXUS54 KMAF 040137
CF6ODO
PRELIMINARY LOCAL CLIMATOLOGICAL DATA (WS FORM: F-6)
STATION: ODESSA SCHLEYMEYER
MONTH: JULY
YEAR: 2021
LATITUDE: 31 55 N
LONGITUDE: 102 23 W
TEMPERATURE IN F: :PCPN: SNOW: WIND :SUNSHINE: SKY :PK WND
================================================================================
1 2 3 4 5 6A 6B 7 8 9 10 11 12 13 14 15 16 17 18
12Z AVG MX 2MIN
DY MAX MIN AVG DEP HDD CDD WTR SNW DPTH SPD SPD DIR MIN PSBL S-S WX SPD DR
================================================================================
1 87 70 79 -4 0 14 0.00 M M 9.2 16 160 M M 3 22 150
2 87 69 78 -5 0 13 T M M 9.8 22 340 M M 3 3 27 350
3 85 68 77 -6 0 12 0.14 M M 6.8 14 110 M M 6 1 17 110
4 90 71 81 -2 0 16 T M M 8.1 16 110 M M 1 20 110
5 87 69 78 -5 0 13 0.02 M M 8.1 21 110 M M 2 3 26 110
6 85 69 77 -6 0 12 0.00 M M 8.4 17 90 M M 4 1 24 70
7 86 69 78 -5 0 13 0.00 M M 6.7 22 20 M M 5 29 30
8 89 68 79 -4 0 14 0.00 M M 4.5 13 110 M M 0 17 100
9 88 68 78 -5 0 13 0.00 M M 7.5 14 110 M M 0 21 100
10 89 71 80 -3 0 15 0.00 M M 9.1 17 160 M M 4 22 140
11 86 68 77 -6 0 12 0.16 M M 8.3 24 30 M M 2 13 32 30
12 88 66 77 -6 0 12 M M M 6.8 12 70 M M 2 M M
13 90 66 78 -5 0 13 0.00 0.0 0 11.1 23 140 M M 1 28 140
14 91 67 79 -4 0 14 0.00 M M 14.9 22 200 M M 1 27 160
15 96 70 83 0 0 18 0.00 M M 13.9 23 170 M M 0 28 160
16 97 72 85 2 0 20 0.00 M M 11.2 20 170 M M 0 24 190
17 95 74 85 2 0 20 0.00 M M 11.6 18 120 M M 0 25 110
18 92 70 81 -3 0 16 0.00 M M 6.5 16 150 M M 2 22 170
19 91 71 81 -3 0 16 0.00 M M 7.3 16 70 M M 1 25 80
20 88 67 78 -6 0 13 0.00 M M 8.2 20 80 M M 1 25 80
21 88 61 75 -9 0 10 0.00 M M 8.6 14 120 M M 0 19 100
22 92 67 80 -4 0 15 0.00 M M 10.4 21 170 M M 2 26 180
23 97 71 84 0 0 19 0.00 M M 14.4 25 200 M M 2 30 210
24 99 75 87 3 0 22 0.00 M M 10.1 22 130 M M 1 3 27 130
25 98 75 87 3 0 22 T M M 7.7 22 90 M M 1 38 27 100
26 99 74 87 3 0 22 0.00 M M 10.3 21 150 M M 0 26 160
27 99 68 84 0 0 19 0.00 M M 6.4 15 120 M M 0 20 80
28 86 67 77 -7 0 12 0.24 M M 9.0 31 170 M M 3 13 40 140
29 92 66 79 -5 0 14 0.00 M M 7.7 18 130 M M 1 8 25 140
30 95 72 84 0 0 19 0.00 M M 7.8 17 120 M M 1 3 23 130
31 98 73 86 2 0 21 0.00 M M 8.1 17 190 M M 1 21 150
================================================================================
SM 2830 2152 0 484 0.56 0.0 278.5 M 50
================================================================================
AV 91.3 69.4 9.0 FASTST M M 2 MAX(MPH)
MISC ----> 31 170 40 140
================================================================================
NOTES:
# LAST OF SEVERAL OCCURRENCES
COLUMN 17 PEAK WIND IN M.P.H.
PRELIMINARY LOCAL CLIMATOLOGICAL DATA (WS FORM: F-6) , PAGE 2
STATION: ODESSA SCHLEYMEYER
MONTH: JULY
YEAR: 2021
LATITUDE: 31 55 N
LONGITUDE: 102 23 W
[TEMPERATURE DATA] [PRECIPITATION DATA] SYMBOLS USED IN COLUMN 16
AVERAGE MONTHLY: 80.4 TOTAL FOR MONTH: 0.56 1 = FOG OR MIST
DPTR FM NORMAL: -3.0 DPTR FM NORMAL: -0.97 2 = FOG REDUCING VISIBILITY
HIGHEST: 99 ON 27,26 GRTST 24HR 0.24 ON 28-28 TO 1/4 MILE OR LESS
LOWEST: 61 ON 21 3 = THUNDER
SNOW, ICE PELLETS, HAIL 4 = ICE PELLETS
TOTAL MONTH: 0.0 INCH 5 = HAIL
GRTST 24HR 0.0 6 = FREEZING RAIN OR DRIZZLE
GRTST DEPTH: 0 7 = DUSTSTORM OR SANDSTORM:
VSBY 1/2 MILE OR LESS
8 = SMOKE OR HAZE
[NO. OF DAYS WITH] [WEATHER - DAYS WITH] 9 = BLOWING SNOW
X = TORNADO
MAX 32 OR BELOW: 0 0.01 INCH OR MORE: 4
MAX 90 OR ABOVE: 17 0.10 INCH OR MORE: 3
MIN 32 OR BELOW: 0 0.50 INCH OR MORE: 0
MIN 0 OR BELOW: 0 1.00 INCH OR MORE: 0
[HDD (BASE 65) ]
TOTAL THIS MO. 0 CLEAR (SCALE 0-3) 27
DPTR FM NORMAL 0 PTCLDY (SCALE 4-7) 4
TOTAL FM JUL 1 0 CLOUDY (SCALE 8-10) 0
DPTR FM NORMAL 0
[CDD (BASE 65) ]
TOTAL THIS MO. 484
DPTR FM NORMAL -86 [PRESSURE DATA]
TOTAL FM JAN 1 1341 HIGHEST SLP 30.13 ON 28
DPTR FM NORMAL -170 LOWEST SLP 29.77 ON 16
[REMARKS]
#FINAL-07-21#