000
CXHW52 PHFO 011250
CF6OGG
PRELIMINARY LOCAL CLIMATOLOGICAL DATA (WS FORM: F-6)
STATION: KAHULUI HI
MONTH: APRIL
YEAR: 2021
LATITUDE: 20 53 N
LONGITUDE: 156 26 W
TEMPERATURE IN F: :PCPN: SNOW: WIND :SUNSHINE: SKY :PK WND
================================================================================
1 2 3 4 5 6A 6B 7 8 9 10 11 12 13 14 15 16 17 18
12Z AVG MX 2MIN
DY MAX MIN AVG DEP HDD CDD WTR SNW DPTH SPD SPD DIR MIN PSBL S-S WX SPD DR
================================================================================
1 82 68 75 1 0 10 T M M 13.0 24 30 M M 2 27 30
2 82 66 74 0 0 9 T M M 12.2 23 30 M M 2 27 30
3 83 67 75 1 0 10 0.01 M M 13.7 23 40 M M 5 1 28 50
4 78 68 73 -1 0 8 0.03 M M 16.6 28 40 M M 6 18 34 70
5 80 68 74 0 0 9 T M M 15.1 29 50 M M 7 36 50
6 80 66 73 -1 0 8 T M M 13.2 24 40 M M 6 33 40
7 81 63 72 -2 0 7 T M M 13.0 25 40 M M 4 31 30
8 80 66 73 -1 0 8 0.00 M M 14.3 25 40 M M 4 31 30
9 81 64 73 -1 0 8 0.00 M M 12.5 25 40 M M 4 31 40
10 81 64 73 -1 0 8 0.00 M M 7.8 14 360 M M 4 M M
11 80 61 71 -3 0 6 0.28 M M 5.4 13 10 M M 3 1 16 10
12 81 58 70 -4 0 5 T M M 9.0 17 50 M M 2 22 30
13 81 60 71 -3 0 6 0.00 M M 10.2 21 30 M M 3 25 10
14 81 62 72 -2 0 7 T M M 11.7 24 40 M M 2 28 40
15 81 65 73 -1 0 8 0.00 M M 10.4 20 30 M M 4 24 40
16 81 58 70 -4 0 5 0.00 M M 6.5 14 10 M M 2 19 20
17 80 61 71 -3 0 6 0.06 M M 8.4 17 30 M M 3 1 21 20
18 81 65 73 -1 0 8 0.04 M M 11.7 25 30 M M 4 1 31 40
19 88 59 74 0 0 9 0.00 M M 6.6 13 30 M M 1 17 190
20 85 65 75 1 0 10 0.00 M M 6.5 14 10 M M 3 20 320
21 86 66 76 2 0 11 0.00 M M 10.0 25 40 M M 2 29 50
22 86 64 75 1 0 10 0.00 M M 13.1 24 50 M M 2 33 70
23 84 63 74 0 0 9 0.00 M M 15.7 29 60 M M 2 40 70
24 85 70 78 4 0 13 T M M 17.5 30 70 M M 4 39 60
25 85 70 78 4 0 13 0.00 M M 17.5 29 70 M M 4 39 70
26 84 64 74 0 0 9 0.00 M M 5.1 17 40 M M 2 8 21 40
27 83 63 73 -1 0 8 0.00 M M 5.3 13 180 M M 3 17 340
28 84 62 73 -2 0 8 0.05 M M 5.8 14 20 M M 4 1 19 10
29 83 70 77 2 0 12 0.01 M M 11.7 18 30 M M 5 18 26 40
30 83 70 77 2 0 12 0.12 M M 14.8 26 40 M M 5 1 32 50
================================================================================
SM 2470 1936 0 260 0.60 M 334.3 M 104
================================================================================
AV 82.3 64.5 11.1 FASTST M M 3 MAX(MPH)
MISC ----> 30 70 40 70
================================================================================
NOTES:
# LAST OF SEVERAL OCCURRENCES
COLUMN 17 PEAK WIND IN M.P.H.
PRELIMINARY LOCAL CLIMATOLOGICAL DATA (WS FORM: F-6) , PAGE 2
STATION: KAHULUI HI
MONTH: APRIL
YEAR: 2021
LATITUDE: 20 53 N
LONGITUDE: 156 26 W
[TEMPERATURE DATA] [PRECIPITATION DATA] SYMBOLS USED IN COLUMN 16
AVERAGE MONTHLY: 73.4 TOTAL FOR MONTH: 0.60 1 = FOG OR MIST
DPTR FM NORMAL: -0.6 DPTR FM NORMAL: -0.95 2 = FOG REDUCING VISIBILITY
HIGHEST: 88 ON 19 GRTST 24HR 0.28 ON 11-11 TO 1/4 MILE OR LESS
LOWEST: 58 ON 16,12 3 = THUNDER
SNOW, ICE PELLETS, HAIL 4 = ICE PELLETS
TOTAL MONTH: M 5 = HAIL
GRTST 24HR M ON M 6 = FREEZING RAIN OR DRIZZLE
GRTST DEPTH: M ON M 7 = DUSTSTORM OR SANDSTORM:
VSBY 1/2 MILE OR LESS
8 = SMOKE OR HAZE
[NO. OF DAYS WITH] [WEATHER - DAYS WITH] 9 = BLOWING SNOW
X = TORNADO
MAX 32 OR BELOW: 0 0.01 INCH OR MORE: 8
MAX 90 OR ABOVE: 0 0.10 INCH OR MORE: 2
MIN 32 OR BELOW: 0 0.50 INCH OR MORE: 0
MIN 0 OR BELOW: 0 1.00 INCH OR MORE: 0
[HDD (BASE 65) ]
TOTAL THIS MO. 0 CLEAR (SCALE 0-3) 13
DPTR FM NORMAL 0 PTCLDY (SCALE 4-7) 17
TOTAL FM JUL 1 0 CLOUDY (SCALE 8-10) 0
DPTR FM NORMAL 0
[CDD (BASE 65) ]
TOTAL THIS MO. 260
DPTR FM NORMAL -12 [PRESSURE DATA]
TOTAL FM JAN 1 1059 HIGHEST SLP 30.16 ON 5
DPTR FM NORMAL 133 LOWEST SLP 29.89 ON 11
[REMARKS]
#FINAL-04-21#