000
CXUS53 KEAX 022154 RRA
CLAOJC
CLIMATE REPORT
NATIONAL WEATHER SERVICE
350 PM CST SUN JAN 02 2022
...................................
...THE JOHNSON COUNTY EXECUTIVE KS CLIMATE SUMMARY FOR THE YEAR OF 2021...
CLIMATE NORMAL PERIOD: 1991 TO 2020
CLIMATE RECORD PERIOD: 9999 TO 9999
WEATHER OBSERVED NORMAL DEPART LAST YEAR`S
VALUE DATE(S) VALUE FROM VALUE
NORMAL
..............................................................
TEMPERATURE (F)
HIGHEST 99 06/17 98 1
LOWEST -13R 02/16 2 -15
AVG. MAXIMUM 66.3 64.5 1.8
AVG. MINIMUM 47.4 45.7 1.7
MEAN 56.8 55.1 1.7
DAYS MAX >= 90 36 33.2 2.8
DAYS MAX <= 32 19 24.2 -5.2
DAYS MIN <= 32 84 101.0 -17.0
DAYS MIN <= 0 4 2.4 1.6
PRECIPITATION (INCHES)
TOTALS 39.70 37.74 1.96
DAILY AVG. 0.11 0.10 0.01
DAYS >= .01 88 100.5 -12.5
DAYS >= .10 63 59.1 3.9
DAYS >= .50 30 24.3 5.7
DAYS >= 1.00 12 11.0 1.0
GREATEST
24 HR. TOTAL 4.78
DEGREE DAYS
HEATING TOTAL 4405 4926 -521
COOLING TOTAL 1592 1351 241
..............................................................
WIND (MPH)
AVERAGE WIND SPEED 8.3
HIGHEST WIND SPEED/DIRECTION 41/230 DATE 12/15
HIGHEST GUST SPEED/DIRECTION 72/190 DATE 12/15
SKY COVER
POSSIBLE SUNSHINE (PERCENT) MM
AVERAGE SKY COVER 0.34
NUMBER OF DAYS FAIR 216
NUMBER OF DAYS PC 91
NUMBER OF DAYS CLOUDY 58
AVERAGE RH (PERCENT) 67
WEATHER CONDITIONS. NUMBER OF DAYS WITH
THUNDERSTORM 43 MIXED PRECIP 0
HEAVY RAIN 41 RAIN 49
LIGHT RAIN 95 FREEZING RAIN 1
LT FREEZING RAIN 2 HAIL 1
HEAVY SNOW 0 SNOW 6
LIGHT SNOW 18 SLEET 0
FOG 134 FOG W/VIS <= 1/4 MILE 13
HAZE 45
- INDICATES NEGATIVE NUMBERS.
R INDICATES RECORD WAS SET OR TIED.
MM INDICATES DATA IS MISSING.
T INDICATES TRACE AMOUNT.
$$