000
CXUS53 KEAX 010757
CLAOJC
CLIMATE REPORT
NATIONAL WEATHER SERVICE
146 AM CST WED JAN 01 2020
...................................
...THE JOHNSON COUNTY EXECUTIVE KS CLIMATE SUMMARY FOR THE YEAR OF
2019...
CLIMATE NORMAL PERIOD: 1981 TO 2010
CLIMATE RECORD PERIOD: 9999 TO 9999
WEATHER OBSERVED NORMAL DEPART LAST YEAR`S
VALUE DATE(S) VALUE FROM VALUE
NORMAL
..............................................................
TEMPERATURE (F)
HIGHEST 95 07/20 98 -3
LOWEST -5 01/30 2 -7
AVG. MAXIMUM 63.1 64.8 -1.7
AVG. MINIMUM 44.8 45.5 -0.7
MEAN 54.0 55.2 -1.2
DAYS MAX >= 90 19 33.2 -14.2
DAYS MAX <= 32 33 22.5 10.5
DAYS MIN <= 32 117 98.5 18.5
DAYS MIN <= 0 2 3.1 -1.1
PRECIPITATION (INCHES)
TOTALS 49.76 40.04 9.72
DAILY AVG. 0.14 0.11 0.03
DAYS >= .01 103 100.3 2.7
DAYS >= .10 72 65.0 7.0
DAYS >= .50 31 25.7 5.3
DAYS >= 1.00 17 11.4 5.6
GREATEST
24 HR. TOTAL 2.99
DEGREE DAYS
HEATING TOTAL 5287 4935 352
COOLING TOTAL 1382 1348 34
..............................................................
WIND (MPH)
AVERAGE WIND SPEED 8.5
HIGHEST WIND SPEED/DIRECTION 39/320 DATE 01/28
HIGHEST GUST SPEED/DIRECTION 56/210 DATE 08/18
SKY COVER
POSSIBLE SUNSHINE (PERCENT) MM
AVERAGE SKY COVER 0.37
NUMBER OF DAYS FAIR 201
NUMBER OF DAYS PC 99
NUMBER OF DAYS CLOUDY 65
AVERAGE RH (PERCENT) 74
WEATHER CONDITIONS. NUMBER OF DAYS WITH
THUNDERSTORM 72 MIXED PRECIP 0
HEAVY RAIN 48 RAIN 58
LIGHT RAIN 108 FREEZING RAIN 2
LT FREEZING RAIN 8 HAIL 1
HEAVY SNOW 5 SNOW 6
LIGHT SNOW 27 SLEET 0
FOG 158 FOG W/VIS <= 1/4 MILE 26
HAZE 37
- INDICATES NEGATIVE NUMBERS.
R INDICATES RECORD WAS SET OR TIED.
MM INDICATES DATA IS MISSING.
T INDICATES TRACE AMOUNT.
$$