000
CXUS56 KSGX 020817
CLMOKB
CLIMATE REPORT
NATIONAL WEATHER SERVICE SAN DIEGO, CA
117 AM PDT THU NOV 02 2023
...................................
...THE OCEANSIDE AIRPORT CA CLIMATE SUMMARY FOR THE MONTH OF OCTOBER 2023...
CLIMATE NORMAL PERIOD: 1991 TO 2020
CLIMATE RECORD PERIOD: 1999 TO 2023
WEATHER OBSERVED NORMAL DEPART LAST YEAR`S
VALUE DATE(S) VALUE FROM VALUE DATE(S)
NORMAL
................................................................
TEMPERATURE (F)
RECORD
HIGH 106 10/24/2017
LOW 34 10/29/2009
HIGHEST 88 10/30 MM MM 97 10/19
LOWEST 38 10/31 MM MM 42 10/25
AVG. MAXIMUM 76.8 75.0 1.8 76.0
AVG. MINIMUM 52.8 52.6 0.2 58.4
MEAN 64.8 63.8 1.0 67.2
DAYS MAX >= 90 0 1.7 -1.7 1
DAYS MAX <= 32 0 0.0 0.0 0
DAYS MAX >= 45 31 31
DAYS MIN <= 32 0 0.0 0.0 0
PRECIPITATION (INCHES)
RECORD
MAXIMUM 5.69 2004
MINIMUM MM MM
TOTALS 0.02 0.64 -0.62 0.06
DAILY AVG. 0.00 0.02 -0.02 0.01
DAYS >= .01 1 4.7 -3.7 1
DAYS >= .10 0 1.2 -1.2 0
DAYS >= .50 0 0.4 -0.4 0
DAYS >= 1.00 0 0.1 -0.1 0
DAYS >= %-5.2F 0 0
DAYS >= %-5.2F 0 0
GREATEST
24 HR. TOTAL 0.10 09/30 TO 09/30 0.06 10/22 TO 10/23
10/11 TO 10/11
10/22 TO 10/22
STORM TOTAL 0.02 0.06
(MM/DD(HH)) MM
DEGREE DAYS
HEATING TOTAL 27 75 -48 39
SINCE 7/1 27 89 -62 MM
COOLING TOTAL 29 38 -9 115
SINCE 1/1 570 504 66 MM
FREEZE DATES
RECORD
EARLIEST MM
LATEST MM
EARLIEST 12/26
LATEST 01/23
................................................................
WIND (MPH)
AVERAGE WIND SPEED 4.2
RESULTANT WIND SPEED/DIRECTION 2/250
HIGHEST WIND SPEED/DIRECTION 20/260 DATE 10/09
HIGHEST GUST SPEED/DIRECTION 27/050 DATE 10/29
SKY COVER
POSSIBLE SUNSHINE (PERCENT) MM
AVERAGE SKY COVER 0.33
NUMBER OF DAYS FAIR 19
NUMBER OF DAYS PC 10
NUMBER OF DAYS CLOUDY 2
AVERAGE RH (PERCENT) 81
WEATHER CONDITIONS. NUMBER OF DAYS WITH
THUNDERSTORM 0 MIXED PRECIP 0
HEAVY RAIN 0 RAIN 0
LIGHT RAIN 2 FREEZING RAIN 0
LT FREEZING RAIN 0 HAIL 0
HEAVY SNOW 0 SNOW 0
LIGHT SNOW 0 SLEET 0
FOG 0 FOG W/VIS <= 1/4 MILE 0
HAZE 0
- INDICATES NEGATIVE NUMBERS.
R INDICATES RECORD WAS SET OR TIED.
MM INDICATES DATA IS MISSING.
T INDICATES TRACE AMOUNT.
$$