000
CXUS54 KOUN 010810
CF6OKC
PRELIMINARY LOCAL CLIMATOLOGICAL DATA (WS FORM: F-6)
STATION: OKLAHOMA CITY
MONTH: MAY
YEAR: 2021
LATITUDE: 35 24 N
LONGITUDE: 97 36 W
TEMPERATURE IN F: :PCPN: SNOW: WIND :SUNSHINE: SKY :PK WND
================================================================================
1 2 3 4 5 6A 6B 7 8 9 10 11 12 13 14 15 16 17 18
12Z AVG MX 2MIN
DY MAX MIN AVG DEP HDD CDD WTR SNW DPTH SPD SPD DIR MIN PSBL S-S WX SPD DR
================================================================================
1 73 52 63 0 2 0 T 0.0 0 9.1 20 170 M M 8 1 24 180
2 76 60 68 4 0 3 0.00 0.0 0 11.3 18 160 M M 7 1 22 150
3 76 61 69 5 0 4 T 0.0 0 14.9 30 350 M M 9 1 36 350
4 66 47 57 -7 8 0 0.27 0.0 0 14.1 29 340 M M 6 3 34 340
5 73 46 60 -5 5 0 0.02 0.0 0 5.1 16 190 M M 3 20 190
6 76 55 66 1 0 1 T 0.0 0 9.3 22 330 M M 4 26 340
7 80 53 67 2 0 2 T 0.0 0 13.2 25 170 M M 4 32 150
8 83 62 73 7 0 8 0.00 0.0 0 20.6 33 190 M M 6 42 190
9 76 52 64 -2 1 0 0.00 0.0 0 19.5 32 350 M M 6 41 350
10 66 50 58 -8 7 0 0.00 0.0 0 13.6 22 30 M M 9 27 50
11 57 50 54 -13 11 0 0.84 0.0 0 15.0 23 50 M M 10 13 27 30
12 66 49 58 -9 7 0 0.00 0.0 0 9.2 16 40 M M 8 19 40
13 72 47 60 -7 5 0 0.00 0.0 0 4.3 9 180 M M 3 13 120
14 74 48 61 -7 4 0 0.00 0.0 0 13.9 25 150 M M 5 33 170
15 78 58 68 0 0 3 0.00 0.0 0 13.4 24 180 M M 8 29 180
16 68 60 64 -4 1 0 0.87 0.0 0 8.1 16 170 M M 8 13 21 170
17 77 60 69 0 0 4 0.00 0.0 0 4.3 12 160 M M 9 1 17 80
18 73 60 67 -2 0 2 0.00 0.0 0 9.2 17 180 M M 8 22 160
19 76 59 68 -1 0 3 0.62 0.0 0 9.4 16 110 M M 8 13 22 130
20 74 63 69 -1 0 4 0.00 0.0 0 8.8 17 150 M M 8 24 150
21 81 66 74 4 0 9 0.02 0.0 0 13.3 21 120 M M 10 1 26 130
22 79 67 73 3 0 8 0.07 0.0 0 12.5 18 160 M M 10 1 24 180
23 72 61 67 -4 0 2 0.06 0.0 0 10.4 18 160 M M 10 1 25 150
24 70 62 66 -5 0 1 0.03 0.0 0 10.9 23 160 M M 9 1 29 150
25 79 62 71 0 0 6 0.00 0.0 0 8.6 18 160 M M 8 8 22 160
26 87 61 74 2 0 9 0.00 0.0 0 10.5 21 150 M M 9 12 26 150
27 87 65 76 4 0 11 1.50 0.0 0 12.8 28 30 M M 9 123 34 30
28 74 58 66 -6 0 1 0.00 0.0 0 10.4 21 10 M M 6 26 10
29 74 54 64 -8 1 0 0.00 0.0 0 10.9 16 90 M M 4 21 90
30 76 55 66 -7 0 1 0.00 0.0 0 10.2 18 120 M M 9 22 120
31 63 57 60 -13 5 0 1.35 0.0 0 13.0 22 130 M M 10 13 28 120
================================================================================
SM 2302 1760 57 82 5.65 0.0 349.8 M 231
================================================================================
AV 74.3 56.8 11.3 FASTST M M 7 MAX(MPH)
MISC ----> 33 190 42 190
================================================================================
NOTES:
# LAST OF SEVERAL OCCURRENCES
COLUMN 17 PEAK WIND IN M.P.H.
PRELIMINARY LOCAL CLIMATOLOGICAL DATA (WS FORM: F-6) , PAGE 2
STATION: OKLAHOMA CITY
MONTH: MAY
YEAR: 2021
LATITUDE: 35 24 N
LONGITUDE: 97 36 W
[TEMPERATURE DATA] [PRECIPITATION DATA] SYMBOLS USED IN COLUMN 16
AVERAGE MONTHLY: 65.5 TOTAL FOR MONTH: 5.65 1 = FOG OR MIST
DPTR FM NORMAL: -2.7 DPTR FM NORMAL: 0.34 2 = FOG REDUCING VISIBILITY
HIGHEST: 87 ON 27,26 GRTST 24HR 1.50 ON 27-27 TO 1/4 MILE OR LESS
LOWEST: 46 ON 5 3 = THUNDER
SNOW, ICE PELLETS, HAIL 4 = ICE PELLETS
TOTAL MONTH: 0.0 INCH 5 = HAIL
GRTST 24HR 0.0 6 = FREEZING RAIN OR DRIZZLE
GRTST DEPTH: 0 7 = DUSTSTORM OR SANDSTORM:
VSBY 1/2 MILE OR LESS
8 = SMOKE OR HAZE
[NO. OF DAYS WITH] [WEATHER - DAYS WITH] 9 = BLOWING SNOW
X = TORNADO
MAX 32 OR BELOW: 0 0.01 INCH OR MORE: 11
MAX 90 OR ABOVE: 0 0.10 INCH OR MORE: 6
MIN 32 OR BELOW: 0 0.50 INCH OR MORE: 5
MIN 0 OR BELOW: 0 1.00 INCH OR MORE: 2
[HDD (BASE 65) ]
TOTAL THIS MO. 57 CLEAR (SCALE 0-3) 2
DPTR FM NORMAL 7 PTCLDY (SCALE 4-7) 15
TOTAL FM JUL 1 3760 CLOUDY (SCALE 8-10) 14
DPTR FM NORMAL 146
[CDD (BASE 65) ]
TOTAL THIS MO. 82
DPTR FM NORMAL -69 [PRESSURE DATA]
TOTAL FM JAN 1 107 HIGHEST SLP M ON M
DPTR FM NORMAL -89 LOWEST SLP 29.43 ON 3
[REMARKS]
#FINAL-05-21#