888
CXUS55 KSEW 010930
CF6OLM
PRELIMINARY LOCAL CLIMATOLOGICAL DATA (WS FORM: F-6)
STATION: OLYMPIA WA AIRPORT
MONTH: AUGUST
YEAR: 2020
LATITUDE: 46 58 N
LONGITUDE: 122 54 W
TEMPERATURE IN F: :PCPN: SNOW: WIND :SUNSHINE: SKY :PK WND
================================================================================
1 2 3 4 5 6A 6B 7 8 9 10 11 12 13 14 15 16 17 18
12Z AVG MX 2MIN
DY MAX MIN AVG DEP HDD CDD WTR SNW DPTH SPD SPD DIR MIN PSBL S-S WX SPD DR
================================================================================
1 79 51 65 0 0 0 0.00 0.0 0 3.2 12 320 M M 5 15 320
2 81 49 65 0 0 0 0.00 0.0 0 4.6 15 260 M M 1 12 23 240
3 81 56 69 4 0 4 T 0.0 0 4.3 12 200 M M 5 17 300
4 85 51 68 3 0 3 0.00 0.0 0 4.3 12 350 M M 1 12 16 20
5 81 53 67 2 0 2 0.00 0.0 0 6.0 15 230 M M 0 20 250
6 71 55 63 -2 2 0 0.03 0.0 0 9.7 17 250 M M 8 1 25 280
7 75 49 62 -3 3 0 0.00 0.0 0 4.3 12 210 M M 6 1 16 270
8 74 52 63 -2 2 0 0.00 0.0 0 4.6 10 10 M M 7 14 340
9 79 44 62 -3 3 0 0.00 0.0 0 4.2 14 340 M M 0 1 26 30
10 85 48 67 2 0 2 0.00 0.0 0 4.0 13 340 M M 0 16 340
11 75 48 62 -3 3 0 0.00 0.0 0 9.2 17 230 M M 2 24 220
12 73 50 62 -3 3 0 0.00 0.0 0 5.2 13 220 M M 5 19 230
13 77 42 60 -4 5 0 0.00 0.0 0 2.7 10 320 M M 0 13 340
14 83 44 64 0 1 0 0.00 0.0 0 5.1 14 20 M M 0 1 18 350
15 89 54 72 8 0 7 0.00 0.0 0 7.7 17 60 M M 0 24 40
16 99 55 77 13 0 12 0.00 0.0 0 2.8 13 240 M M 0 18 240
17 90 61 76 12 0 11 0.00 0.0 0 4.3 12 20 M M 0 16 250
18 80 57 69 5 0 4 0.00 0.0 0 4.8 14 200 M M 2 18 210
19 85 52 69 5 0 4 0.00 0.0 0 4.5 14 240 M M 2 128 18 240
20 79 60 70 6 0 5 0.09 0.0 0 6.7 14 180 M M 7 1 18 180
21 68 59 64 0 1 0 0.24 0.0 0 7.0 15 180 M M 8 1 19 180
22 75 50 63 -1 2 0 0.00 0.0 0 4.9 13 360 M M 5 1 17 50
23 79 43 61 -3 4 0 0.00 0.0 0 3.9 12 30 M M 0 16 50
24 78 47 63 0 2 0 0.00 0.0 0 3.3 12 20 M M 1 15 20
25 78 45 62 -1 3 0 0.00 0.0 0 2.7 13 310 M M 2 12 17 310
26 80 47 64 1 1 0 0.00 0.0 0 3.4 12 360 M M 3 128 15 360
27 81 46 64 1 1 0 0.00 0.0 0 3.0 10 20 M M 1 12 14 40
28 81 50 66 3 0 1 0.00 0.0 0 2.0 10 310 M M 3 12 14 330
29 75 49 62 -1 3 0 0.00 0.0 0 6.0 16 210 M M 5 1 22 230
30 75 42 59 -4 6 0 0.00 0.0 0 5.5 15 220 M M 5 20 230
31 72 52 62 0 3 0 0.01 0.0 0 3.6 12 180 M M 6 18 17 360
================================================================================
SM 2463 1561 48 55 0.37 0.0 147.5 M 90
================================================================================
AV 79.5 50.4 4.8 FASTST M M 3 MAX(MPH)
MISC ----> # 17 250 # 26 30
================================================================================
NOTES:
# LAST OF SEVERAL OCCURRENCES
COLUMN 17 PEAK WIND IN M.P.H.
PRELIMINARY LOCAL CLIMATOLOGICAL DATA (WS FORM: F-6) , PAGE 2
STATION: OLYMPIA WA AIRPORT
MONTH: AUGUST
YEAR: 2020
LATITUDE: 46 58 N
LONGITUDE: 122 54 W
[TEMPERATURE DATA] [PRECIPITATION DATA] SYMBOLS USED IN COLUMN 16
AVERAGE MONTHLY: 64.9 TOTAL FOR MONTH: 0.37 1 = FOG OR MIST
DPTR FM NORMAL: 0.8 DPTR FM NORMAL: -0.57 2 = FOG REDUCING VISIBILITY
HIGHEST: 99 ON 16 GRTST 24HR 0.24 ON 21-21 TO 1/4 MILE OR LESS
LOWEST: 42 ON 30,13 3 = THUNDER
SNOW, ICE PELLETS, HAIL 4 = ICE PELLETS
TOTAL MONTH: 0.0 INCH 5 = HAIL
GRTST 24HR 0.0 6 = FREEZING RAIN OR DRIZZLE
GRTST DEPTH: 0 7 = DUSTSTORM OR SANDSTORM:
VSBY 1/2 MILE OR LESS
8 = SMOKE OR HAZE
[NO. OF DAYS WITH] [WEATHER - DAYS WITH] 9 = BLOWING SNOW
X = TORNADO
MAX 32 OR BELOW: 0 0.01 INCH OR MORE: 4
MAX 90 OR ABOVE: 2 0.10 INCH OR MORE: 1
MIN 32 OR BELOW: 0 0.50 INCH OR MORE: 0
MIN 0 OR BELOW: 0 1.00 INCH OR MORE: 0
[HDD (BASE 65) ]
TOTAL THIS MO. 48 CLEAR (SCALE 0-3) 19
DPTR FM NORMAL -22 PTCLDY (SCALE 4-7) 11
TOTAL FM JUL 1 132 CLOUDY (SCALE 8-10) 1
DPTR FM NORMAL -18
[CDD (BASE 65) ]
TOTAL THIS MO. 55
DPTR FM NORMAL 13 [PRESSURE DATA]
TOTAL FM JAN 1 125 HIGHEST SLP M ON M
DPTR FM NORMAL 26 LOWEST SLP 29.78 ON M
[REMARKS]
#FINAL-08-20#