000
CXUS56 KOTX 011010
CF6OMK
PRELIMINARY LOCAL CLIMATOLOGICAL DATA (WS FORM: F-6)
STATION: OMAK WA AIRPORT
MONTH: JANUARY
YEAR: 2021
LATITUDE: 48 27 N
LONGITUDE: 119 31 W
TEMPERATURE IN F: :PCPN: SNOW: WIND :SUNSHINE: SKY :PK WND
================================================================================
1 2 3 4 5 6A 6B 7 8 9 10 11 12 13 14 15 16 17 18
12Z AVG MX 2MIN
DY MAX MIN AVG DEP HDD CDD WTR SNW DPTH SPD SPD DIR MIN PSBL S-S WX SPD DR
================================================================================
1 36 32 34 10 31 0 0.20 M M 4.3 12 150 M M 10 1 14 150
2 45 35 40 16 25 0 T M M 12.4 26 160 M M 10 32 170
3 48 30 39 14 26 0 T M M 6.7 16 190 M M 2 20 160
4 35 33 34 9 31 0 0.75 M M 2.8 10 220 M M 9 12 13 220
5 38 33 36 11 29 0 0.06 M M 5.5 18 200 M M 10 1 34 160
6 40 34 37 12 28 0 0.03 M M 3.3 12 210 M M 9 1 15 210
7 37 25 31 6 34 0 0.00 M M 1.7 9 350 M M 8 12 10 360
8 38 30 34 9 31 0 0.00 M M 1.1 6 300 M M 9 12 6 320
9 35 33 34 8 31 0 T M M 2.7 6 160 M M 10 12 8 160
10 37 33 35 9 30 0 0.02 M M 3.3 8 180 M M 10 1 11 150
11 39 33 36 10 29 0 0.31 M M 5.4 10 190 M M 10 1 14 200
12 38 33 36 10 29 0 0.60 M M 4.3 14 170 M M 10 12 17 160
13 50 28 39 13 26 0 0.02 M M 9.9 29 240 M M 2 40 250
14 39 25 32 6 33 0 0.00 M M 3.0 10 20 M M 3 13 360
15 39 22 31 4 34 0 0.00 M M 2.7 8 160 M M 3 10 170
16 35 21 28 1 37 0 0.00 M M 2.3 10 170 M M 5 13 150
17 40 25 33 6 32 0 0.00 M M 3.0 12 360 M M 6 14 360
18 50 21 36 9 29 0 0.00 M M 5.5 15 330 M M 1 21 30
19 38 25 32 5 33 0 0.00 M M 7.0 17 200 M M 3 21 160
20 37 27 32 4 33 0 0.00 M M 4.1 8 330 M M 5 M M
21 41 27 34 6 31 0 0.00 M M 12.3 21 10 M M 4 M M
22 35 24 30 2 35 0 0.00 M M 15.3 22 340 M M 0 27 360
23 33 20 27 -1 38 0 0.00 M M 9.1 18 360 M M 2 22 360
24 31 25 28 0 37 0 0.02 M M 1.2 7 360 M M 10 18 8 360
25 32 23 28 0 37 0 0.01 M M 0.6 6 290 M M 10 1 6 290
26 32 27 30 2 35 0 T M M 0.9 7 330 M M 10 1 49 30
27 34 28 31 2 34 0 0.37 M M 2.6 9 350 M M 10 12 11 350
28 35 33 34 5 31 0 0.03 M M 6.7 12 350 M M 10 1 20 80
29 37 33 35 6 30 0 0.00 M M 4.7 12 350 M M 10 1 14 350
30 36 33 35 6 30 0 0.15 M M 1.1 7 280 M M 10 1 7 280
31 38 33 36 7 29 0 0.43 M M 3.2 9 290 M M 10 12 10 290
================================================================================
SM 1178 884 978 0 3.00 M 148.7 M 221
================================================================================
AV 38.0 28.5 4.8 FASTST M M 7 MAX(MPH)
MISC ----> 29 240 49 30
================================================================================
NOTES:
# LAST OF SEVERAL OCCURRENCES
COLUMN 17 PEAK WIND IN M.P.H.
PRELIMINARY LOCAL CLIMATOLOGICAL DATA (WS FORM: F-6) , PAGE 2
STATION: OMAK WA AIRPORT
MONTH: JANUARY
YEAR: 2021
LATITUDE: 48 27 N
LONGITUDE: 119 31 W
[TEMPERATURE DATA] [PRECIPITATION DATA] SYMBOLS USED IN COLUMN 16
AVERAGE MONTHLY: 33.3 TOTAL FOR MONTH: 3.00 1 = FOG OR MIST
DPTR FM NORMAL: 6.5 DPTR FM NORMAL: 1.11 2 = FOG REDUCING VISIBILITY
HIGHEST: 50 ON 18,13 GRTST 24HR 0.75 ON 4- 4 TO 1/4 MILE OR LESS
LOWEST: 20 ON 23 3 = THUNDER
SNOW, ICE PELLETS, HAIL 4 = ICE PELLETS
TOTAL MONTH: M 5 = HAIL
GRTST 24HR M ON M 6 = FREEZING RAIN OR DRIZZLE
GRTST DEPTH: M ON M 7 = DUSTSTORM OR SANDSTORM:
VSBY 1/2 MILE OR LESS
8 = SMOKE OR HAZE
[NO. OF DAYS WITH] [WEATHER - DAYS WITH] 9 = BLOWING SNOW
X = TORNADO
MAX 32 OR BELOW: 3 0.01 INCH OR MORE: 14
MAX 90 OR ABOVE: 0 0.10 INCH OR MORE: 7
MIN 32 OR BELOW: 19 0.50 INCH OR MORE: 2
MIN 0 OR BELOW: 0 1.00 INCH OR MORE: 0
[HDD (BASE 65) ]
TOTAL THIS MO. 978 CLEAR (SCALE 0-3) 7
DPTR FM NORMAL -206 PTCLDY (SCALE 4-7) 6
TOTAL FM JUL 1 3409 CLOUDY (SCALE 8-10) 18
DPTR FM NORMAL -523
[CDD (BASE 65) ]
TOTAL THIS MO. 0
DPTR FM NORMAL 0 [PRESSURE DATA]
TOTAL FM JAN 1 0 HIGHEST SLP M ON M
DPTR FM NORMAL 0 LOWEST SLP 29.43 ON 13
[REMARKS]
#FINAL-01-21#