000
CXUS53 KARX 010930
CF6ONA
PRELIMINARY LOCAL CLIMATOLOGICAL DATA (WS FORM: F-6)
STATION: WINONA_MUNI_(AWOS) MN
MONTH: JULY
YEAR: 2020
LATITUDE: 44 4 N
LONGITUDE: 91 42 W
TEMPERATURE IN F: :PCPN: SNOW: WIND :SUNSHINE: SKY :PK WND
================================================================================
1 2 3 4 5 6A 6B 7 8 9 10 11 12 13 14 15 16 17 18
12Z AVG MX 2MIN
DY MAX MIN AVG DEP HDD CDD WTR SNW DPTH SPD SPD DIR MIN PSBL S-S WX SPD DR
================================================================================
1 86 72 79 M 0 14 0.00 0.0 0 2.3 15 60 M M 2 30 60
2 86 68 77 M 0 12 0.00 0.0 0 1.6 7 100 M M 0 1 M M
3 88 63 76 M 0 11 0.00 0.0 0 0.9 8 150 M M 1 3 M M
4 88 68 78 M 0 13 0.00 0.0 0 1.8 8 140 M M 2 1 M M
5 90 70 80 M 0 15 0.00 0.0 0 1.4 6 290 M M 1 1 M M
6 90 70 80 M 0 15 M 0.0 0 3.4 9 290 M M 2 M M
7 86 68 77 M 0 12 M 0.0 0 3.5 9 130 M M 2 M M
8 91 68 80 M 0 15 0.00 0.0 0 3.6 13 140 M M 0 M M
9 81 66 74 M 0 9 M 0.0 0 3.5 12 20 M M 6 3 22 20
10 82 64 73 M 0 8 0.00 0.0 0 4.3 12 310 M M 1 1 16 310
11 66 63 65 M 0 0 M 0.0 M 0.0 M M M M 1 M M
12 81 M M M M M 0.00 0.0 M 2.0 7 50 M M 3 M M
13 82 61 72 M 0 7 0.00 0.0 0 2.8 9 160 M M 2 16 160
14 82 63 73 M 0 8 M 0.0 0 5.1 15 320 M M 8 3 21 320
15 70 55 63 M 2 0 0.00 0.0 0 1.4 6 130 M M 5 1 M M
16 81 54 68 M 0 3 0.00 0.0 0 1.4 6 160 M M 3 12 M M
17 86 66 76 M 0 11 0.00 0.0 0 3.3 7 210 M M 3 M M
18 90 70 80 M 0 15 M 0.0 0 5.0 9 230 M M 4 18 220
19 82 64 73 M 0 8 M 0.0 0 10.2 16 290 M M 2 3 28 320
20 81 59 70 M 0 5 0.00 0.0 0 1.5 6 70 M M 1 M M
21 77 63 70 M 0 5 M M 0 3.1 6 120 M M 6 M M
22 70 57 64 M 1 0 0.00 0.0 0 5.7 14 330 M M 7 17 310
23 79 55 67 M 0 2 0.00 0.0 0 2.0 7 110 M M 4 12 M M
24 88 63 76 M 0 11 0.00 0.0 0 3.5 8 160 M M 1 M M
25 88 73 81 M 0 16 M 0.0 0 2.7 9 210 M M 3 M M
26 82 72 77 M 0 12 M 0.0 0 3.2 9 310 M M 6 16 310
27 84 61 73 M 0 8 0.00 0.0 0 6.8 12 310 M M 1 18 300
28 86 63 75 M 0 10 M 0.0 0 3.3 10 260 M M 4 17 260
29 84 61 73 M 0 8 0.00 0.0 0 2.6 8 300 M M 2 12 M M
30 81 61 71 M 0 6 0.00 0.0 0 3.0 10 30 M M 2 M M
31 82 57 70 M 0 5 0.00 0.0 0 1.5 6 50 M M 1 M M
================================================================================
SM 2570 1918 3 264 0.00 0.0 96.4 M 86
================================================================================
AV 82.9 63.9 3.1 FASTST M M 3 MAX(MPH)
MISC ----> # 16 290 # 30 60
================================================================================
NOTES:
# LAST OF SEVERAL OCCURRENCES
COLUMN 17 PEAK WIND IN M.P.H.
PRELIMINARY LOCAL CLIMATOLOGICAL DATA (WS FORM: F-6) , PAGE 2
STATION: WINONA_MUNI_(AWOS) MN
MONTH: JULY
YEAR: 2020
LATITUDE: 44 4 N
LONGITUDE: 91 42 W
[TEMPERATURE DATA] [PRECIPITATION DATA] SYMBOLS USED IN COLUMN 16
AVERAGE MONTHLY: 73.4 TOTAL FOR MONTH: 0.00 1 = FOG OR MIST
DPTR FM NORMAL: M DPTR FM NORMAL: M 2 = FOG REDUCING VISIBILITY
HIGHEST: 91 ON 8 GRTST 24HR 0.00 ON 31-31 TO 1/4 MILE OR LESS
LOWEST: 54 ON 16 3 = THUNDER
SNOW, ICE PELLETS, HAIL 4 = ICE PELLETS
TOTAL MONTH: 0.0 INCH 5 = HAIL
GRTST 24HR 0.0 6 = FREEZING RAIN OR DRIZZLE
GRTST DEPTH: 0 7 = DUSTSTORM OR SANDSTORM:
VSBY 1/2 MILE OR LESS
8 = SMOKE OR HAZE
[NO. OF DAYS WITH] [WEATHER - DAYS WITH] 9 = BLOWING SNOW
X = TORNADO
MAX 32 OR BELOW: 0 0.01 INCH OR MORE: 0
MAX 90 OR ABOVE: 4 0.10 INCH OR MORE: 0
MIN 32 OR BELOW: 0 0.50 INCH OR MORE: 0
MIN 0 OR BELOW: 0 1.00 INCH OR MORE: 0
[HDD (BASE 65) ]
TOTAL THIS MO. 3 CLEAR (SCALE 0-3) 21
DPTR FM NORMAL M PTCLDY (SCALE 4-7) 10
TOTAL FM JUL 1 3 CLOUDY (SCALE 8-10) 0
DPTR FM NORMAL M
[CDD (BASE 65) ]
TOTAL THIS MO. 264
DPTR FM NORMAL M [PRESSURE DATA]
TOTAL FM JAN 1 459 HIGHEST SLP M ON M
DPTR FM NORMAL M LOWEST SLP M ON M
[REMARKS]
#FINAL-07-20#