000
CXUS52 KMFL 011130
CF6OPF
PRELIMINARY LOCAL CLIMATOLOGICAL DATA (WS FORM: F-6)
STATION: OPA-LOCKA ARPT
MONTH: JANUARY
YEAR: 2023
LATITUDE: 25 53 N
LONGITUDE: 80 17 W
TEMPERATURE IN F: :PCPN: SNOW: WIND :SUNSHINE: SKY :PK WND
================================================================================
1 2 3 4 5 6A 6B 7 8 9 10 11 12 13 14 15 16 17 18
12Z AVG MX 2MIN
DY MAX MIN AVG DEP HDD CDD WTR SNW DPTH SPD SPD DIR MIN PSBL S-S WX SPD DR
================================================================================
1 87 64 76 8 0 11 0.00 0.0 0 3.6 10 100 M M 2 128 13 120
2 84 66 75 7 0 10 0.00 0.0 M 6.3 17 80 M M 2 20 90
3 83 71 77 9 0 12 0.00 0.0 M 9.3 18 130 M M 3 8 23 140
4 84 70 77 9 0 12 0.00 0.0 M 8.4 20 150 M M 2 23 150
5 84 66 75 7 0 10 0.00 M M 5.8 13 170 M M 1 1 16 160
6 78 63 71 3 0 6 0.00 M M 9.1 16 350 M M 0 8 21 330
7 78 58 68 0 0 3 0.00 M M 7.5 15 60 M M 1 20 80
8 80 59 70 2 0 5 0.00 M M 4.6 14 110 M M 2 20 90
9 80 62 71 3 0 6 0.00 M M 6.2 16 330 M M 1 19 330
10 79 60 70 2 0 5 0.00 M M 6.5 14 280 M M 0 19 280
11 78 51 65 -3 0 0 0.00 0.0 0 5.3 12 60 M M 0 14 100
12 81 56 69 1 0 4 T 0.0 0 4.3 17 140 M M 2 24 130
13 81 57 69 1 0 4 0.08 0.0 0 12.7 25 290 M M 2 1 36 270
14 60 46 53 -15 12 0 0.00 M M 16.5 24 310 M M 0 32 310
15 64 42 53 -15 12 0 0.00 0.0 0 7.0 16 320 M M 0 20 290
16 74 43 59 -9 6 0 0.00 0.0 0 3.3 12 90 M M 0 16 90
17 76 50 63 -5 2 0 0.00 0.0 0 4.3 16 190 M M 1 23 140
18 81 54 68 0 0 3 0.00 0.0 0 4.4 18 150 M M 3 23 140
19 83 57 70 2 0 5 T M M 4.8 15 170 M M 0 19 170
20 83 63 73 5 0 8 T M M 3.5 13 150 M M 2 16 150
21 83 65 74 6 0 9 0.00 0.0 0 4.5 14 140 M M 1 17 120
22 84 65 75 7 0 10 0.00 0.0 0 10.6 23 180 M M 2 30 190
23 86 69 78 10 0 13 T 0.0 0 9.4 20 340 M M 2 24 210
24 80 67 74 6 0 9 T M M 11.4 20 70 M M 7 24 60
25 84 71 78 10 0 13 T 0.0 0 12.0 26 160 M M 3 30 160
26 81 67 74 6 0 9 T 0.0 0 8.2 18 320 M M 4 23 330
27 70 60 65 -3 0 0 T 0.0 0 10.7 17 360 M M 9 22 350
28 79 63 71 3 0 6 0.00 0.0 0 12.9 24 70 M M 9 28 70
29 81 71 76 8 0 11 0.00 0.0 0 11.6 20 100 M M 3 26 100
30 85 68 77 9 0 12 T M M 5.9 15 140 M M 3 1 19 120
31 84 65 75 7 0 10 0.00 M M 6.2 14 140 M M 2 18 140
================================================================================
SM 2475 1889 32 206 0.08 0.0 236.8 M 69
================================================================================
AV 79.8 60.9 7.6 FASTST M M 2 MAX(MPH)
MISC ----> 26 160 36 270
================================================================================
NOTES:
# LAST OF SEVERAL OCCURRENCES
COLUMN 17 PEAK WIND IN M.P.H.
PRELIMINARY LOCAL CLIMATOLOGICAL DATA (WS FORM: F-6) , PAGE 2
STATION: OPA-LOCKA ARPT
MONTH: JANUARY
YEAR: 2023
LATITUDE: 25 53 N
LONGITUDE: 80 17 W
[TEMPERATURE DATA] [PRECIPITATION DATA] SYMBOLS USED IN COLUMN 16
AVERAGE MONTHLY: 70.4 TOTAL FOR MONTH: 0.08 1 = FOG OR MIST
DPTR FM NORMAL: 2.6 DPTR FM NORMAL: -1.73 2 = FOG REDUCING VISIBILITY
HIGHEST: 87 ON 1 GRTST 24HR 0.08 ON 13-13 TO 1/4 MILE OR LESS
LOWEST: 42 ON 15 3 = THUNDER
SNOW, ICE PELLETS, HAIL 4 = ICE PELLETS
TOTAL MONTH: 0.0 INCH 5 = HAIL
GRTST 24HR 0.0 6 = FREEZING RAIN OR DRIZZLE
GRTST DEPTH: 0 7 = DUSTSTORM OR SANDSTORM:
VSBY 1/2 MILE OR LESS
8 = SMOKE OR HAZE
[NO. OF DAYS WITH] [WEATHER - DAYS WITH] 9 = BLOWING SNOW
X = TORNADO
MAX 32 OR BELOW: 0 0.01 INCH OR MORE: 1
MAX 90 OR ABOVE: 0 0.10 INCH OR MORE: 0
MIN 32 OR BELOW: 0 0.50 INCH OR MORE: 0
MIN 0 OR BELOW: 0 1.00 INCH OR MORE: 0
[HDD (BASE 65) ]
TOTAL THIS MO. 32 CLEAR (SCALE 0-3) 26
DPTR FM NORMAL -19 PTCLDY (SCALE 4-7) 3
TOTAL FM JUL 1 78 CLOUDY (SCALE 8-10) 2
DPTR FM NORMAL -13
[CDD (BASE 65) ]
TOTAL THIS MO. 206
DPTR FM NORMAL 68 [PRESSURE DATA]
TOTAL FM JAN 1 206 HIGHEST SLP 30.30 ON 28
DPTR FM NORMAL 68 LOWEST SLP 29.86 ON 13
[REMARKS]
#FINAL-01-23#