000
CXUS52 KMFL 011030
CF6OPF
PRELIMINARY LOCAL CLIMATOLOGICAL DATA (WS FORM: F-6)
STATION: OPA-LOCKA ARPT
MONTH: JULY
YEAR: 2021
LATITUDE: 25 53 N
LONGITUDE: 80 17 W
TEMPERATURE IN F: :PCPN: SNOW: WIND :SUNSHINE: SKY :PK WND
================================================================================
1 2 3 4 5 6A 6B 7 8 9 10 11 12 13 14 15 16 17 18
12Z AVG MX 2MIN
DY MAX MIN AVG DEP HDD CDD WTR SNW DPTH SPD SPD DIR MIN PSBL S-S WX SPD DR
================================================================================
1 86 75 81 -2 0 16 0.04 M M 3.7 15 150 M M 2 3 17 150
2 93 74 84 1 0 19 T M M 4.3 16 260 M M 3 13 21 190
3 95 77 86 3 0 21 0.00 M M 7.9 16 310 M M 1 24 270
4 92 80 86 3 0 21 0.00 0.0 0 6.9 15 120 M M 1 21 100
5 92 73 83 0 0 18 0.79 M M 8.2 28 150 M M 3 138 35 150
6 86 75 81 -2 0 16 0.13 0.0 M 12.0 23 120 M M 4 13 29 120
7 88 79 84 1 0 19 0.00 M M 9.1 16 160 M M 1 21 160
8 92 77 85 2 0 20 0.02 0.0 M 6.7 18 140 M M 2 3 24 150
9 92 77 85 2 0 20 0.00 M M 6.6 21 340 M M 2 25 350
10 88 76 82 -1 0 17 T 0.0 0 5.7 21 150 M M 2 3 25 150
11 90 74 82 -1 0 17 T 0.0 0 8.1 20 220 M M 3 38 23 140
12 84 69 77 -7 0 12 2.31 0.0 0 9.5 32 100 M M 4 138 43 100
13 88 75 82 -2 0 17 1.20 0.0 0 8.7 23 160 M M 4 138 27 160
14 90 75 83 -1 0 18 0.02 0.0 0 8.3 18 90 M M 4 24 90
15 90 78 84 0 0 19 T 0.0 0 10.6 20 80 M M 2 26 90
16 90 77 84 0 0 19 0.04 0.0 0 9.6 22 160 M M 2 3 25 170
17 89 77 83 -1 0 18 0.04 0.0 0 7.3 21 140 M M 3 13 26 140
18 91 78 85 1 0 20 0.00 0.0 0 9.3 16 130 M M 1 22 110
19 91 79 85 1 0 20 0.01 0.0 0 8.9 17 110 M M 2 23 140
20 91 77 84 0 0 19 0.69 0.0 0 5.1 20 130 M M 3 138 26 160
21 94 77 86 2 0 21 0.00 0.0 0 3.4 8 120 M M 0 M M
22 94 78 86 2 0 21 0.00 M M 5.1 15 130 M M 1 3 23 130
23 93 79 86 2 0 21 0.04 M M 6.1 22 80 M M 2 3 30 60
24 90 79 85 1 0 20 0.01 M M 6.6 22 270 M M 2 3 28 270
25 92 77 85 1 0 20 0.30 M M 4.4 17 150 M M 2 13 20 140
26 92 78 85 1 0 20 T 0.0 0 5.6 18 100 M M 2 3 23 100
27 91 78 85 1 0 20 0.37 0.0 0 5.1 18 210 M M 3 38 24 250
28 93 75 84 0 0 19 0.19 M M 4.4 26 340 M M 1 3 36 330
29 91 77 84 0 0 19 0.31 M M 3.7 20 330 M M 2 3 24 340
30 92 77 85 1 0 20 0.43 M M 4.3 21 270 M M 2 3 27 270
31 93 78 86 2 0 21 T M M 5.0 16 130 M M 2 20 140
================================================================================
SM 2813 2375 0 588 6.94 0.0 210.2 M 68
================================================================================
AV 90.7 76.6 6.8 FASTST M M 2 MAX(MPH)
MISC ----> 32 100 43 100
================================================================================
NOTES:
# LAST OF SEVERAL OCCURRENCES
COLUMN 17 PEAK WIND IN M.P.H.
PRELIMINARY LOCAL CLIMATOLOGICAL DATA (WS FORM: F-6) , PAGE 2
STATION: OPA-LOCKA ARPT
MONTH: JULY
YEAR: 2021
LATITUDE: 25 53 N
LONGITUDE: 80 17 W
[TEMPERATURE DATA] [PRECIPITATION DATA] SYMBOLS USED IN COLUMN 16
AVERAGE MONTHLY: 83.7 TOTAL FOR MONTH: 6.94 1 = FOG OR MIST
DPTR FM NORMAL: 0.1 DPTR FM NORMAL: -1.19 2 = FOG REDUCING VISIBILITY
HIGHEST: 95 ON 3 GRTST 24HR 2.31 ON 11-12 TO 1/4 MILE OR LESS
LOWEST: 69 ON 12 3 = THUNDER
SNOW, ICE PELLETS, HAIL 4 = ICE PELLETS
TOTAL MONTH: 0.0 INCH 5 = HAIL
GRTST 24HR 0.0 6 = FREEZING RAIN OR DRIZZLE
GRTST DEPTH: 0 7 = DUSTSTORM OR SANDSTORM:
VSBY 1/2 MILE OR LESS
8 = SMOKE OR HAZE
[NO. OF DAYS WITH] [WEATHER - DAYS WITH] 9 = BLOWING SNOW
X = TORNADO
MAX 32 OR BELOW: 0 0.01 INCH OR MORE: 18
MAX 90 OR ABOVE: 24 0.10 INCH OR MORE: 10
MIN 32 OR BELOW: 0 0.50 INCH OR MORE: 4
MIN 0 OR BELOW: 0 1.00 INCH OR MORE: 2
[HDD (BASE 65) ]
TOTAL THIS MO. 0 CLEAR (SCALE 0-3) 24
DPTR FM NORMAL 0 PTCLDY (SCALE 4-7) 7
TOTAL FM JUL 1 0 CLOUDY (SCALE 8-10) 0
DPTR FM NORMAL 0
[CDD (BASE 65) ]
TOTAL THIS MO. 588
DPTR FM NORMAL 11 [PRESSURE DATA]
TOTAL FM JAN 1 2588 HIGHEST SLP 30.28 ON 12
DPTR FM NORMAL 145 LOWEST SLP 29.89 ON 25
[REMARKS]
#FINAL-07-21#