949
CXUS51 KBOX 031433
CLSORH
BOSCLSORH 000
TTAA00 KBOX 012024
CLIMATE REPORT
NATIONAL WEATHER SERVICE BOSTON/NORTON MA
409 PM EDT MON JUN 1 2020
...................................
...THE WORCESTER MA CLIMATE SUMMARY FOR THE SEASON, FROM
3/1/2020 TO 5/31/2020...
CLIMATE NORMAL PERIOD 1981 TO 2010
CLIMATE RECORD PERIOD 1892 TO 2020
WEATHER OBSERVED NORMAL DEPART
VALUE DATE(S) VALUE FROM
NORMAL
................................................
TEMPERATURE (F)
RECORD
HIGH 94
LOW -6
HIGHEST 83 05/27
LOWEST 14 03/01
AVG. MAXIMUM 54.8 54.6 0.2
AVG. MINIMUM 37.4 36.7 0.7
MEAN 46.1 45.7 0.4
DAYS MAX >= 90 0 0.1 -0.1
DAYS MAX <= 32 1 4.4 -3.4
DAYS MIN <= 32 30 30.1 -0.1
DAYS MIN <= 0 0 0.0 0.0
PRECIPITATION (INCHES)
RECORD
MAXIMUM 22.40 1983
MINIMUM 4.78 1915
TOTALS 12.10 12.51 -0.41
DAYS >= .01 38 38.9 -0.9
DAYS >= .10 19 23.1 -4.1
DAYS >= .50 9 8.3 0.7
DAYS >= 1.00 2 3.1 -1.1
GREATEST
24 HR. TOTAL 1.59 04/13 TO 04/13
SNOWFALL (INCHES)
RECORDS
MAXIMUM 49.5 2018
MINIMUM T 1995
1954
1930
1921
1910
24 HR TOTAL 22.1
SNOW DEPTH 33 03/04/1969
TOTALS 9.9 14.2 -4.3
SINCE 7/1 44.9 64.1 -19.2
SNOWDEPTH AVG. MM MM MM
GREATEST
SNOW DEPTH MM
24 HR TOTAL 4.7 04/18 TO 04/18
DEGREE_DAYS
HEATING TOTAL 1737 1797 -60
SINCE 7/1 6264 6634 -370
COOLING TOTAL 27 21 6
SINCE 1/1 27 22 5
.................................................
WIND (MPH)
AVERAGE WIND SPEED 11.4
RESULTANT WIND SPEED/DIRECTION 5/282
HIGHEST WIND SPEED/DIRECTION 43/280 DATE 05/15
HIGHEST GUST SPEED/DIRECTION 63/290 DATE 05/15
SKY COVER
POSSIBLE SUNSHINE (PERCENT) MM
AVERAGE SKY COVER 0.40
NUMBER OF DAYS FAIR 37
NUMBER OF DAYS PC 30
NUMBER OF DAYS CLOUDY 25
AVERAGE RH (PERCENT) 60
WEATHER CONDITIONS. NUMBER OF DAYS WITH
THUNDERSTORM 5 MIXED PRECIP 0
HEAVY RAIN 3 RAIN 14
LIGHT RAIN 40 FREEZING RAIN 2
LT FREEZING RAIN 2 HAIL 0
HEAVY SNOW 2 SNOW 3
LIGHT SNOW 18 SLEET 0
FOG 36 FOG W/VIS <= 1/4 MILE 14
HAZE 5
- INDICATES NEGATIVE NUMBERS.
R INDICATES RECORD WAS SET OR TIED.
MM INDICATES DATA IS MISSING.
T INDICATES TRACE AMOUNT.
$$
BL