000
CXUS53 KGRB 031813
CF6OSH
PRELIMINARY LOCAL CLIMATOLOGICAL DATA (WS FORM: F-6)
STATION: OSHKOSH WI
MONTH: JANUARY
YEAR: 2021
LATITUDE: 44 0 N
LONGITUDE: 88 34 W
TEMPERATURE IN F: :PCPN: SNOW: WIND :SUNSHINE: SKY :PK WND
================================================================================
1 2 3 4 5 6A 6B 7 8 9 10 11 12 13 14 15 16 17 18
12Z AVG MX 2MIN
DY MAX MIN AVG DEP HDD CDD WTR SNW DPTH SPD SPD DIR MIN PSBL S-S WX SPD DR
================================================================================
1 26 16 21 2 44 0 0.00 0.0 5 8.0 15 350 M M 9 12 19 350
2 25 20 23 5 42 0 0.00 0.0 5 4.7 12 180 M M 9 1 17 330
3 23 18 21 3 44 0 0.00 0.0 4 5.4 12 200 M M 10 1 16 220
4 29 20 25 7 40 0 T 0.1 4 8.1 14 200 M M 10 1 17 200
5 32 26 29 11 36 0 0.00 0.0 4 3.5 10 290 M M 10 12 14 300
6 27 22 25 7 40 0 0.00 0.0 3 2.4 8 180 M M 10 12 10 170
7 31 20 26 8 39 0 0.00 0.0 3 6.0 13 10 M M 10 1 15 20
8 29 21 25 7 40 0 0.00 0.0 3 7.8 13 20 M M 10 16 10
9 29 13 21 3 44 0 0.00 0.0 3 4.8 13 350 M M 7 15 360
10 22 20 21 3 44 0 0.00 0.0 3 5.3 10 250 M M 10 1 16 240
11 32 19 26 8 39 0 0.00 0.0 3 10.8 18 210 M M 8 1 29 200
12 32 25 29 11 36 0 0.00 0.0 3 5.8 14 200 M M 8 18 19 210
13 39 25 32 14 33 0 0.00 0.0 3 5.2 12 200 M M 2 18 18 250
14 38 21 30 12 35 0 0.19 T 3 7.0 16 120 M M 5 128 23 110
15 36 33 35 17 30 0 0.22 1.8 2 7.4 14 360 M M 10 1 20 100
16 35 30 33 15 32 0 0.26 2.0 3 9.9 17 340 M M 10 1 24 330
17 31 24 28 10 37 0 T T 3 5.2 12 340 M M 10 18 14 350
18 27 18 23 5 42 0 T T 2 7.0 18 300 M M 9 1 25 290
19 24 13 19 1 46 0 0.01 0.1 2 8.2 16 290 M M 9 18 23 340
20 35 3 19 1 46 0 0.00 0.0 1 13.7 37 190 M M 1 8 47 180
21 36 16 26 8 39 0 0.00 0.0 1 13.3 25 290 M M 4 39 290
22 16 8 12 -6 53 0 0.00 0.0 1 10.0 22 320 M M 5 30 310
23 20 3 12 -6 53 0 T T 1 4.3 9 180 M M 4 13 210
24 28 11 20 1 45 0 0.18 3.0 4 7.3 13 290 M M 7 1 17 130
25 21 1 11 -8 54 0 0.00 0.0 4 10.6 26 40 M M 2 128 36 40
26 25 12 19 0 46 0 0.03 0.4 4 15.0 26 30 M M 7 18 36 30
27 20 4 12 -7 53 0 0.00 0.0 3 6.5 14 350 M M 0 18 360
28 18 0 9 -10 56 0 0.00 0.0 3 4.4 9 280 M M 5 12 290
29 27 7 17 -2 48 0 0.00 0.0 3 4.7 12 120 M M 4 17 130
30 33 27 30 11 35 0 T T 3 14.2 22 110 M M 9 1 33 100
31 30 19 25 6 40 0 0.07 1.0 4 12.4 20 20 M M 9 1 27 70
================================================================================
SM 876 515 1311 0 0.96 8.4 238.9 M 223
================================================================================
AV 28.3 16.6 7.7 FASTST M M 7 MAX(MPH)
MISC ----> 37 190 47 180
================================================================================
NOTES:
# LAST OF SEVERAL OCCURRENCES
COLUMN 17 PEAK WIND IN M.P.H.
PRELIMINARY LOCAL CLIMATOLOGICAL DATA (WS FORM: F-6) , PAGE 2
STATION: OSHKOSH WI
MONTH: JANUARY
YEAR: 2021
LATITUDE: 44 0 N
LONGITUDE: 88 34 W
[TEMPERATURE DATA] [PRECIPITATION DATA] SYMBOLS USED IN COLUMN 16
AVERAGE MONTHLY: 22.4 TOTAL FOR MONTH: 0.96 1 = FOG OR MIST
DPTR FM NORMAL: 4.0 DPTR FM NORMAL: -0.04 2 = FOG REDUCING VISIBILITY
HIGHEST: 39 ON 13 GRTST 24HR 0.39 ON 30-31 TO 1/4 MILE OR LESS
LOWEST: 0 ON 28 3 = THUNDER
SNOW, ICE PELLETS, HAIL 4 = ICE PELLETS
TOTAL MONTH: 8.4 INCHES 5 = HAIL
GRTST 24HR 3.0 ON 24-24 6 = FREEZING RAIN OR DRIZZLE
GRTST DEPTH: 5 ON 2, 1 7 = DUSTSTORM OR SANDSTORM:
VSBY 1/2 MILE OR LESS
8 = SMOKE OR HAZE
[NO. OF DAYS WITH] [WEATHER - DAYS WITH] 9 = BLOWING SNOW
X = TORNADO
MAX 32 OR BELOW: 24 0.01 INCH OR MORE: 7
MAX 90 OR ABOVE: 0 0.10 INCH OR MORE: 4
MIN 32 OR BELOW: 30 0.50 INCH OR MORE: 0
MIN 0 OR BELOW: 1 1.00 INCH OR MORE: 0
[HDD (BASE 65) ]
TOTAL THIS MO. 1311 CLEAR (SCALE 0-3) 4
DPTR FM NORMAL -133 PTCLDY (SCALE 4-7) 10
TOTAL FM JUL 1 3936 CLOUDY (SCALE 8-10) 17
DPTR FM NORMAL -407
[CDD (BASE 65) ]
TOTAL THIS MO. 0
DPTR FM NORMAL 0 [PRESSURE DATA]
TOTAL FM JAN 1 0 HIGHEST SLP 30.75 ON 28
DPTR FM NORMAL 0 LOWEST SLP 29.39 ON 15
[REMARKS]
#FINAL-01-21#