000
CXUS56 KMFR 010930
CF6OTH
PRELIMINARY LOCAL CLIMATOLOGICAL DATA (WS FORM: F-6)
STATION: NORTH BEND OR
MONTH: APRIL
YEAR: 2021
LATITUDE: 43 25 N
LONGITUDE: 124 15 W
TEMPERATURE IN F: :PCPN: SNOW: WIND :SUNSHINE: SKY :PK WND
================================================================================
1 2 3 4 5 6A 6B 7 8 9 10 11 12 13 14 15 16 17 18
12Z AVG MX 2MIN
DY MAX MIN AVG DEP HDD CDD WTR SNW DPTH SPD SPD DIR MIN PSBL S-S WX SPD DR
================================================================================
1 56 39 48 0 17 0 0.00 M M 7.6 18 350 M M 1 1 22 360
2 55 42 49 1 16 0 0.00 M M 8.6 21 350 M M 5 25 350
3 55 40 48 0 17 0 0.00 M M 6.6 20 260 M M 3 23 250
4 54 39 47 -1 18 0 T M M 13.8 31 360 M M 5 1 38 10
5 54 33 44 -4 21 0 0.00 M M 12.4 26 10 M M 0 32 360
6 54 35 45 -3 20 0 0.00 M M 9.7 26 350 M M 1 31 360
7 54 45 50 2 15 0 0.03 M M 6.2 16 290 M M 9 1 18 260
8 53 38 46 -2 19 0 0.14 M M 8.7 20 360 M M 6 1 23 350
9 52 33 43 -5 22 0 0.00 M M 8.0 17 330 M M 3 12 21 330
10 52 41 47 -2 18 0 0.10 M M 11.4 23 360 M M 6 1 28 360
11 52 35 44 -5 21 0 0.00 M M 13.8 33 360 M M 0 43 360
12 57 35 46 -3 19 0 0.00 M M 12.9 32 360 M M 0 38 10
13 63 33 48 -1 17 0 0.00 M M 12.1 30 360 M M 0 37 360
14 63 36 50 1 15 0 0.00 M M 9.9 23 350 M M 0 8 31 10
15 M M M M M M 0.00 M M 8.6 15 340 M M 0 M M
16 55 M M M M M 0.00 M M 7.2 14 270 M M 3 12 16 270
17 53 43 48 -1 17 0 0.00 M M 4.4 13 290 M M 9 12 16 280
18 53 43 48 -1 17 0 0.00 M M 4.4 12 270 M M 9 12 M M
19 54 44 49 0 16 0 0.00 M M 3.0 10 350 M M 9 M M
20 56 48 52 2 13 0 0.00 M M 17.3 24 350 M M 8 33 340
21 56 48 52 2 13 0 0.00 M M 12.9 25 330 M M 9 1 29 360
22 57 43 50 0 15 0 0.00 M M 6.9 16 320 M M 7 21 330
23 55 40 48 -2 17 0 0.04 M M 6.1 13 280 M M 6 16 270
24 57 47 52 2 13 0 0.44 M M 9.9 22 190 M M 10 1 29 220
25 54 44 49 -1 16 0 0.11 M M 8.5 20 250 M M 10 1 23 250
26 56 43 50 0 15 0 0.01 M M 7.8 18 260 M M 7 21 250
27 62 40 51 1 14 0 0.00 M M 8.2 17 330 M M 2 1 M M
28 63 40 52 1 13 0 0.00 M M 6.1 13 320 M M 1 M M
29 58 46 52 1 13 0 0.00 M M 5.1 12 270 M M 4 1 M M
30 63 46 55 4 10 0 0.27 M M 6.3 12 300 M M 5 1 M M
================================================================================
SM 1626 1139 457 0 1.14 M 264.4 M 138
================================================================================
AV 56.1 40.7 8.8 FASTST M M 5 MAX(MPH)
MISC ----> 33 360 43 360
================================================================================
NOTES:
# LAST OF SEVERAL OCCURRENCES
COLUMN 17 PEAK WIND IN M.P.H.
PRELIMINARY LOCAL CLIMATOLOGICAL DATA (WS FORM: F-6) , PAGE 2
STATION: NORTH BEND OR
MONTH: APRIL
YEAR: 2021
LATITUDE: 43 25 N
LONGITUDE: 124 15 W
[TEMPERATURE DATA] [PRECIPITATION DATA] SYMBOLS USED IN COLUMN 16
AVERAGE MONTHLY: 48.4 TOTAL FOR MONTH: 1.14 1 = FOG OR MIST
DPTR FM NORMAL: -0.8 DPTR FM NORMAL: -4.03 2 = FOG REDUCING VISIBILITY
HIGHEST: 63 ON 30,28 GRTST 24HR 0.46 ON 23-24 TO 1/4 MILE OR LESS
LOWEST: 33 ON 13, 9 3 = THUNDER
SNOW, ICE PELLETS, HAIL 4 = ICE PELLETS
TOTAL MONTH: M 5 = HAIL
GRTST 24HR M ON M 6 = FREEZING RAIN OR DRIZZLE
GRTST DEPTH: M ON M 7 = DUSTSTORM OR SANDSTORM:
VSBY 1/2 MILE OR LESS
8 = SMOKE OR HAZE
[NO. OF DAYS WITH] [WEATHER - DAYS WITH] 9 = BLOWING SNOW
X = TORNADO
MAX 32 OR BELOW: 0 0.01 INCH OR MORE: 8
MAX 90 OR ABOVE: 0 0.10 INCH OR MORE: 5
MIN 32 OR BELOW: 0 0.50 INCH OR MORE: 0
MIN 0 OR BELOW: 0 1.00 INCH OR MORE: 0
[HDD (BASE 65) ]
TOTAL THIS MO. 457 CLEAR (SCALE 0-3) 13
DPTR FM NORMAL -17 PTCLDY (SCALE 4-7) 10
TOTAL FM JUL 1 3610 CLOUDY (SCALE 8-10) 7
DPTR FM NORMAL -577
[CDD (BASE 65) ]
TOTAL THIS MO. 0
DPTR FM NORMAL 0 [PRESSURE DATA]
TOTAL FM JAN 1 0 HIGHEST SLP 30.34 ON 29
DPTR FM NORMAL 0 LOWEST SLP 29.75 ON 25
[REMARKS]
#FINAL-04-21#