000
CXUS53 KDMX 010810
CF6OTM
PRELIMINARY LOCAL CLIMATOLOGICAL DATA (WS FORM: F-6)
STATION: OTTUMWA IA
MONTH: APRIL
YEAR: 2021
LATITUDE: 41 6 N
LONGITUDE: 92 27 W
TEMPERATURE IN F: :PCPN: SNOW: WIND :SUNSHINE: SKY :PK WND
================================================================================
1 2 3 4 5 6A 6B 7 8 9 10 11 12 13 14 15 16 17 18
12Z AVG MX 2MIN
DY MAX MIN AVG DEP HDD CDD WTR SNW DPTH SPD SPD DIR MIN PSBL S-S WX SPD DR
================================================================================
1 46 18 32 -13 33 0 0.00 0.0 0 6.5 12 330 M M 0 16 360
2 59 31 45 -1 20 0 0.00 0.0 0 17.0 28 170 M M 0 39 170
3 72 44 58 12 7 0 0.00 0.0 0 11.8 24 240 M M 0 33 230
4 80 44 62 15 3 0 0.00 0.0 0 11.1 24 190 M M 0 31 210
5 80 60 70 23 0 5 0.00 0.0 0 15.7 28 180 M M 0 34 180
6 80 61 71 24 0 6 0.00 0.0 0 13.9 24 170 M M 1 31 160
7 73 52 63 15 2 0 0.61 0.0 0 13.7 35 130 M M 5 13 42 130
8 55 47 51 3 14 0 0.03 0.0 0 10.8 17 170 M M 10 1 23 170
9 61 47 54 6 11 0 T 0.0 0 12.7 20 260 M M 10 1 26 290
10 48 44 46 -3 19 0 1.13 0.0 0 18.8 33 330 M M 10 1 42 320
11 61 41 51 2 14 0 0.00 0.0 0 13.7 24 320 M M 6 32 310
12 60 40 50 0 15 0 0.00 0.0 0 12.7 25 290 M M 0 37 290
13 57 34 46 -4 19 0 0.00 0.0 0 10.8 22 250 M M 1 32 290
14 52 29 41 -9 24 0 0.00 0.0 0 11.0 20 310 M M 3 29 290
15 53 32 43 -8 22 0 0.00 0.0 0 7.1 16 340 M M 6 21 340
16 55 33 44 -7 21 0 T 0.0 0 5.7 13 40 M M 6 17 40
17 64 43 54 2 11 0 0.08 0.0 0 9.2 20 340 M M 5 1 24 310
18 61 43 52 0 13 0 0.00 0.0 0 9.4 15 270 M M 5 8 22 290
19 47 34 41 -11 24 0 0.03 0.1 0 12.2 26 320 M M 9 1 33 320
20 45 27 36 -17 29 0 0.00 0.0 0 9.1 21 350 M M 8 26 350
21 48 21 35 -18 30 0 0.00 0.0 0 8.3 18 280 M M 3 25 270
22 59 26 43 -10 22 0 0.00 0.0 0 8.4 18 210 M M 1 23 210
23 56 44 50 -4 15 0 T 0.0 0 9.6 18 180 M M 9 8 25 190
24 62 38 50 -4 15 0 0.00 0.0 0 11.4 23 320 M M 2 18 31 330
25 62 32 47 -7 18 0 0.00 0.0 0 12.4 25 120 M M 1 35 130
26 86 53 70 15 0 5 0.00 0.0 0 17.5 32 190 M M 0 44 200
27 86 62 74 19 0 9 T 0.0 0 13.1 25 210 M M 0 33 210
28 69 51 60 5 5 0 0.10 0.0 0 6.1 15 330 M M 4 13 19 330
29 75 45 60 4 5 0 0.00 0.0 0 14.1 29 320 M M 3 1 39 320
30 74 42 58 2 7 0 0.00 0.0 0 7.9 17 330 M M 5 25 340
================================================================================
SM 1886 1218 418 25 1.98 0.1 341.7 M 113
================================================================================
AV 62.9 40.6 11.4 FASTST M M 4 MAX(MPH)
MISC ----> 35 130 44 200
================================================================================
NOTES:
# LAST OF SEVERAL OCCURRENCES
COLUMN 17 PEAK WIND IN M.P.H.
PRELIMINARY LOCAL CLIMATOLOGICAL DATA (WS FORM: F-6) , PAGE 2
STATION: OTTUMWA IA
MONTH: APRIL
YEAR: 2021
LATITUDE: 41 6 N
LONGITUDE: 92 27 W
[TEMPERATURE DATA] [PRECIPITATION DATA] SYMBOLS USED IN COLUMN 16
AVERAGE MONTHLY: 51.7 TOTAL FOR MONTH: 1.98 1 = FOG OR MIST
DPTR FM NORMAL: 0.8 DPTR FM NORMAL: -1.42 2 = FOG REDUCING VISIBILITY
HIGHEST: 86 ON 27,26 GRTST 24HR 1.13 ON 10-10 TO 1/4 MILE OR LESS
LOWEST: 18 ON 1 3 = THUNDER
SNOW, ICE PELLETS, HAIL 4 = ICE PELLETS
TOTAL MONTH: 0.1 INCH 5 = HAIL
GRTST 24HR 0.1 ON 19-19 6 = FREEZING RAIN OR DRIZZLE
GRTST DEPTH: 0 7 = DUSTSTORM OR SANDSTORM:
VSBY 1/2 MILE OR LESS
8 = SMOKE OR HAZE
[NO. OF DAYS WITH] [WEATHER - DAYS WITH] 9 = BLOWING SNOW
X = TORNADO
MAX 32 OR BELOW: 0 0.01 INCH OR MORE: 6
MAX 90 OR ABOVE: 0 0.10 INCH OR MORE: 3
MIN 32 OR BELOW: 8 0.50 INCH OR MORE: 2
MIN 0 OR BELOW: 0 1.00 INCH OR MORE: 1
[HDD (BASE 65) ]
TOTAL THIS MO. 418 CLEAR (SCALE 0-3) 14
DPTR FM NORMAL -16 PTCLDY (SCALE 4-7) 11
TOTAL FM JUL 1 6015 CLOUDY (SCALE 8-10) 5
DPTR FM NORMAL -116
[CDD (BASE 65) ]
TOTAL THIS MO. 25
DPTR FM NORMAL 15 [PRESSURE DATA]
TOTAL FM JAN 1 25 HIGHEST SLP M ON M
DPTR FM NORMAL 14 LOWEST SLP 29.45 ON 8
[REMARKS]
#FINAL-04-21#