000
CXUS53 KPAH 020018
CF6PAH
PRELIMINARY LOCAL CLIMATOLOGICAL DATA (WS FORM: F-6)
STATION: PADUCAH KY
MONTH: JUNE
YEAR: 2020
LATITUDE: 37 4 N
LONGITUDE: 88 46 W
TEMPERATURE IN F: :PCPN: SNOW: WIND :SUNSHINE: SKY :PK WND
================================================================================
1 2 3 4 5 6A 6B 7 8 9 10 11 12 13 14 15 16 17 18
12Z AVG MX 2MIN
DY MAX MIN AVG DEP HDD CDD WTR SNW DPTH SPD SPD DIR MIN PSBL S-S WX SPD DR
================================================================================
1 83 53 68 -4 0 3 0.00 0.0 0 4.3 14 120 M M 0 21 90
2 89 61 75 3 0 10 0.00 0.0 0 4.7 14 260 M M 0 20 260
3 91 63 77 5 0 12 0.00 0.0 0 5.4 15 250 M M 1 19 230
4 84 68 76 3 0 11 0.11 0.0 0 5.0 18 260 M M 4 1 25 280
5 90 65 78 5 0 13 0.00 0.0 0 3.0 14 160 M M 2 12 20 130
6 94 68 81 8 0 16 0.00 0.0 0 2.1 10 80 M M 1 1 15 100
7 93 70 82 8 0 17 0.00 0.0 0 6.8 16 50 M M 0 18 23 80
8 87 68 78 4 0 13 0.05 0.0 0 10.8 21 120 M M 4 1 32 140
9 87 75 81 7 0 16 0.57 0.0 0 11.9 23 170 M M 9 1 36 170
10 83 62 73 -1 0 8 T 0.0 0 13.8 30 240 M M 4 3 44 230
11 85 59 72 -3 0 7 0.00 0.0 0 4.9 15 10 M M 0 21 20
12 90 58 74 -1 0 9 0.00 0.0 0 3.8 13 40 M M 0 19 70
13 89 67 78 3 0 13 0.01 0.0 0 3.1 14 280 M M 3 3 18 270
14 82 64 73 -2 0 8 0.00 0.0 0 7.1 24 80 M M 0 32 90
15 82 58 70 -6 0 5 0.00 0.0 0 5.1 14 80 M M 0 20 40
16 85 57 71 -5 0 6 0.00 0.0 0 4.3 13 70 M M 1 18 30
17 85 59 72 -4 0 7 0.00 0.0 0 2.7 15 30 M M 1 21 50
18 89 61 75 -1 0 10 0.00 0.0 0 1.9 7 150 M M 2 1 12 250
19 92 66 79 2 0 14 0.00 0.0 0 4.2 10 210 M M 1 15 220
20 93 70 82 5 0 17 0.00 0.0 0 6.2 13 290 M M 2 19 290
21 84 68 76 -1 0 11 0.87 0.0 0 5.2 14 170 M M 6 1 19 170
22 85 69 77 0 0 12 0.57 0.0 0 6.2 14 310 M M 3 138 21 150
23 84 66 75 -3 0 10 T 0.0 0 5.9 13 310 M M 3 20 340
24 86 64 75 -3 0 10 0.00 0.0 0 2.4 9 270 M M 1 16 340
25 87 61 74 -4 0 9 0.00 0.0 0 3.6 12 220 M M 1 16 240
26 86 70 78 0 0 13 0.00 0.0 0 6.2 14 160 M M 3 20 210
27 89 71 80 2 0 15 0.02 0.0 0 9.2 21 250 M M 6 18 32 220
28 92 77 85 7 0 20 0.00 0.0 0 10.4 21 250 M M 3 29 250
29 92 74 83 5 0 18 0.03 0.0 0 5.2 13 210 M M 2 3 22 200
30 87 71 79 1 0 14 2.03 0.0 0 7.2 22 20 M M 6 13 33 340
================================================================================
SM 2625 1963 0 347 4.26 0.0 172.6 M 69
================================================================================
AV 87.5 65.4 5.8 FASTST M M 2 MAX(MPH)
MISC ----> 30 240 44 230
================================================================================
NOTES:
# LAST OF SEVERAL OCCURRENCES
COLUMN 17 PEAK WIND IN M.P.H.
PRELIMINARY LOCAL CLIMATOLOGICAL DATA (WS FORM: F-6) , PAGE 2
STATION: PADUCAH KY
MONTH: JUNE
YEAR: 2020
LATITUDE: 37 4 N
LONGITUDE: 88 46 W
[TEMPERATURE DATA] [PRECIPITATION DATA] SYMBOLS USED IN COLUMN 16
AVERAGE MONTHLY: 76.5 TOTAL FOR MONTH: 4.26 1 = FOG OR MIST
DPTR FM NORMAL: 0.9 DPTR FM NORMAL: 0.20 2 = FOG REDUCING VISIBILITY
HIGHEST: 94 ON 6 GRTST 24HR 2.03 ON 30-30 TO 1/4 MILE OR LESS
LOWEST: 53 ON 1 3 = THUNDER
SNOW, ICE PELLETS, HAIL 4 = ICE PELLETS
TOTAL MONTH: 0.0 INCH 5 = HAIL
GRTST 24HR 0.0 6 = FREEZING RAIN OR DRIZZLE
GRTST DEPTH: 0 7 = DUSTSTORM OR SANDSTORM:
VSBY 1/2 MILE OR LESS
8 = SMOKE OR HAZE
[NO. OF DAYS WITH] [WEATHER - DAYS WITH] 9 = BLOWING SNOW
X = TORNADO
MAX 32 OR BELOW: 0 0.01 INCH OR MORE: 9
MAX 90 OR ABOVE: 9 0.10 INCH OR MORE: 5
MIN 32 OR BELOW: 0 0.50 INCH OR MORE: 4
MIN 0 OR BELOW: 0 1.00 INCH OR MORE: 1
[HDD (BASE 65) ]
TOTAL THIS MO. 0 CLEAR (SCALE 0-3) 20
DPTR FM NORMAL -4 PTCLDY (SCALE 4-7) 9
TOTAL FM JUL 1 3768 CLOUDY (SCALE 8-10) 1
DPTR FM NORMAL -360
[CDD (BASE 65) ]
TOTAL THIS MO. 347
DPTR FM NORMAL 27 [PRESSURE DATA]
TOTAL FM JAN 1 510 HIGHEST SLP 30.29 ON 12
DPTR FM NORMAL 18 LOWEST SLP 29.58 ON 9
[REMARKS]
#FINAL-06-20#