000
CXUS54 KLZK 250909
CF6PBF
PRELIMINARY LOCAL CLIMATOLOGICAL DATA (WS FORM: F-6)
STATION: PINE BLUFF
MONTH: JANUARY
YEAR: 2023
LATITUDE: 34 10 N
LONGITUDE: 91 56 W
TEMPERATURE IN F: :PCPN: SNOW: WIND :SUNSHINE: SKY :PK WND
================================================================================
1 2 3 4 5 6A 6B 7 8 9 10 11 12 13 14 15 16 17 18
12Z AVG MX 2MIN
DY MAX MIN AVG DEP HDD CDD WTR SNW DPTH SPD SPD DIR MIN PSBL S-S WX SPD DR
================================================================================
1 69 53 61 18 4 0 0.00 0.0 0 10.0 20 190 M M 4 23 170
2 75 64 70 27 0 5 1.75 0.0 0 13.1 38 200 M M 10 123 51 200
3 72 57 65 22 0 0 2.23 0.0 0 10.4 22 210 M M 4 13 30 210
4 60 44 52 9 13 0 0.00 0.0 0 4.9 14 270 M M 0 18 260
5 60 40 50 7 15 0 0.00 0.0 0 7.6 20 290 M M 0 25 270
6 60 34 47 4 18 0 0.00 0.0 0 6.1 17 100 M M 0 20 100
7 65 53 59 17 6 0 0.00 0.0 0 8.1 17 190 M M 8 12 23 200
8 60 41 51 9 14 0 0.00 0.0 0 6.7 14 10 M M 5 1 18 20
9 58 34 46 4 19 0 0.00 0.0 0 4.0 10 140 M M 0 12 170
10 64 41 53 11 12 0 0.00 0.0 0 8.1 16 190 M M 4 23 190
11 77 62 70 28 0 5 0.00 0.0 0 13.4 24 200 M M 3 30 190
12 69 43 56 14 9 0 0.00 0.0 0 16.5 26 300 M M 7 35 280
13 46 32 39 -3 26 0 0.00 0.0 0 10.7 20 330 M M 4 24 330
14 48 27 38 -4 27 0 0.00 0.0 0 4.8 13 110 M M 0 15 100
15 65 34 50 8 15 0 0.00 0.0 0 9.6 21 170 M M 5 25 200
16 68 56 62 20 3 0 0.00 0.0 0 14.3 23 190 M M 6 29 200
17 75 52 64 21 1 0 0.00 0.0 0 5.4 13 210 M M 5 1 16 230
18 69 55 62 19 3 0 1.26 0.0 0 8.9 22 310 M M 6 13 29 320
19 57 40 49 6 16 0 0.00 0.0 0 9.5 20 270 M M 0 28 280
20 55 35 45 2 20 0 0.00 0.0 0 3.7 13 20 M M 0 16 30
21 55 37 46 3 19 0 0.54 0.0 0 6.8 17 120 M M 5 1 21 120
22 51 38 45 2 20 0 0.10 0.0 0 5.2 18 300 M M 9 1 24 300
23 51 32 42 -1 23 0 0.00 0.0 0 2.8 9 30 M M 0 13 50
24 46 34 40 -3 25 0 1.60 0.0 0 9.5 28 60 M M 6 1 39 50
25 46 37 42 -1 23 0 0.02 0.0 0 11.1 21 300 M M 10 1 28 300
26 49 32 41 -2 24 0 0.00 0.0 0 7.0 18 270 M M 1 25 270
27 62 35 49 6 16 0 0.00 0.0 0 10.5 21 230 M M 0 27 220
28 57 39 48 5 17 0 0.47 0.0 0 9.2 23 170 M M 8 13 29 170
29 61 52 57 13 8 0 0.41 0.0 0 7.1 21 170 M M 10 1 27 170
30 52 34 43 -1 22 0 0.28 0.0 0 13.2 20 20 M M 10 1 24 10
31 34 29 32 -12 33 0 0.39 T 0 12.1 21 20 M M 10 16 26 10
================================================================================
SM 1836 1296 451 10 9.05 T 270.3 M 140
================================================================================
AV 59.2 41.8 8.7 FASTST M M 5 MAX(MPH)
MISC ----> 38 200 51 200
================================================================================
NOTES:
# LAST OF SEVERAL OCCURRENCES
COLUMN 17 PEAK WIND IN M.P.H.
PRELIMINARY LOCAL CLIMATOLOGICAL DATA (WS FORM: F-6) , PAGE 2
STATION: PINE BLUFF
MONTH: JANUARY
YEAR: 2023
LATITUDE: 34 10 N
LONGITUDE: 91 56 W
[TEMPERATURE DATA] [PRECIPITATION DATA] SYMBOLS USED IN COLUMN 16
AVERAGE MONTHLY: 50.5 TOTAL FOR MONTH: 9.05 1 = FOG OR MIST
DPTR FM NORMAL: 7.7 DPTR FM NORMAL: 5.23 2 = FOG REDUCING VISIBILITY
HIGHEST: 77 ON 11 GRTST 24HR 2.23 ON 3- 3 TO 1/4 MILE OR LESS
LOWEST: 27 ON 14 3 = THUNDER
SNOW, ICE PELLETS, HAIL 4 = ICE PELLETS
TOTAL MONTH: T 5 = HAIL
GRTST 24HR T ON 31-31 6 = FREEZING RAIN OR DRIZZLE
GRTST DEPTH: 0 7 = DUSTSTORM OR SANDSTORM:
VSBY 1/2 MILE OR LESS
8 = SMOKE OR HAZE
[NO. OF DAYS WITH] [WEATHER - DAYS WITH] 9 = BLOWING SNOW
X = TORNADO
MAX 32 OR BELOW: 0 0.01 INCH OR MORE: 11
MAX 90 OR ABOVE: 0 0.10 INCH OR MORE: 10
MIN 32 OR BELOW: 5 0.50 INCH OR MORE: 5
MIN 0 OR BELOW: 0 1.00 INCH OR MORE: 4
[HDD (BASE 65) ]
TOTAL THIS MO. 451 CLEAR (SCALE 0-3) 11
DPTR FM NORMAL -239 PTCLDY (SCALE 4-7) 12
TOTAL FM JUL 1 1495 CLOUDY (SCALE 8-10) 8
DPTR FM NORMAL -332
[CDD (BASE 65) ]
TOTAL THIS MO. 10
DPTR FM NORMAL 8 [PRESSURE DATA]
TOTAL FM JAN 1 10 HIGHEST SLP 30.43 ON 14
DPTR FM NORMAL 8 LOWEST SLP 29.61 ON 18
[REMARKS]
#FINAL-01-23#