000
CXUS54 KLZK 011130
CF6PBF
PRELIMINARY LOCAL CLIMATOLOGICAL DATA (WS FORM: F-6)
STATION: PINE BLUFF
MONTH: MARCH
YEAR: 2021
LATITUDE: 34 10 N
LONGITUDE: 91 56 W
TEMPERATURE IN F: :PCPN: SNOW: WIND :SUNSHINE: SKY :PK WND
================================================================================
1 2 3 4 5 6A 6B 7 8 9 10 11 12 13 14 15 16 17 18
12Z AVG MX 2MIN
DY MAX MIN AVG DEP HDD CDD WTR SNW DPTH SPD SPD DIR MIN PSBL S-S WX SPD DR
================================================================================
1 59 43 51 1 14 0 0.54 0.0 0 11.0 21 360 M M 5 1 27 10
2 51 37 44 -6 21 0 0.00 0.0 0 6.5 15 70 M M 2 19 80
3 65 32 49 -1 16 0 0.00 0.0 0 3.3 12 250 M M 0 16 230
4 71 38 55 4 10 0 0.00 0.0 0 3.1 10 120 M M 0 13 90
5 67 44 56 5 9 0 T 0.0 0 9.8 20 20 M M 5 25 20
6 59 32 46 -5 19 0 0.00 0.0 0 7.6 16 60 M M 1 21 60
7 64 45 55 3 10 0 0.00 0.0 M 3.5 13 120 M M 0 15 110
8 72 35 54 2 11 0 0.00 0.0 0 4.5 15 180 M M 0 19 190
9 75 48 62 10 3 0 0.00 0.0 0 11.1 21 180 M M 1 26 180
10 77 60 69 16 0 4 0.00 0.0 0 14.1 26 170 M M 5 32 180
11 78 64 71 18 0 6 0.00 0.0 0 11.6 21 180 M M 7 26 180
12 80 63 72 19 0 7 0.00 0.0 0 6.8 14 210 M M 6 24 140
13 72 56 64 10 1 0 0.06 0.0 0 7.6 13 30 M M 8 128 19 30
14 77 58 68 14 0 3 0.05 0.0 M 8.5 18 260 M M 6 128 26 270
15 80 53 67 13 0 2 0.53 0.0 M 5.4 20 240 M M 4 1 28 200
16 80 50 65 11 0 0 0.00 0.0 M 5.1 14 110 M M 0 19 110
17 75 58 67 12 0 2 0.35 0.0 0 11.2 31 180 M M 4 3 41 170
18 58 47 53 -2 12 0 0.00 0.0 0 15.7 26 290 M M 9 35 290
19 57 45 51 -4 14 0 0.01 M 0 11.8 20 20 M M 7 24 10
20 64 45 55 -1 10 0 0.00 0.0 0 5.9 12 40 M M 6 15 50
21 69 38 54 -2 11 0 0.00 0.0 0 5.6 15 120 M M 0 1 20 80
22 72 43 58 2 7 0 0.00 0.0 0 8.6 22 150 M M 3 26 150
23 77 55 66 10 0 1 0.77 0.0 0 9.8 24 140 M M 5 13 31 160
24 79 48 64 7 1 0 0.10 0.0 0 6.1 17 120 M M 1 38 23 110
25 69 55 62 5 3 0 0.51 0.0 0 7.0 22 250 M M 7 13 29 260
26 73 46 60 3 5 0 0.00 0.0 0 4.9 15 100 M M 1 12 18 100
27 82 58 70 12 0 5 1.53 0.0 0 7.8 30 240 M M 7 13 42 250
28 68 48 58 0 7 0 0.00 0.0 0 11.4 25 330 M M 1 34 330
29 71 43 57 -1 8 0 0.00 0.0 0 6.1 14 110 M M 0 18 M M
30 68 44 56 -2 9 0 0.43 0.0 0 4.4 15 180 M M 8 123 19 180
31 65 45 55 -4 10 0 0.41 0.0 0 13.2 28 10 M M 6 13 37 10
================================================================================
SM 2174 1476 211 30 5.29 0.0 249.0 M 115
================================================================================
AV 70.1 47.6 8.0 FASTST M M 4 MAX(MPH)
MISC ----> 31 180 42 250
================================================================================
NOTES:
# LAST OF SEVERAL OCCURRENCES
COLUMN 17 PEAK WIND IN M.P.H.
PRELIMINARY LOCAL CLIMATOLOGICAL DATA (WS FORM: F-6) , PAGE 2
STATION: PINE BLUFF
MONTH: MARCH
YEAR: 2021
LATITUDE: 34 10 N
LONGITUDE: 91 56 W
[TEMPERATURE DATA] [PRECIPITATION DATA] SYMBOLS USED IN COLUMN 16
AVERAGE MONTHLY: 58.9 TOTAL FOR MONTH: 5.29 1 = FOG OR MIST
DPTR FM NORMAL: 4.5 DPTR FM NORMAL: -0.11 2 = FOG REDUCING VISIBILITY
HIGHEST: 82 ON 27 GRTST 24HR 2.12 ON 28- 1 TO 1/4 MILE OR LESS
LOWEST: 32 ON 6, 3 3 = THUNDER
SNOW, ICE PELLETS, HAIL 4 = ICE PELLETS
TOTAL MONTH: 0.0 INCH 5 = HAIL
GRTST 24HR 0.0 6 = FREEZING RAIN OR DRIZZLE
GRTST DEPTH: 0 7 = DUSTSTORM OR SANDSTORM:
VSBY 1/2 MILE OR LESS
8 = SMOKE OR HAZE
[NO. OF DAYS WITH] [WEATHER - DAYS WITH] 9 = BLOWING SNOW
X = TORNADO
MAX 32 OR BELOW: 0 0.01 INCH OR MORE: 12
MAX 90 OR ABOVE: 0 0.10 INCH OR MORE: 9
MIN 32 OR BELOW: 2 0.50 INCH OR MORE: 5
MIN 0 OR BELOW: 0 1.00 INCH OR MORE: 1
[HDD (BASE 65) ]
TOTAL THIS MO. 211 CLEAR (SCALE 0-3) 14
DPTR FM NORMAL -136 PTCLDY (SCALE 4-7) 16
TOTAL FM JUL 1 2800 CLOUDY (SCALE 8-10) 1
DPTR FM NORMAL 64
[CDD (BASE 65) ]
TOTAL THIS MO. 30
DPTR FM NORMAL 13 [PRESSURE DATA]
TOTAL FM JAN 1 30 HIGHEST SLP 30.52 ON 8
DPTR FM NORMAL 10 LOWEST SLP 29.52 ON 17
[REMARKS]
#FINAL-03-21#