000
CXUS54 KLZK 011230
CF6PBF
PRELIMINARY LOCAL CLIMATOLOGICAL DATA (WS FORM: F-6)
STATION: PINE BLUFF
MONTH: FEBRUARY
YEAR: 2021
LATITUDE: 34 10 N
LONGITUDE: 91 56 W
TEMPERATURE IN F: :PCPN: SNOW: WIND :SUNSHINE: SKY :PK WND
================================================================================
1 2 3 4 5 6A 6B 7 8 9 10 11 12 13 14 15 16 17 18
12Z AVG MX 2MIN
DY MAX MIN AVG DEP HDD CDD WTR SNW DPTH SPD SPD DIR MIN PSBL S-S WX SPD DR
================================================================================
1 48 34 41 -2 24 0 0.00 0.0 0 9.7 22 330 M M 4 28 330
2 43 28 36 -8 29 0 0.00 0.0 0 4.9 12 10 M M 2 15 10
3 52 25 39 -5 26 0 0.00 0.0 0 6.0 14 110 M M 0 1 17 130
4 60 39 50 6 15 0 0.03 0.0 0 13.2 23 320 M M 7 1 30 320
5 54 26 40 -4 25 0 0.00 0.0 0 4.5 12 120 M M 2 14 90
6 51 37 44 0 21 0 0.37 0.0 0 9.0 20 20 M M 9 1 25 40
7 39 35 37 -7 28 0 0.00 0.0 0 8.9 16 40 M M 10 20 20
8 51 34 43 -2 22 0 0.00 0.0 0 6.8 14 130 M M 9 17 130
9 47 32 40 -5 25 0 T 0.0 0 9.7 15 10 M M 10 1 19 10
10 33 31 32 -13 33 0 0.05 T 0 10.5 20 10 M M 10 126 24 10
11 31 27 29 -16 36 0 0.24 T 0 13.6 21 10 M M 10 16 27 340
12 28 25 27 -18 38 0 T T 0 13.9 20 30 M M 10 1 26 30
13 29 23 26 -20 39 0 0.00 0.0 0 14.7 17 20 M M 10 23 20
14 24 17 21 -25 44 0 0.03 1.0 0 M M M M M M 4 M M
15 17 9 13 -33 52 0 0.29 5.0 3 12.4 20 340 M M 10 12 28 340
16 17 0 9 -37 56 0 0.00 0.0 5 6.1 12 50 M M 1 14 320
17 20 15 18 -28 47 0 0.57 12.5 6 10.2 20 20 M M 10 12 23 30
18 29 9 19 -28 46 0 T T 18 9.4 20 10 M M 7 18 24 10
19 31 6 19 -28 46 0 0.00 0.0 11 3.5 12 10 M M 0 128 14 10
20 36 4 20 -27 45 0 0.00 0.0 9 6.1 14 110 M M 3 128 16 110
21 51 16 34 -14 31 0 0.16 0.0 9 7.8 23 300 M M 6 128 32 290
22 59 30 45 -3 20 0 0.10 0.0 3 3.9 12 100 M M 2 12 12 100
23 73 35 54 6 11 0 0.00 0.0 T 8.0 17 190 M M 0 21 190
24 70 48 59 11 6 0 0.00 0.0 0 8.5 17 360 M M 5 22 360
25 57 44 51 2 14 0 0.54 0.0 0 12.5 20 20 M M 7 13 25 40
26 55 43 49 0 16 0 2.06 0.0 0 6.5 23 140 M M 10 13 33 160
27 53 48 51 2 14 0 0.27 0.0 0 4.7 10 40 M M 10 123 13 40
28 75 53 64 14 1 0 1.62 0.0 0 13.2 29 360 M M 8 13 37 360
================================================================================
SM 1233 773 810 0 6.33 18.5 238.2 M 172
================================================================================
AV 44.0 27.6 8.8 FASTST M M 6 MAX(MPH)
MISC ----> 29 360 37 360
================================================================================
NOTES:
# LAST OF SEVERAL OCCURRENCES
COLUMN 17 PEAK WIND IN M.P.H.
PRELIMINARY LOCAL CLIMATOLOGICAL DATA (WS FORM: F-6) , PAGE 2
STATION: PINE BLUFF
MONTH: FEBRUARY
YEAR: 2021
LATITUDE: 34 10 N
LONGITUDE: 91 56 W
[TEMPERATURE DATA] [PRECIPITATION DATA] SYMBOLS USED IN COLUMN 16
AVERAGE MONTHLY: 35.8 TOTAL FOR MONTH: 6.33 1 = FOG OR MIST
DPTR FM NORMAL: -10.3 DPTR FM NORMAL: 2.27 2 = FOG REDUCING VISIBILITY
HIGHEST: 75 ON 28 GRTST 24HR 2.31 ON 25-26 TO 1/4 MILE OR LESS
LOWEST: 0 ON 16 3 = THUNDER
SNOW, ICE PELLETS, HAIL 4 = ICE PELLETS
TOTAL MONTH: 18.5 INCHES 5 = HAIL
GRTST 24HR 12.5 ON 17-17 6 = FREEZING RAIN OR DRIZZLE
GRTST DEPTH: 18 ON 18 7 = DUSTSTORM OR SANDSTORM:
VSBY 1/2 MILE OR LESS
8 = SMOKE OR HAZE
[NO. OF DAYS WITH] [WEATHER - DAYS WITH] 9 = BLOWING SNOW
X = TORNADO
MAX 32 OR BELOW: 9 0.01 INCH OR MORE: 13
MAX 90 OR ABOVE: 0 0.10 INCH OR MORE: 10
MIN 32 OR BELOW: 17 0.50 INCH OR MORE: 4
MIN 0 OR BELOW: 1 1.00 INCH OR MORE: 2
[HDD (BASE 65) ]
TOTAL THIS MO. 810 CLEAR (SCALE 0-3) 8
DPTR FM NORMAL 280 PTCLDY (SCALE 4-7) 6
TOTAL FM JUL 1 2589 CLOUDY (SCALE 8-10) 14
DPTR FM NORMAL 203
[CDD (BASE 65) ]
TOTAL THIS MO. 0
DPTR FM NORMAL -2 [PRESSURE DATA]
TOTAL FM JAN 1 0 HIGHEST SLP 30.55 ON 19
DPTR FM NORMAL -1 LOWEST SLP 29.64 ON 4
[REMARKS]
#FINAL-02-21#