000
CXUS51 KBTV 010800
CF6PBG
PRELIMINARY LOCAL CLIMATOLOGICAL DATA (WS FORM: F-6)
STATION: PLATTSBURGH NY
MONTH: JANUARY
YEAR: 2024
LATITUDE: 44 39 N
LONGITUDE: 73 28 W
TEMPERATURE IN F: :PCPN: SNOW: WIND :SUNSHINE: SKY :PK WND
================================================================================
1 2 3 4 5 6A 6B 7 8 9 10 11 12 13 14 15 16 17 18
12Z AVG MX 2MIN
DY MAX MIN AVG DEP HDD CDD WTR SNW DPTH SPD SPD DIR MIN PSBL S-S WX SPD DR
================================================================================
1 25 21 23 1 42 0 T M M 6.0 14 360 M M 10 17 340
2 38 20 29 8 36 0 0.00 M M 5.1 13 150 M M 4 20 260
3 39 32 36 15 29 0 T M M 3.5 10 280 M M 10 1 15 280
4 33 14 24 3 41 0 0.01 M M 6.2 21 350 M M 5 1 27 320
5 31 11 21 0 44 0 0.00 M M 3.2 9 250 M M 7 16 290
6 31 17 24 4 41 0 0.08 M M 9.8 22 360 M M 10 1 27 10
7 29 18 24 4 41 0 0.33 M M 2.9 15 350 M M 10 12 17 350
8 31 17 24 4 41 0 0.00 M M 1.2 8 290 M M 9 11 280
9 34 22 28 8 37 0 0.33 M M 8.8 24 170 M M 9 1 32 160
10 46 34 40 20 25 0 0.32 M M 5.8 25 160 M M 8 1 34 150
11 34 24 29 10 36 0 0.01 M M 4.3 14 270 M M 10 1 24 250
12 27 23 25 6 40 0 0.00 M M 4.1 10 10 M M 8 12 360
13 41 24 33 14 32 0 0.42 M M 6.5 21 140 M M 10 1 27 150
14 34 23 29 10 36 0 T M M 6.2 18 270 M M 7 18 36 250
15 26 9 18 -1 47 0 T M M 3.5 10 230 M M 4 18 210
16 21 5 13 -6 52 0 0.10 M M 1.7 9 330 M M 7 18 10 330
17 22 4 13 -5 52 0 0.00 M M 5.6 13 180 M M 5 21 240
18 26 12 19 1 46 0 T M M 3.2 9 350 M M 8 1 14 210
19 20 0 10 -8 55 0 T M M 8.0 18 360 M M 5 1 22 20
20 13 -4 5 -13 60 0 T M M 3.5 13 320 M M 9 8 18 270
21 18 2 10 -8 55 0 T M M 5.0 13 330 M M 3 19 280
22 34 1 18 0 47 0 0.00 M M 7.0 15 150 M M 7 19 140
23 34 19 27 9 38 0 T T M 6.8 17 30 M M 10 22 30
24 35 17 26 8 39 0 0.35 M M 1.2 9 160 M M 10 1 11 160
25 34 31 33 15 32 0 0.11 M M 3.5 10 10 M M 10 1 11 10
26 37 31 34 16 31 0 0.45 M M 6.0 16 140 M M 10 1 18 140
27 34 32 33 15 32 0 0.01 M M 3.6 9 350 M M 10 1 M M
28 34 32 33 15 32 0 0.00 M M 12.4 14 350 M M 5 M M
29 M M M M M M 0.00 M M M M M M M M M M
30 23 23 23 5 42 0 0.00 M M 0.0 M M M M 10 M M
31 35 22 29 11 36 0 0.00 M M 2.8 8 170 M M 10 11 160
================================================================================
SM 919 536 1217 0 2.52 T 147.4 M 240
================================================================================
AV 30.6 17.9 4.9 FASTST M M 8 MAX(MPH)
MISC ----> 25 160 36 250
================================================================================
NOTES:
# LAST OF SEVERAL OCCURRENCES
COLUMN 17 PEAK WIND IN M.P.H.
PRELIMINARY LOCAL CLIMATOLOGICAL DATA (WS FORM: F-6) , PAGE 2
STATION: PLATTSBURGH NY
MONTH: JANUARY
YEAR: 2024
LATITUDE: 44 39 N
LONGITUDE: 73 28 W
[TEMPERATURE DATA] [PRECIPITATION DATA] SYMBOLS USED IN COLUMN 16
AVERAGE MONTHLY: 24.3 TOTAL FOR MONTH: 2.52 1 = FOG OR MIST
DPTR FM NORMAL: 5.1 DPTR FM NORMAL: 1.11 2 = FOG REDUCING VISIBILITY
HIGHEST: 46 ON 10 GRTST 24HR 1.10 ON 9-10 TO 1/4 MILE OR LESS
LOWEST: -4 ON 20 3 = THUNDER
SNOW, ICE PELLETS, HAIL 4 = ICE PELLETS
TOTAL MONTH: T 5 = HAIL
GRTST 24HR T ON 23-23 6 = FREEZING RAIN OR DRIZZLE
GRTST DEPTH: M ON M 7 = DUSTSTORM OR SANDSTORM:
VSBY 1/2 MILE OR LESS
8 = SMOKE OR HAZE
[NO. OF DAYS WITH] [WEATHER - DAYS WITH] 9 = BLOWING SNOW
X = TORNADO
MAX 32 OR BELOW: 14 0.01 INCH OR MORE: 12
MAX 90 OR ABOVE: 0 0.10 INCH OR MORE: 8
MIN 32 OR BELOW: 29 0.50 INCH OR MORE: 0
MIN 0 OR BELOW: 2 1.00 INCH OR MORE: 0
[HDD (BASE 65) ]
TOTAL THIS MO. 1217 CLEAR (SCALE 0-3) 0
DPTR FM NORMAL -205 PTCLDY (SCALE 4-7) 14
TOTAL FM JUL 1 3617 CLOUDY (SCALE 8-10) 17
DPTR FM NORMAL -601
[CDD (BASE 65) ]
TOTAL THIS MO. 0
DPTR FM NORMAL 0 [PRESSURE DATA]
TOTAL FM JAN 1 0 HIGHEST SLP 30.27 ON 30
DPTR FM NORMAL 0 LOWEST SLP 29.83 ON 29
[REMARKS]
#FINAL-01-24#