000
CXUS53 KARX 011000
CF6PDC
PRELIMINARY LOCAL CLIMATOLOGICAL DATA (WS FORM: F-6)
STATION: PRAIRIE_DU_CHIEN_MUN
MONTH: FEBRUARY
YEAR: 2023
LATITUDE: 43 1 N
LONGITUDE: 91 7 W
TEMPERATURE IN F: :PCPN: SNOW: WIND :SUNSHINE: SKY :PK WND
================================================================================
1 2 3 4 5 6A 6B 7 8 9 10 11 12 13 14 15 16 17 18
12Z AVG MX 2MIN
DY MAX MIN AVG DEP HDD CDD WTR SNW DPTH SPD SPD DIR MIN PSBL S-S WX SPD DR
================================================================================
1 24 -5 10 M 55 0 0.00 0.0 M 0.8 7 210 M M 0 M M
2 26 1 14 M 51 0 0.00 0.0 M 7.9 20 320 M M 0 25 320
3 8 -8 0 M 65 0 0.00 0.0 M 3.1 9 310 M M 6 M M
4 35 6 21 M 44 0 0.00 0.0 M 3.6 8 200 M M 0 M M
5 37 18 28 M 37 0 0.00 0.0 M 3.3 12 290 M M 1 M M
6 44 12 28 M 37 0 T 0.0 M 6.0 16 110 M M 3 1 23 110
7 42 27 35 M 30 0 0.00 0.0 M 9.4 18 270 M M 5 21 270
8 47 22 35 M 30 0 0.00 0.0 M 0.5 8 210 M M 0 M M
9 39 31 35 M 30 0 0.03 M M 6.8 13 300 M M 9 18 290
10 34 19 27 M 38 0 0.00 0.0 M 7.4 13 310 M M 0 17 310
11 46 20 33 M 32 0 0.00 0.0 M 3.1 12 240 M M 0 22 240
12 48 25 37 M 28 0 0.00 0.0 M 2.0 9 290 M M 0 M M
13 48 27 38 M 27 0 0.00 0.0 0 3.5 8 280 M M 0 M M
14 M M M M M M M 0.0 0 M M M M M M M M
15 M M M M M M M 0.0 0 M M M M M M M M
16 M 17 M M M M M M 0 M M M M M 8 M M
17 27 7 17 M 48 0 0.00 0.0 M 3.9 12 200 M M 2 M M
18 42 23 33 M 32 0 0.00 0.0 M 2.4 8 180 M M 0 M M
19 47 26 37 M 28 0 0.00 0.0 0 7.6 13 280 M M 1 20 190
20 47 21 34 M 31 0 0.00 0.0 0 5.9 17 280 M M 5 24 280
21 31 13 22 M 43 0 M M 0 8.6 24 280 M M 6 33 270
22 29 27 28 M 37 0 M M 0 9.4 15 60 M M 10 8 23 70
23 30 12 21 M 44 0 M M M 10.5 21 280 M M 9 16 30 260
24 23 6 15 M 50 0 M M M 3.4 9 290 M M 6 M M
25 35 19 27 M 38 0 0.00 0.0 M 3.9 9 180 M M 4 M M
26 44 17 31 M 34 0 0.00 0.0 M 3.9 12 100 M M 1 M M
27 41 36 39 M 26 0 1.29 0.0 M 10.1 15 90 M M 10 22 110
28 42 28 35 M 30 0 M M M 2.0 10 290 M M 5 1 M M
================================================================================
SM 916 447 945 0 1.32 0.0 129.0 M 91
================================================================================
AV 36.6 17.2 5.2 FASTST M M 4 MAX(MPH)
MISC ----> 24 280 33 270
================================================================================
NOTES:
# LAST OF SEVERAL OCCURRENCES
COLUMN 17 PEAK WIND IN M.P.H.
PRELIMINARY LOCAL CLIMATOLOGICAL DATA (WS FORM: F-6) , PAGE 2
STATION: PRAIRIE_DU_CHIEN_MUN
MONTH: FEBRUARY
YEAR: 2023
LATITUDE: 43 1 N
LONGITUDE: 91 7 W
[TEMPERATURE DATA] [PRECIPITATION DATA] SYMBOLS USED IN COLUMN 16
AVERAGE MONTHLY: 26.9 TOTAL FOR MONTH: 1.32 1 = FOG OR MIST
DPTR FM NORMAL: 0.0 DPTR FM NORMAL: 1.32 2 = FOG REDUCING VISIBILITY
HIGHEST: 48 ON 13,12 GRTST 24HR 1.29 ON 27-27 TO 1/4 MILE OR LESS
LOWEST: -8 ON 3 3 = THUNDER
SNOW, ICE PELLETS, HAIL 4 = ICE PELLETS
TOTAL MONTH: 0.0 INCH 5 = HAIL
GRTST 24HR 0.0 6 = FREEZING RAIN OR DRIZZLE
GRTST DEPTH: 0 7 = DUSTSTORM OR SANDSTORM:
VSBY 1/2 MILE OR LESS
8 = SMOKE OR HAZE
[NO. OF DAYS WITH] [WEATHER - DAYS WITH] 9 = BLOWING SNOW
X = TORNADO
MAX 32 OR BELOW: 8 0.01 INCH OR MORE: 2
MAX 90 OR ABOVE: 0 0.10 INCH OR MORE: 1
MIN 32 OR BELOW: 25 0.50 INCH OR MORE: 1
MIN 0 OR BELOW: 2 1.00 INCH OR MORE: 1
[HDD (BASE 65) ]
TOTAL THIS MO. 945 CLEAR (SCALE 0-3) 14
DPTR FM NORMAL M PTCLDY (SCALE 4-7) 8
TOTAL FM JUL 1 4805 CLOUDY (SCALE 8-10) 6
DPTR FM NORMAL M
[CDD (BASE 65) ]
TOTAL THIS MO. 0
DPTR FM NORMAL M [PRESSURE DATA]
TOTAL FM JAN 1 0 HIGHEST SLP M ON M
DPTR FM NORMAL M LOWEST SLP M ON M
[REMARKS]
#FINAL-02-23#