000
CXUS52 KFFC 011010
CF6PDK
PRELIMINARY LOCAL CLIMATOLOGICAL DATA (WS FORM: F-6)
STATION: DEKALB PEACHTREE AIRPORT
MONTH: OCTOBER
YEAR: 2022
LATITUDE: 33 52 N
LONGITUDE: 84 18 W
TEMPERATURE IN F: :PCPN: SNOW: WIND :SUNSHINE: SKY :PK WND
================================================================================
1 2 3 4 5 6A 6B 7 8 9 10 11 12 13 14 15 16 17 18
12Z AVG MX 2MIN
DY MAX MIN AVG DEP HDD CDD WTR SNW DPTH SPD SPD DIR MIN PSBL S-S WX SPD DR
================================================================================
1 75 53 64 -4 1 0 0.00 M M 10.4 25 340 M M 1 36 360
2 76 53 65 -3 0 0 0.00 M M 8.9 16 320 M M 1 24 310
3 76 48 62 -5 3 0 0.00 M M 3.3 10 340 M M 1 15 100
4 75 48 62 -5 3 0 0.00 M M 3.5 14 280 M M 3 19 280
5 77 41 59 -7 6 0 0.00 M M 3.2 13 350 M M 0 20 340
6 79 43 61 -5 4 0 0.00 M M 2.6 12 310 M M 0 16 330
7 81 46 64 -2 1 0 0.00 M M 4.3 15 300 M M 0 18 22 340
8 73 47 60 -5 5 0 0.00 M M 8.4 16 310 M M 0 23 300
9 72 40 56 -9 9 0 0.00 M M 3.2 9 310 M M 4 14 20
10 74 42 58 -6 7 0 0.00 M M 2.3 10 340 M M 0 14 350
11 76 51 64 0 1 0 0.00 M M 3.5 10 150 M M 3 18 30
12 70 60 65 2 0 0 0.47 M M 4.1 14 150 M M 9 13 25 140
13 75 52 64 1 1 0 0.52 M M 7.0 18 290 M M 5 13 30 280
14 72 42 57 -6 8 0 0.00 M M 2.5 13 240 M M 0 19 250
15 79 43 61 -1 4 0 0.00 M M 3.5 14 220 M M 0 19 260
16 80 47 64 2 1 0 0.00 M M 3.2 12 230 M M 0 1 17 260
17 73 49 61 0 4 0 0.00 M M 9.1 22 320 M M 2 30 320
18 51 36 44 -17 21 0 0.00 M M 11.3 23 330 M M 0 33 330
19 57 34 46 -15 19 0 0.00 M M 7.3 17 350 M M 0 24 290
20 60 28 44 -16 21 0 0.00 M M 2.8 15 240 M M 0 22 290
21 67 32 50 -10 15 0 0.00 M M 1.2 8 350 M M 0 11 340
22 72 36 54 -5 11 0 0.00 M M 1.1 7 200 M M 0 13 240
23 73 36 55 -4 10 0 0.00 M M 0.6 7 260 M M 0 1 12 160
24 75 41 58 -1 7 0 0.00 M M 1.6 9 180 M M 0 1 16 180
25 73 46 60 2 5 0 0.28 M M 5.0 16 170 M M 3 13 31 180
26 63 46 55 -3 10 0 T M M 8.7 16 320 M M 4 24 330
27 70 40 55 -3 10 0 0.00 M M 3.3 12 30 M M 0 19 60
28 67 52 60 3 5 0 0.00 M M 4.0 10 130 M M 2 22 50
29 64 50 57 0 8 0 0.00 M M 4.9 10 70 M M 7 1 20 100
30 57 54 56 0 9 0 0.24 M M 3.8 9 100 M M 10 1 17 110
31 73 52 63 7 2 0 0.26 M M 2.3 12 240 M M 8 12 15 270
================================================================================
SM 2205 1388 211 0 1.77 M 140.9 M 63
================================================================================
AV 71.1 44.8 4.5 FASTST M M 2 MAX(MPH)
MISC ----> 25 340 36 360
================================================================================
NOTES:
# LAST OF SEVERAL OCCURRENCES
COLUMN 17 PEAK WIND IN M.P.H.
PRELIMINARY LOCAL CLIMATOLOGICAL DATA (WS FORM: F-6) , PAGE 2
STATION: DEKALB PEACHTREE AIRPORT
MONTH: OCTOBER
YEAR: 2022
LATITUDE: 33 52 N
LONGITUDE: 84 18 W
[TEMPERATURE DATA] [PRECIPITATION DATA] SYMBOLS USED IN COLUMN 16
AVERAGE MONTHLY: 58.0 TOTAL FOR MONTH: 1.77 1 = FOG OR MIST
DPTR FM NORMAL: -3.9 DPTR FM NORMAL: -1.62 2 = FOG REDUCING VISIBILITY
HIGHEST: 81 ON 7 GRTST 24HR 0.99 ON 12-13 TO 1/4 MILE OR LESS
LOWEST: 28 ON 20 3 = THUNDER
SNOW, ICE PELLETS, HAIL 4 = ICE PELLETS
TOTAL MONTH: M 5 = HAIL
GRTST 24HR M ON M 6 = FREEZING RAIN OR DRIZZLE
GRTST DEPTH: M ON M 7 = DUSTSTORM OR SANDSTORM:
VSBY 1/2 MILE OR LESS
8 = SMOKE OR HAZE
[NO. OF DAYS WITH] [WEATHER - DAYS WITH] 9 = BLOWING SNOW
X = TORNADO
MAX 32 OR BELOW: 0 0.01 INCH OR MORE: 5
MAX 90 OR ABOVE: 0 0.10 INCH OR MORE: 5
MIN 32 OR BELOW: 2 0.50 INCH OR MORE: 1
MIN 0 OR BELOW: 0 1.00 INCH OR MORE: 0
[HDD (BASE 65) ]
TOTAL THIS MO. 211 CLEAR (SCALE 0-3) 23
DPTR FM NORMAL 65 PTCLDY (SCALE 4-7) 6
TOTAL FM JUL 1 230 CLOUDY (SCALE 8-10) 2
DPTR FM NORMAL 73
[CDD (BASE 65) ]
TOTAL THIS MO. 0
DPTR FM NORMAL -48 [PRESSURE DATA]
TOTAL FM JAN 1 1831 HIGHEST SLP 30.34 ON 29
DPTR FM NORMAL 108 LOWEST SLP 29.74 ON 17
[REMARKS]
#FINAL-10-22#