218
CXUS56 KPDT 011810
CF6PDT
PRELIMINARY LOCAL CLIMATOLOGICAL DATA (WS FORM: F-6)
STATION: PENDLETON OR
MONTH: SEPTEMBER
YEAR: 2020
LATITUDE: 45 40 N
LONGITUDE: 118 51 W
TEMPERATURE IN F: :PCPN: SNOW: WIND :SUNSHINE: SKY :PK WND
================================================================================
1 2 3 4 5 6A 6B 7 8 9 10 11 12 13 14 15 16 17 18
12Z AVG MX 2MIN
DY MAX MIN AVG DEP HDD CDD WTR SNW DPTH SPD SPD DIR MIN PSBL S-S WX SPD DR
================================================================================
1 92 52 72 4 0 7 0.00 0.0 0 7.1 12 270 M M 0 8 18 260
2 95 58 77 9 0 12 0.00 0.0 0 6.5 13 290 M M 0 8 21 300
3 95 58 77 9 0 12 0.00 0.0 0 6.2 10 80 M M 0 8 M M
4 98 57 78 11 0 13 0.00 0.0 0 6.4 16 30 M M 0 22 340
5 92 61 77 10 0 12 0.00 0.0 0 6.2 14 300 M M 0 20 300
6 93 51 72 5 0 7 0.00 0.0 0 6.9 15 300 M M 0 19 290
7 80 48 64 -2 1 0 T 0.0 0 16.6 44 30 M M 4 8 55 30
8 75 39 57 -9 8 0 0.00 0.0 0 7.9 17 50 M M 0 8 23 40
9 81 41 61 -5 4 0 0.00 0.0 0 6.6 12 160 M M 0 8 16 330
10 89 48 69 4 0 4 0.00 0.0 0 6.5 13 140 M M 0 8 15 10
11 81 53 67 2 0 2 0.00 0.0 0 6.4 12 130 M M 6 8 14 330
12 78 57 68 3 0 3 0.00 0.0 0 5.9 13 130 M M 10 8 14 140
13 76 55 66 2 0 1 0.00 0.0 0 6.9 13 310 M M 10 8 16 300
14 80 55 68 4 0 3 0.00 0.0 0 6.5 14 310 M M 10 8 18 290
15 80 54 67 3 0 2 0.00 0.0 0 6.3 14 290 M M 10 8 16 290
16 80 48 64 1 1 0 0.00 0.0 0 5.2 10 290 M M 10 8 13 300
17 78 50 64 1 1 0 0.00 0.0 0 6.0 12 60 M M 10 8 13 80
18 75 52 64 1 1 0 0.05 0.0 0 8.1 24 250 M M 10 138 32 250
19 75 52 64 2 1 0 T 0.0 0 10.7 22 260 M M 6 18 28 260
20 76 50 63 1 2 0 0.00 0.0 0 5.6 12 140 M M 0 19 300
21 78 48 63 1 2 0 0.00 0.0 0 6.2 13 310 M M 0 8 21 300
22 78 57 68 7 0 3 0.00 0.0 0 5.8 16 260 M M 1 8 20 260
23 85 57 71 10 0 6 T 0.0 0 9.6 35 300 M M 2 8 43 290
24 73 49 61 1 4 0 0.07 0.0 0 9.1 23 280 M M 4 18 30 290
25 72 49 61 1 4 0 0.02 0.0 0 13.5 28 240 M M 6 35 240
26 70 52 61 1 4 0 T 0.0 0 15.6 24 270 M M 3 32 280
27 71 49 60 1 5 0 0.00 0.0 0 5.8 13 270 M M 2 M M
28 78 42 60 1 5 0 0.00 0.0 0 5.8 12 80 M M 0 8 15 50
29 84 45 65 7 0 0 0.00 0.0 0 4.9 10 80 M M 0 8 19 100
30 83 47 65 7 0 0 0.00 0.0 0 6.7 14 340 M M 0 8 18 310
================================================================================
SM 2441 1534 43 87 0.14 0.0 227.5 M 104
================================================================================
AV 81.4 51.1 7.6 FASTST M M 3 MAX(MPH)
MISC ----> 44 30 55 30
================================================================================
NOTES:
# LAST OF SEVERAL OCCURRENCES
COLUMN 17 PEAK WIND IN M.P.H.
PRELIMINARY LOCAL CLIMATOLOGICAL DATA (WS FORM: F-6) , PAGE 2
STATION: PENDLETON OR
MONTH: SEPTEMBER
YEAR: 2020
LATITUDE: 45 40 N
LONGITUDE: 118 51 W
[TEMPERATURE DATA] [PRECIPITATION DATA] SYMBOLS USED IN COLUMN 16
AVERAGE MONTHLY: 66.3 TOTAL FOR MONTH: 0.14 1 = FOG OR MIST
DPTR FM NORMAL: 2.8 DPTR FM NORMAL: -0.43 2 = FOG REDUCING VISIBILITY
HIGHEST: 98 ON 4 GRTST 24HR 0.07 ON 24-24 TO 1/4 MILE OR LESS
LOWEST: 39 ON 8 3 = THUNDER
SNOW, ICE PELLETS, HAIL 4 = ICE PELLETS
TOTAL MONTH: 0.0 INCH 5 = HAIL
GRTST 24HR 0.0 6 = FREEZING RAIN OR DRIZZLE
GRTST DEPTH: 0 7 = DUSTSTORM OR SANDSTORM:
VSBY 1/2 MILE OR LESS
8 = SMOKE OR HAZE
[NO. OF DAYS WITH] [WEATHER - DAYS WITH] 9 = BLOWING SNOW
X = TORNADO
MAX 32 OR BELOW: 0 0.01 INCH OR MORE: 3
MAX 90 OR ABOVE: 6 0.10 INCH OR MORE: 0
MIN 32 OR BELOW: 0 0.50 INCH OR MORE: 0
MIN 0 OR BELOW: 0 1.00 INCH OR MORE: 0
[HDD (BASE 65) ]
TOTAL THIS MO. 43 CLEAR (SCALE 0-3) 18
DPTR FM NORMAL -69 PTCLDY (SCALE 4-7) 5
TOTAL FM JUL 1 48 CLOUDY (SCALE 8-10) 7
DPTR FM NORMAL -86
[CDD (BASE 65) ]
TOTAL THIS MO. 87
DPTR FM NORMAL 23 [PRESSURE DATA]
TOTAL FM JAN 1 738 HIGHEST SLP 30.43 ON 28
DPTR FM NORMAL 104 LOWEST SLP 29.68 ON 23
[REMARKS]
#FINAL-09-20#