000
CXUS56 KPDT 011544
CLMPDT
CLIMATE REPORT
NATIONAL WEATHER SERVICE PENDLETON, OR
844 AM PDT MON MAY 01 2023
...................................
...THE PENDLETON OR CLIMATE SUMMARY FOR THE MONTH OF APRIL 2023...
CLIMATE NORMAL PERIOD 1991 TO 2020
CLIMATE RECORD PERIOD 1890 TO 2023
WEATHER OBSERVED NORMAL DEPART LAST YEAR`S
VALUE DATE(S) VALUE FROM VALUE DATE(S)
NORMAL
................................................................
TEMPERATURE (F)
RECORD
HIGH 95 04/22/1934
LOW 17 04/11/1927
HIGHEST 84 04/29 71 04/24
LOWEST 28 04/05 27 04/06
04/13
AVG. MAXIMUM 60.3 61.8 -1.5 56.2
AVG. MINIMUM 38.6 38.3 0.3 35.0
MEAN 49.4 50.1 -0.7 45.6
DAYS MAX >= 90 0 0.0 0.0 0
DAYS MAX <= 32 0 0.0 0.0 0
DAYS MIN <= 32 6 4.4 1.6 13
DAYS MIN <= 0 0 0.0 0.0 0
PRECIPITATION (INCHES)
RECORD
MAXIMUM 2.78 1978
MINIMUM 0.01 1956
TOTALS 1.71 1.21 0.50 2.02
DAILY AVG. 0.06 0.04 0.02 0.07
DAYS >= .01 12 9.6 2.4 15
DAYS >= .10 6 4.4 1.6 4
DAYS >= .50 0 0.2 -0.2 1
DAYS >= 1.00 0 0.0 0.0 0
GREATEST
24 HR. TOTAL 0.36 04/07 TO 04/07 0.75 04/30 TO 04/30
DEGREE DAYS
HEATING TOTAL 459 449 10 573
SINCE 7/1 4876 5018 -142
COOLING TOTAL 2 1 1 0
SINCE 1/1 2 1 1
................................................................
WIND (MPH)
AVERAGE WIND SPEED 8.6
RESULTANT WIND SPEED/DIRECTION 4/230
HIGHEST WIND SPEED/DIRECTION 33/270 DATE 04/01
33/260 04/17
HIGHEST GUST SPEED/DIRECTION 44/260 DATE 04/01
AVERAGE RH (PERCENT) 60
WEATHER CONDITIONS. NUMBER OF DAYS WITH
THUNDERSTORM 3 MIXED PRECIP 0
HEAVY RAIN 2 RAIN 4
LIGHT RAIN 15 FREEZING RAIN 0
LT FREEZING RAIN 0 HAIL 0
HEAVY SNOW 1 SNOW 1
LIGHT SNOW 2 SLEET 0
FOG 3 FOG W/VIS <= 1/4 MILE 1
HAZE 1
- INDICATES NEGATIVE NUMBERS.
R INDICATES RECORD WAS SET OR TIED.
MM INDICATES DATA IS MISSING.
T INDICATES TRACE AMOUNT.
$$