000
CXUS54 KMAF 011210
CF6PEQ
PRELIMINARY LOCAL CLIMATOLOGICAL DATA (WS FORM: F-6)
STATION: PECOS MUNICIPAL AIRPORT
MONTH: DECEMBER
YEAR: 2022
LATITUDE: 31 22 N
LONGITUDE: 103 31 W
TEMPERATURE IN F: :PCPN: SNOW: WIND :SUNSHINE: SKY :PK WND
================================================================================
1 2 3 4 5 6A 6B 7 8 9 10 11 12 13 14 15 16 17 18
12Z AVG MX 2MIN
DY MAX MIN AVG DEP HDD CDD WTR SNW DPTH SPD SPD DIR MIN PSBL S-S WX SPD DR
================================================================================
1 56 32 44 M 21 0 M M M 2.3 9 90 M M 0 M M
2 80 32 56 M 9 0 M M M 4.9 25 240 M M 0 32 0
3 55 43 49 M 16 0 M M M 4.5 14 40 M M 0 20 40
4 62 39 51 M 14 0 M M M 1.6 6 230 M M 0 M M
5 77 47 62 M 3 0 M M M 7.0 14 230 M M 1 24 210
6 72 57 65 M 0 0 M M M 4.9 9 280 M M 2 M M
7 74 56 65 M 0 0 0.06 M M 3.7 16 330 M M 7 21 330
8 73 53 63 M 2 0 0.01 M M 2.2 6 110 M M 5 12 M M
9 62 52 57 M 8 0 M M M 5.1 12 330 M M 6 M M
10 60 46 53 M 12 0 0.02 M M 4.6 12 310 M M 6 18 18 310
11 68 47 58 M 7 0 M M M 4.4 9 60 M M 6 12 M M
12 76 40 58 M 7 0 M M M 6.5 25 280 M M 3 12 30 280
13 57 40 49 M 16 0 M M M 15.2 25 260 M M 0 35 260
14 57 37 47 M 18 0 M M M 16.4 30 270 M M 0 40 250
15 60 29 45 M 20 0 M M M 4.2 13 270 M M 0 21 270
16 52 34 43 M 22 0 M M M 4.3 10 320 M M 0 M M
17 55 23 39 M 26 0 M M M 2.0 6 30 M M 1 M M
18 58 27 43 M 22 0 M M M 3.2 13 90 M M 0 M M
19 66 30 48 M 17 0 M M M 7.3 21 270 M M 0 28 260
20 52 30 41 M 24 0 M M M 5.3 10 80 M M 0 M M
21 56 31 44 M 21 0 M M M 3.6 8 200 M M 2 M M
22 56 17 37 M 28 0 M M M 11.3 20 40 M M 0 26 360
23 27 14 21 M 44 0 M M M 4.7 9 40 M M 0 M M
24 40 17 29 M 36 0 M M M 3.2 9 80 M M 0 M M
25 54 18 36 M 29 0 M M M 3.4 9 210 M M 0 M M
26 61 29 45 M 20 0 M M M 7.5 17 330 M M 0 24 330
27 71 25 48 M 17 0 M M M 3.1 9 180 M M 0 M M
28 75 39 57 M 8 0 M M M 9.1 18 230 M M 0 24 250
29 67 45 56 M 9 0 M M M 9.6 26 280 M M 0 35 280
30 58 40 49 M 16 0 0.06 M M 3.6 10 220 M M 5 M M
31 71 44 58 M 7 0 M M M 14.7 23 250 M M 0 30 250
================================================================================
SM 1908 1113 499 0 0.15 M 183.5 M 44
================================================================================
AV 61.5 35.9 5.9 FASTST M M 1 MAX(MPH)
MISC ----> 30 270 40 250
================================================================================
NOTES:
# LAST OF SEVERAL OCCURRENCES
COLUMN 17 PEAK WIND IN M.P.H.
PRELIMINARY LOCAL CLIMATOLOGICAL DATA (WS FORM: F-6) , PAGE 2
STATION: PECOS MUNICIPAL AIRPORT
MONTH: DECEMBER
YEAR: 2022
LATITUDE: 31 22 N
LONGITUDE: 103 31 W
[TEMPERATURE DATA] [PRECIPITATION DATA] SYMBOLS USED IN COLUMN 16
AVERAGE MONTHLY: 48.7 TOTAL FOR MONTH: 0.15 1 = FOG OR MIST
DPTR FM NORMAL: 0.0 DPTR FM NORMAL: M 2 = FOG REDUCING VISIBILITY
HIGHEST: 80 ON 2 GRTST 24HR 0.06 ON 7- 7 TO 1/4 MILE OR LESS
LOWEST: 14 ON 23 3 = THUNDER
SNOW, ICE PELLETS, HAIL 4 = ICE PELLETS
TOTAL MONTH: M 5 = HAIL
GRTST 24HR M ON M 6 = FREEZING RAIN OR DRIZZLE
GRTST DEPTH: M ON M 7 = DUSTSTORM OR SANDSTORM:
VSBY 1/2 MILE OR LESS
8 = SMOKE OR HAZE
[NO. OF DAYS WITH] [WEATHER - DAYS WITH] 9 = BLOWING SNOW
X = TORNADO
MAX 32 OR BELOW: 1 0.01 INCH OR MORE: 4
MAX 90 OR ABOVE: 0 0.10 INCH OR MORE: 0
MIN 32 OR BELOW: 14 0.50 INCH OR MORE: 0
MIN 0 OR BELOW: 0 1.00 INCH OR MORE: 0
[HDD (BASE 65) ]
TOTAL THIS MO. 499 CLEAR (SCALE 0-3) 24
DPTR FM NORMAL M PTCLDY (SCALE 4-7) 7
TOTAL FM JUL 1 1026 CLOUDY (SCALE 8-10) 0
DPTR FM NORMAL M
[CDD (BASE 65) ]
TOTAL THIS MO. 0
DPTR FM NORMAL M [PRESSURE DATA]
TOTAL FM JAN 1 2988 HIGHEST SLP M ON M
DPTR FM NORMAL M LOWEST SLP M ON M
[REMARKS]
#FINAL-12-22#