000
CXUS54 KEWX 011010
CF6PEZ
PRELIMINARY LOCAL CLIMATOLOGICAL DATA (WS FORM: F-6)
STATION: PLEASANTON MUNICIPAL AIRPORT
MONTH: MARCH
YEAR: 2020
LATITUDE: 28 57 N
LONGITUDE: 98 31 W
TEMPERATURE IN F: :PCPN: SNOW: WIND :SUNSHINE: SKY :PK WND
================================================================================
1 2 3 4 5 6A 6B 7 8 9 10 11 12 13 14 15 16 17 18
12Z AVG MX 2MIN
DY MAX MIN AVG DEP HDD CDD WTR SNW DPTH SPD SPD DIR MIN PSBL S-S WX SPD DR
================================================================================
1 79 57 68 M 0 3 0.00 M M 5.8 9 150 M M 2 M M
2 80 59 70 M 0 5 0.00 M M 3.6 10 150 M M 5 1 17 140
3 79 60 70 M 0 5 0.00 M M 6.1 14 120 M M 8 12 20 120
4 76 55 66 M 0 1 0.11 M M 11.6 21 330 M M 5 1 36 320
5 75 46 61 M 4 0 0.00 M M 6.7 13 350 M M 1 20 350
6 75 42 59 M 6 0 0.00 M M 6.1 15 60 M M 0 22 50
7 69 49 59 M 6 0 0.00 M M 5.2 14 120 M M 4 22 140
8 78 47 63 M 2 0 0.00 M M 9.1 17 150 M M 2 1 27 150
9 76 62 69 M 0 4 0.01 M M 7.4 14 160 M M 7 3 18 160
10 81 61 71 M 0 6 0.00 M M 5.2 14 160 M M 7 18 M M
11 89 58 74 M 0 9 0.00 M M 5.4 14 140 M M 4 12 24 140
12 89 63 76 M 0 11 0.00 M M 7.7 13 160 M M 3 21 120
13 86 67 77 M 0 12 0.00 M M 9.3 17 130 M M 7 23 130
14 86 70 78 M 0 13 0.00 M M 9.6 15 120 M M 7 22 140
15 83 68 76 M 0 11 0.00 M M 8.2 14 120 M M 9 1 24 140
16 78 65 72 M 0 7 0.01 M M 6.5 12 110 M M 7 17 110
17 88 67 78 M 0 13 0.00 M M 10.2 24 160 M M 6 31 160
18 90 67 79 M 0 14 0.01 M M 8.6 15 130 M M 5 23 130
19 89 65 77 M 0 12 0.11 M M 8.1 13 110 M M 6 3 20 140
20 70 53 62 M 3 0 1.89 M M 11.9 22 130 M M 10 3 31 110
21 53 49 51 M 14 0 0.84 M M 7.2 16 40 M M 10 13 23 40
22 67 53 60 M 5 0 0.01 M M 2.8 8 50 M M 10 1 M M
23 87 63 75 M 0 10 0.00 M M 5.4 15 140 M M 7 12 24 140
24 89 64 77 M 0 12 0.00 M M 2.5 7 360 M M 4 1 M M
25 86 64 75 M 0 10 0.00 M M 4.4 12 130 M M 5 128 20 130
26 93 65 79 M 0 14 0.00 M M 7.7 14 130 M M 4 1 23 130
27 92 68 80 M 0 15 0.00 M M 8.7 15 180 M M 4 25 180
28 81 53 67 M 0 2 0.01 M M 4.0 14 350 M M 4 13 38 350
29 79 48 64 M 1 0 0.00 M M 4.7 14 70 M M 5 24 70
30 76 65 71 M 0 6 0.02 M M 3.2 6 100 M M 9 18 M M
31 80 58 69 M 0 4 0.00 M M 6.0 13 50 M M 0 12 20 20
================================================================================
SM 2499 1831 41 199 3.02 M 208.9 M 167
================================================================================
AV 80.6 59.1 6.7 FASTST M M 5 MAX(MPH)
MISC ----> # 24 160 # 38 350
================================================================================
NOTES:
# LAST OF SEVERAL OCCURRENCES
COLUMN 17 PEAK WIND IN M.P.H.
PRELIMINARY LOCAL CLIMATOLOGICAL DATA (WS FORM: F-6) , PAGE 2
STATION: PLEASANTON MUNICIPAL AIRPORT
MONTH: MARCH
YEAR: 2020
LATITUDE: 28 57 N
LONGITUDE: 98 31 W
[TEMPERATURE DATA] [PRECIPITATION DATA] SYMBOLS USED IN COLUMN 16
AVERAGE MONTHLY: 69.8 TOTAL FOR MONTH: 3.02 1 = FOG OR MIST
DPTR FM NORMAL: M DPTR FM NORMAL: M 2 = FOG REDUCING VISIBILITY
HIGHEST: 93 ON 26 GRTST 24HR 1.89 ON 20-20 TO 1/4 MILE OR LESS
LOWEST: 42 ON 6 3 = THUNDER
SNOW, ICE PELLETS, HAIL 4 = ICE PELLETS
TOTAL MONTH: M 5 = HAIL
GRTST 24HR M ON M 6 = FREEZING RAIN OR DRIZZLE
GRTST DEPTH: M ON M 7 = DUSTSTORM OR SANDSTORM:
VSBY 1/2 MILE OR LESS
8 = SMOKE OR HAZE
[NO. OF DAYS WITH] [WEATHER - DAYS WITH] 9 = BLOWING SNOW
X = TORNADO
MAX 32 OR BELOW: 0 0.01 INCH OR MORE: 10
MAX 90 OR ABOVE: 3 0.10 INCH OR MORE: 4
MIN 32 OR BELOW: 0 0.50 INCH OR MORE: 2
MIN 0 OR BELOW: 0 1.00 INCH OR MORE: 1
[HDD (BASE 65) ]
TOTAL THIS MO. 41 CLEAR (SCALE 0-3) 6
DPTR FM NORMAL M PTCLDY (SCALE 4-7) 20
TOTAL FM JUL 1 1255 CLOUDY (SCALE 8-10) 5
DPTR FM NORMAL M
[CDD (BASE 65) ]
TOTAL THIS MO. 199
DPTR FM NORMAL M [PRESSURE DATA]
TOTAL FM JAN 1 260 HIGHEST SLP M ON M
DPTR FM NORMAL M LOWEST SLP M ON M
[REMARKS]
#FINAL-03-20#