000
CXUS54 KEWX 011110
CF6PEZ
PRELIMINARY LOCAL CLIMATOLOGICAL DATA (WS FORM: F-6)
STATION: PLEASANTON MUNICIPAL AIRPORT
MONTH: NOVEMBER
YEAR: 2023
LATITUDE: 28 57 N
LONGITUDE: 98 31 W
TEMPERATURE IN F: :PCPN: SNOW: WIND :SUNSHINE: SKY :PK WND
================================================================================
1 2 3 4 5 6A 6B 7 8 9 10 11 12 13 14 15 16 17 18
12Z AVG MX 2MIN
DY MAX MIN AVG DEP HDD CDD WTR SNW DPTH SPD SPD DIR MIN PSBL S-S WX SPD DR
================================================================================
1 65 37 51 M 14 0 0.00 M M 2.9 12 40 M M 0 M M
2 72 46 59 M 6 0 0.00 M M 3.7 9 150 M M 9 M M
3 81 55 68 M 0 3 0.00 M M 2.8 8 140 M M 4 M M
4 84 52 68 M 0 3 0.00 M M 2.5 9 170 M M 2 1 M M
5 84 56 70 M 0 5 0.00 M M 2.2 7 210 M M 0 M M
6 83 64 74 M 0 9 0.00 M M 4.8 13 190 M M 1 1 18 170
7 89 60 75 M 0 10 0.00 M M 3.9 10 160 M M 1 12 16 210
8 90 64 77 M 0 12 0.00 M M 4.6 15 140 M M 3 12 20 140
9 82 62 72 M 0 7 0.02 M M 3.7 12 30 M M 7 20 30
10 63 57 60 M 5 0 0.01 M M 8.4 15 10 M M 10 18 10
11 63 58 61 M 4 0 0.02 M M 4.2 10 50 M M 10 1 M M
12 62 59 61 M 4 0 0.40 M M 4.3 10 40 M M 10 1 16 30
13 66 57 62 M 3 0 0.00 M M 6.1 12 50 M M 10 1 17 40
14 75 55 65 M 0 0 0.00 M M 3.1 7 10 M M 3 M M
15 78 49 64 M 1 0 0.00 M M 0.5 6 20 M M 0 1 M M
16 71 50 61 M 4 0 0.00 M M 2.1 6 90 M M 2 12 M M
17 81 56 69 M 0 4 0.00 M M 3.3 9 260 M M 3 12 16 10
18 70 56 63 M 2 0 0.00 M M 5.0 12 20 M M 3 1 16 20
19 73 54 64 M 1 0 0.00 M M 1.1 6 160 M M 8 12 M M
20 87 65 76 M 0 11 0.00 M M 5.7 16 300 M M 5 1 24 300
21 66 46 56 M 9 0 0.00 M M 8.8 16 350 M M 2 24 350
22 68 38 53 M 12 0 0.00 M M 3.6 8 320 M M 0 M M
23 63 41 52 M 13 0 0.08 M M 2.8 7 170 M M 4 M M
24 71 42 57 M 8 0 0.00 M M 4.3 12 90 M M 3 1 16 90
25 66 55 61 M 4 0 0.00 M M 5.1 14 70 M M 10 17 70
26 63 51 57 M 8 0 0.00 M M 7.4 15 360 M M 8 24 10
27 58 49 54 M 11 0 0.00 M M 4.4 10 70 M M 9 M M
28 62 51 57 M 8 0 0.00 M M 2.5 6 180 M M 9 M M
29 66 54 60 M 5 0 0.01 M M 4.2 10 110 M M 10 1 17 110
30 71 56 64 M 1 0 0.06 M M 4.2 9 140 M M 8 1 M M
================================================================================
SM 2173 1595 123 64 0.60 M 122.2 M 154
================================================================================
AV 72.4 53.2 4.1 FASTST M M 5 MAX(MPH)
MISC ----> 16 350 # 24 300
================================================================================
NOTES:
# LAST OF SEVERAL OCCURRENCES
COLUMN 17 PEAK WIND IN M.P.H.
PRELIMINARY LOCAL CLIMATOLOGICAL DATA (WS FORM: F-6) , PAGE 2
STATION: PLEASANTON MUNICIPAL AIRPORT
MONTH: NOVEMBER
YEAR: 2023
LATITUDE: 28 57 N
LONGITUDE: 98 31 W
[TEMPERATURE DATA] [PRECIPITATION DATA] SYMBOLS USED IN COLUMN 16
AVERAGE MONTHLY: 62.8 TOTAL FOR MONTH: 0.60 1 = FOG OR MIST
DPTR FM NORMAL: 0.0 DPTR FM NORMAL: M 2 = FOG REDUCING VISIBILITY
HIGHEST: 90 ON 8 GRTST 24HR 0.40 ON 12-12 TO 1/4 MILE OR LESS
LOWEST: 37 ON 1 3 = THUNDER
SNOW, ICE PELLETS, HAIL 4 = ICE PELLETS
TOTAL MONTH: M 5 = HAIL
GRTST 24HR M ON M 6 = FREEZING RAIN OR DRIZZLE
GRTST DEPTH: M ON M 7 = DUSTSTORM OR SANDSTORM:
VSBY 1/2 MILE OR LESS
8 = SMOKE OR HAZE
[NO. OF DAYS WITH] [WEATHER - DAYS WITH] 9 = BLOWING SNOW
X = TORNADO
MAX 32 OR BELOW: 0 0.01 INCH OR MORE: 7
MAX 90 OR ABOVE: 1 0.10 INCH OR MORE: 1
MIN 32 OR BELOW: 0 0.50 INCH OR MORE: 0
MIN 0 OR BELOW: 0 1.00 INCH OR MORE: 0
[HDD (BASE 65) ]
TOTAL THIS MO. 123 CLEAR (SCALE 0-3) 13
DPTR FM NORMAL M PTCLDY (SCALE 4-7) 7
TOTAL FM JUL 1 157 CLOUDY (SCALE 8-10) 10
DPTR FM NORMAL M
[CDD (BASE 65) ]
TOTAL THIS MO. 64
DPTR FM NORMAL M [PRESSURE DATA]
TOTAL FM JAN 1 4035 HIGHEST SLP M ON M
DPTR FM NORMAL M LOWEST SLP M ON M
[REMARKS]
#FINAL-11-23#