000
CXUS56 KFGZ 010900
CF6PGA
PRELIMINARY LOCAL CLIMATOLOGICAL DATA (WS FORM: F-6)
STATION: PAGE AZ AIRPORT
MONTH: NOVEMBER
YEAR: 2020
LATITUDE: 36 55 N
LONGITUDE: 111 27 W
TEMPERATURE IN F: :PCPN: SNOW: WIND :SUNSHINE: SKY :PK WND
================================================================================
1 2 3 4 5 6A 6B 7 8 9 10 11 12 13 14 15 16 17 18
12Z AVG MX 2MIN
DY MAX MIN AVG DEP HDD CDD WTR SNW DPTH SPD SPD DIR MIN PSBL S-S WX SPD DR
================================================================================
1 70 44 57 5 8 0 0.00 M M 2.7 9 50 M M 0 13 360
2 71 47 59 7 6 0 0.00 M M 3.0 9 40 M M 0 13 60
3 72 52 62 11 3 0 0.00 M M 4.2 18 70 M M 1 22 80
4 73 46 60 9 5 0 0.00 M M 2.8 7 50 M M 0 9 340
5 73 47 60 10 5 0 0.00 M M 3.0 8 40 M M 0 11 30
6 68 50 59 9 6 0 0.00 M M 3.5 21 180 M M 2 8 29 200
7 72 39 56 7 9 0 T M M 17.1 33 170 M M 3 8 45 190
8 52 33 43 -6 22 0 0.07 M M 6.0 17 200 M M 5 1 31 190
9 45 33 39 -9 26 0 0.00 M M 3.9 13 270 M M 4 21 280
10 49 29 39 -9 26 0 0.00 M M 3.6 8 170 M M 1 8 12 360
11 51 31 41 -7 24 0 0.00 M M 1.7 7 60 M M 0 8 10 360
12 54 34 44 -3 21 0 0.00 M M 2.1 9 30 M M 2 8 12 30
13 56 32 44 -3 21 0 0.00 M M 1.3 9 160 M M 0 8 10 20
14 60 40 50 4 15 0 0.00 M M 4.7 15 340 M M 1 20 340
15 58 35 47 1 18 0 0.00 M M 2.2 7 50 M M 0 8 9 360
16 61 36 49 4 16 0 0.00 M M 1.8 7 330 M M 0 8 9 340
17 61 37 49 4 16 0 0.00 M M 1.7 7 360 M M 0 10 360
18 70 41 56 12 9 0 0.00 M M 3.6 10 170 M M 0 15 170
19 70 46 58 14 7 0 0.00 M M 2.5 8 360 M M 0 12 10
20 63 41 52 8 13 0 0.00 M M 2.9 8 360 M M 0 13 360
21 64 43 54 11 11 0 0.00 M M 2.7 9 30 M M 0 12 20
22 58 42 50 7 15 0 0.00 M M 1.8 9 40 M M 0 12 50
23 58 37 48 6 17 0 0.00 M M 3.3 13 280 M M 2 18 280
24 55 37 46 4 19 0 0.01 M M 5.7 15 310 M M 2 22 300
25 53 31 42 1 23 0 0.00 M M 2.7 7 40 M M 0 8 12 360
26 52 35 44 3 21 0 0.00 M M 4.5 14 360 M M 5 M M
27 51 32 42 1 23 0 0.00 M M 3.5 8 70 M M 0 8 12 310
28 49 26 38 -2 27 0 0.00 M M 2.5 9 150 M M 0 8 11 140
29 52 27 40 0 25 0 0.00 M M 2.2 7 130 M M 0 8 10 110
30 50 28 39 -1 26 0 0.00 M M 2.4 7 220 M M 0 8 10 50
================================================================================
SM 1791 1131 483 0 0.08 M 105.6 M 28
================================================================================
AV 59.7 37.7 3.5 FASTST M M 1 MAX(MPH)
MISC ----> # 33 170 # 45 190
================================================================================
NOTES:
# LAST OF SEVERAL OCCURRENCES
COLUMN 17 PEAK WIND IN M.P.H.
PRELIMINARY LOCAL CLIMATOLOGICAL DATA (WS FORM: F-6) , PAGE 2
STATION: PAGE AZ AIRPORT
MONTH: NOVEMBER
YEAR: 2020
LATITUDE: 36 55 N
LONGITUDE: 111 27 W
[TEMPERATURE DATA] [PRECIPITATION DATA] SYMBOLS USED IN COLUMN 16
AVERAGE MONTHLY: 48.7 TOTAL FOR MONTH: 0.08 1 = FOG OR MIST
DPTR FM NORMAL: 3.2 DPTR FM NORMAL: -0.48 2 = FOG REDUCING VISIBILITY
HIGHEST: 73 ON 5, 4 GRTST 24HR 0.07 ON 8- 8 TO 1/4 MILE OR LESS
LOWEST: 26 ON 28 3 = THUNDER
SNOW, ICE PELLETS, HAIL 4 = ICE PELLETS
TOTAL MONTH: M 5 = HAIL
GRTST 24HR M ON M 6 = FREEZING RAIN OR DRIZZLE
GRTST DEPTH: M ON M 7 = DUSTSTORM OR SANDSTORM:
VSBY 1/2 MILE OR LESS
8 = SMOKE OR HAZE
[NO. OF DAYS WITH] [WEATHER - DAYS WITH] 9 = BLOWING SNOW
X = TORNADO
MAX 32 OR BELOW: 0 0.01 INCH OR MORE: 2
MAX 90 OR ABOVE: 0 0.10 INCH OR MORE: 0
MIN 32 OR BELOW: 8 0.50 INCH OR MORE: 0
MIN 0 OR BELOW: 0 1.00 INCH OR MORE: 0
[HDD (BASE 65) ]
TOTAL THIS MO. 483 CLEAR (SCALE 0-3) 26
DPTR FM NORMAL -100 PTCLDY (SCALE 4-7) 4
TOTAL FM JUL 1 607 CLOUDY (SCALE 8-10) 0
DPTR FM NORMAL -203
[CDD (BASE 65) ]
TOTAL THIS MO. 0
DPTR FM NORMAL 0 [PRESSURE DATA]
TOTAL FM JAN 1 2692 HIGHEST SLP M ON M
DPTR FM NORMAL 845 LOWEST SLP 29.43 ON 7
[REMARKS]
#FINAL-11-20#