000
CXUS53 KUNR 011030
CF6PHP
PRELIMINARY LOCAL CLIMATOLOGICAL DATA (WS FORM: F-6)
STATION: PHILIP SD
MONTH: DECEMBER
YEAR: 2021
LATITUDE: 44 3 N
LONGITUDE: 101 36 W
TEMPERATURE IN F: :PCPN: SNOW: WIND :SUNSHINE: SKY :PK WND
================================================================================
1 2 3 4 5 6A 6B 7 8 9 10 11 12 13 14 15 16 17 18
12Z AVG MX 2MIN
DY MAX MIN AVG DEP HDD CDD WTR SNW DPTH SPD SPD DIR MIN PSBL S-S WX SPD DR
================================================================================
1 70 34 52 24 13 0 0.00 M M 10.6 23 250 M M 0 29 240
2 61 32 47 19 18 0 0.00 M M 8.0 21 360 M M 0 33 360
3 44 32 38 10 27 0 0.00 M M 8.1 13 90 M M 8 17 60
4 36 27 32 5 33 0 0.00 M M 14.3 29 110 M M 9 1 37 120
5 40 12 26 -1 39 0 T M M 21.9 39 310 M M 7 1 54 310
6 23 3 13 -14 52 0 0.00 M M 8.4 26 320 M M 3 36 310
7 32 9 21 -5 44 0 0.00 M M 4.7 14 320 M M 1 17 330
8 59 12 36 10 29 0 0.00 M M 6.2 23 240 M M 0 29 240
9 42 29 36 10 29 0 T M M 10.8 26 320 M M 8 1 35 330
10 31 11 21 -4 44 0 0.38 M M 6.2 15 260 M M 8 1 18 250
11 32 10 21 -4 44 0 0.00 M M 15.4 24 240 M M 0 30 230
12 43 25 34 9 31 0 0.00 M M 9.8 25 230 M M 0 33 220
13 48 21 35 11 30 0 0.00 M M 4.5 14 160 M M 0 18 170
14 46 22 34 10 31 0 0.00 M M 2.5 12 320 M M 0 14 340
15 37 20 29 5 36 0 T M M 19.2 48 330 M M 4 1 63 330
16 37 14 26 2 39 0 0.00 M M 8.2 21 290 M M 2 29 290
17 25 6 16 -8 49 0 T M M 14.3 29 320 M M 5 37 320
18 20 -2 9 -14 56 0 0.00 M M 6.6 18 300 M M 0 23 300
19 50 11 31 8 34 0 0.00 M M 6.6 17 360 M M 0 23 360
20 27 18 23 0 42 0 0.00 M M 9.2 21 340 M M 8 27 330
21 40 20 30 7 35 0 0.00 M M 12.2 26 300 M M 1 37 300
22 56 15 36 13 29 0 0.00 M M 6.5 15 270 M M 1 16 250
23 56 27 42 20 23 0 0.00 M M 9.2 26 220 M M 0 37 220
24 52 17 35 13 30 0 0.00 M M 9.3 25 230 M M 1 37 230
25 29 10 20 -2 45 0 0.00 M M 7.9 21 100 M M 1 26 100
26 26 9 18 -4 47 0 0.00 M M 16.1 38 300 M M 8 1 50 300
27 14 -1 7 -15 58 0 0.00 M M 11.4 36 330 M M 1 45 320
28 20 -2 9 -13 56 0 0.01 M M 7.9 20 350 M M 5 23 360
29 18 4 11 -11 54 0 T M M 9.5 15 350 M M 8 1 19 350
30 28 2 15 -7 50 0 T M M 6.7 13 60 M M 5 1 16 10
31 15 -4 6 -16 59 0 0.03 M M 10.2 20 360 M M 8 1 25 10
================================================================================
SM 1157 443 1206 0 0.42 M 302.4 M 102
================================================================================
AV 37.3 14.3 9.8 FASTST M M 3 MAX(MPH)
MISC ----> 48 330 63 330
================================================================================
NOTES:
# LAST OF SEVERAL OCCURRENCES
COLUMN 17 PEAK WIND IN M.P.H.
PRELIMINARY LOCAL CLIMATOLOGICAL DATA (WS FORM: F-6) , PAGE 2
STATION: PHILIP SD
MONTH: DECEMBER
YEAR: 2021
LATITUDE: 44 3 N
LONGITUDE: 101 36 W
[TEMPERATURE DATA] [PRECIPITATION DATA] SYMBOLS USED IN COLUMN 16
AVERAGE MONTHLY: 25.8 TOTAL FOR MONTH: 0.42 1 = FOG OR MIST
DPTR FM NORMAL: 1.6 DPTR FM NORMAL: -0.02 2 = FOG REDUCING VISIBILITY
HIGHEST: 70 ON 1 GRTST 24HR 0.38 ON 9-10 TO 1/4 MILE OR LESS
LOWEST: -4 ON 31 3 = THUNDER
SNOW, ICE PELLETS, HAIL 4 = ICE PELLETS
TOTAL MONTH: M 5 = HAIL
GRTST 24HR M ON M 6 = FREEZING RAIN OR DRIZZLE
GRTST DEPTH: M ON M 7 = DUSTSTORM OR SANDSTORM:
VSBY 1/2 MILE OR LESS
8 = SMOKE OR HAZE
[NO. OF DAYS WITH] [WEATHER - DAYS WITH] 9 = BLOWING SNOW
X = TORNADO
MAX 32 OR BELOW: 14 0.01 INCH OR MORE: 3
MAX 90 OR ABOVE: 0 0.10 INCH OR MORE: 1
MIN 32 OR BELOW: 30 0.50 INCH OR MORE: 0
MIN 0 OR BELOW: 4 1.00 INCH OR MORE: 0
[HDD (BASE 65) ]
TOTAL THIS MO. 1206 CLEAR (SCALE 0-3) 17
DPTR FM NORMAL -57 PTCLDY (SCALE 4-7) 12
TOTAL FM JUL 1 2403 CLOUDY (SCALE 8-10) 2
DPTR FM NORMAL -444
[CDD (BASE 65) ]
TOTAL THIS MO. 0
DPTR FM NORMAL 0 [PRESSURE DATA]
TOTAL FM JAN 1 1112 HIGHEST SLP 30.53 ON 18
DPTR FM NORMAL 279 LOWEST SLP 29.14 ON 24
[REMARKS]
#FINAL-12-21#