000
CXUS55 KPSR 011045
CLMPHX
CLIMATE REPORT
NATIONAL WEATHER SERVICE PHOENIX AZ
345 AM MST THU JUN 01 2023
...................................
...THE PHOENIX AZ CLIMATE SUMMARY FOR THE MONTH OF MAY 2023...
CLIMATE NORMAL PERIOD 1991 TO 2020
CLIMATE RECORD PERIOD 1895 TO 2023
WEATHER OBSERVED NORMAL DEPART LAST YEAR`S
VALUE DATE(S) VALUE FROM VALUE
NORMAL
..............................................................
TEMPERATURE (F)
RECORD
HIGH 114 05/30/1910
LOW 39 05/03/1899
HIGHEST 105 05/16 106 -1
LOWEST 61 05/05 58 3
AVG. MAXIMUM 96.0 94.5 1.5
AVG. MINIMUM 70.6 69.5 1.1
MEAN 83.3 82.0 1.3
DAYS MAX >= 90 26 24.0 2.0
DAYS MAX >= 100 14
DAYS MAX >= 110 0
DAYS MIN <= 32 0 0.0 0.0
DAYS MIN >= 90 0
PRECIPITATION (INCHES)
RECORD
MAXIMUM 1.31 1930
MINIMUM 0.00 2022
TOTALS T 0.13 -0.13
DAYS >= .01 0 1.0 -1.0
DAYS >= .10 0 0.4 -0.4
DAYS >= .50 0 0.0 0.0
DAYS >= 1.00 0 0.0 0.0
GREATEST
24 HR. TOTAL T 05/15 TO 05/15
05/17 TO 05/17
05/18 TO 05/18
DEGREE DAYS
HEATING TOTAL 0 1 -1
SINCE 7/1 1115 873 242
COOLING TOTAL 575 528 47
SINCE 1/1 897 910 -13
..............................................................
WIND (MPH)
AVERAGE WIND SPEED 7.9
HIGHEST GUST SPEED/DIRECTION 48/200 DATE 05/01
AVERAGE RH (PERCENT) 23
WEATHER CONDITIONS. NUMBER OF DAYS WITH
THUNDERSTORM 0 HEAVY RAIN 0
RAIN 0 LIGHT RAIN 1
FOG W/VIS <= 1/4 MILE 0
- INDICATES NEGATIVE NUMBERS.
R INDICATES RECORD WAS SET OR TIED.
MM INDICATES DATA IS MISSING.
T INDICATES TRACE AMOUNT.
$$