000
CXUS55 KPIH 031337
CF6PIH
PRELIMINARY LOCAL CLIMATOLOGICAL DATA (WS FORM: F-6)
STATION: POCATELLO
MONTH: AUGUST
YEAR: 2022
LATITUDE: 42 55 N
LONGITUDE: 112 36 W
TEMPERATURE IN F: :PCPN: SNOW: WIND :SUNSHINE: SKY :PK WND
================================================================================
1 2 3 4 5 6A 6B 7 8 9 10 11 12 13 14 15 16 17 18
12Z AVG MX 2MIN
DY MAX MIN AVG DEP HDD CDD WTR SNW DPTH SPD SPD DIR MIN PSBL S-S WX SPD DR
================================================================================
1 98 54 76 4 0 11 0.00 0.0 0 7.5 21 200 M M 1 27 210
2 87 65 76 4 0 11 0.01 0.0 0 11.3 26 240 M M 6 33 250
3 91 53 72 0 0 7 0.00 0.0 0 5.8 14 270 M M 0 18 250
4 95 53 74 2 0 9 T 0.0 0 8.4 32 220 M M 2 3 41 240
5 80 64 72 0 0 7 0.08 0.0 0 6.6 28 200 M M 6 36 190
6 79 63 71 -1 0 6 0.08 0.0 0 8.0 21 310 M M 5 29 310
7 88 47 68 -4 0 3 0.00 0.0 0 5.3 16 270 M M 0 1 24 260
8 93 43 68 -3 0 3 0.00 0.0 0 5.3 16 280 M M 0 26 270
9 97 48 73 2 0 8 0.00 0.0 0 6.0 12 40 M M 0 16 340
10 92 63 78 7 0 13 0.21 0.0 0 10.8 30 180 M M 2 3 43 180
11 90 61 76 5 0 11 0.07 0.0 0 5.2 14 120 M M 2 24 110
12 95 60 78 8 0 13 0.00 0.0 0 6.8 17 360 M M 1 23 200
13 91 61 76 6 0 11 0.00 0.0 0 6.7 24 190 M M 1 32 360
14 92 55 74 4 0 9 0.00 0.0 0 3.6 13 260 M M 0 18 260
15 94 49 72 2 0 7 0.00 0.0 0 4.4 12 300 M M 1 15 320
16 95 49 72 2 0 7 0.00 0.0 0 4.0 10 290 M M 1 16 330
17 97 51 74 5 0 9 0.00 0.0 0 6.4 14 320 M M 1 20 300
18 97 53 75 6 0 10 0.00 0.0 0 5.8 22 170 M M 1 33 220
19 92 62 77 8 0 12 0.34 0.0 0 12.1 39 90 M M 3 3 51 90
20 84 59 72 4 0 7 0.00 0.0 0 5.8 20 170 M M 1 3 24 180
21 91 57 74 6 0 9 T 0.0 0 4.3 18 340 M M 2 3 25 340
22 94 53 74 6 0 9 T 0.0 0 5.0 22 340 M M 1 3 37 150
23 91 53 72 4 0 7 0.00 0.0 0 4.4 12 330 M M 1 14 320
24 94 51 73 6 0 8 T 0.0 0 9.0 36 200 M M 2 3 46 200
25 94 53 74 7 0 9 0.00 0.0 0 7.6 20 260 M M 1 26 230
26 91 55 73 6 0 8 0.00 0.0 0 10.6 26 260 M M 1 3 33 260
27 88 49 69 3 0 4 0.00 0.0 0 12.9 29 250 M M 0 36 240
28 82 60 71 5 0 6 0.00 0.0 0 16.2 26 240 M M 0 35 250
29 88 51 70 4 0 5 0.00 0.0 0 6.5 14 220 M M 0 19 210
30 96 44 70 4 0 5 0.00 0.0 0 5.0 12 310 M M 1 19 270
31 98 51 75 10 0 10 0.00 0.0 0 5.2 10 240 M M 2 17 310
================================================================================
SM 2834 1690 0 254 0.79 0.0 222.5 M 45
================================================================================
AV 91.4 54.5 7.2 FASTST M M 1 MAX(MPH)
MISC ----> 39 90 51 90
================================================================================
NOTES:
# LAST OF SEVERAL OCCURRENCES
COLUMN 17 PEAK WIND IN M.P.H.
PRELIMINARY LOCAL CLIMATOLOGICAL DATA (WS FORM: F-6) , PAGE 2
STATION: POCATELLO
MONTH: AUGUST
YEAR: 2022
LATITUDE: 42 55 N
LONGITUDE: 112 36 W
[TEMPERATURE DATA] [PRECIPITATION DATA] SYMBOLS USED IN COLUMN 16
AVERAGE MONTHLY: 73.0 TOTAL FOR MONTH: 0.79 1 = FOG OR MIST
DPTR FM NORMAL: 3.7 DPTR FM NORMAL: 0.26 2 = FOG REDUCING VISIBILITY
HIGHEST: 98 ON 31, 1 GRTST 24HR 0.34 ON 19-19 TO 1/4 MILE OR LESS
LOWEST: 43 ON 8 3 = THUNDER
SNOW, ICE PELLETS, HAIL 4 = ICE PELLETS
TOTAL MONTH: 0.0 INCH 5 = HAIL
GRTST 24HR 0.0 6 = FREEZING RAIN OR DRIZZLE
GRTST DEPTH: 0 7 = DUSTSTORM OR SANDSTORM:
VSBY 1/2 MILE OR LESS
8 = SMOKE OR HAZE
[NO. OF DAYS WITH] [WEATHER - DAYS WITH] 9 = BLOWING SNOW
X = TORNADO
MAX 32 OR BELOW: 0 0.01 INCH OR MORE: 6
MAX 90 OR ABOVE: 23 0.10 INCH OR MORE: 2
MIN 32 OR BELOW: 0 0.50 INCH OR MORE: 0
MIN 0 OR BELOW: 0 1.00 INCH OR MORE: 0
[HDD (BASE 65) ]
TOTAL THIS MO. 0 CLEAR (SCALE 0-3) 28
DPTR FM NORMAL -25 PTCLDY (SCALE 4-7) 3
TOTAL FM JUL 1 0 CLOUDY (SCALE 8-10) 0
DPTR FM NORMAL -37
[CDD (BASE 65) ]
TOTAL THIS MO. 254
DPTR FM NORMAL 96 [PRESSURE DATA]
TOTAL FM JAN 1 591 HIGHEST SLP 30.18 ON 10
DPTR FM NORMAL 187 LOWEST SLP 29.69 ON 27
[REMARKS]
31ST: HIGH OF 98 BREAKS PREVIOUS RECORD OF 97 SET IN 1955.
#FINAL-08-22#