000
CXUS55 KABR 011700
CF6PIR
PRELIMINARY LOCAL CLIMATOLOGICAL DATA (WS FORM: F-6)
STATION: PIERRE SD
MONTH: JUNE
YEAR: 2020
LATITUDE: 44 22 N
LONGITUDE: 100 17 W
TEMPERATURE IN F: :PCPN: SNOW: WIND :SUNSHINE: SKY :PK WND
================================================================================
1 2 3 4 5 6A 6B 7 8 9 10 11 12 13 14 15 16 17 18
12Z AVG MX 2MIN
DY MAX MIN AVG DEP HDD CDD WTR SNW DPTH SPD SPD DIR MIN PSBL S-S WX SPD DR
================================================================================
1 90 57 74 11 0 9 0.00 0.0 0 7.3 18 310 M M 0 23 310
2 86 62 74 11 0 9 0.00 0.0 0 12.1 25 20 M M 0 33 40
3 80 52 66 3 0 1 0.01 0.0 0 5.4 23 300 M M 2 3 30 290
4 81 55 68 4 0 3 0.14 0.0 0 10.4 22 320 M M 2 3 30 300
5 80 56 68 4 0 3 0.00 0.0 0 8.7 17 130 M M 2 12 23 140
6 80 59 70 6 0 5 0.06 0.0 0 20.1 39 210 M M 1 3 62 210
7 97 64 81 16 0 16 0.81 0.0 0 11.9 41 160 M M 2 13 60 160
8 79 62 71 6 0 6 0.13 0.0 0 13.3 32 280 M M 5 13 43 280
9 66 53 60 -5 5 0 0.52 0.0 0 15.6 28 330 M M 8 39 310
10 74 51 63 -3 2 0 0.00 0.0 0 15.4 24 310 M M 1 33 300
11 81 51 66 0 0 1 0.00 0.0 0 9.4 14 320 M M 0 20 320
12 86 53 70 4 0 5 T 0.0 M 8.7 16 110 M M 0 23 110
13 87 61 74 7 0 9 0.00 0.0 0 13.1 24 140 M M 0 33 140
14 90 67 79 12 0 14 0.00 0.0 0 18.3 26 160 M M 0 3 38 140
15 84 66 75 7 0 10 0.00 0.0 0 9.4 21 310 M M 0 27 140
16 93 67 80 12 0 15 0.00 0.0 0 18.7 40 160 M M 0 55 160
17 91 70 81 13 0 16 0.08 0.0 0 14.8 26 180 M M 2 13 38 180
18 75 57 66 -3 0 1 0.14 0.0 0 12.3 25 330 M M 4 13 35 340
19 73 49 61 -8 4 0 T 0.0 0 6.0 14 360 M M 1 21 350
20 82 57 70 1 0 5 T 0.0 0 6.8 17 290 M M 3 3 24 290
21 81 56 69 -1 0 4 T 0.0 0 5.0 15 310 M M 5 18 300
22 77 55 66 -4 0 1 0.00 0.0 0 7.0 15 50 M M 4 1 23 20
23 79 49 64 -6 1 0 0.00 0.0 0 6.3 16 330 M M 2 22 320
24 86 52 69 -2 0 4 T 0.0 0 8.9 17 140 M M 2 24 120
25 79 64 72 1 0 7 0.25 0.0 0 7.9 20 60 M M 1 13 28 350
26 85 64 75 4 0 10 T 0.0 0 7.0 15 330 M M 1 19 340
27 90 60 75 3 0 10 0.00 0.0 0 12.2 22 130 M M 2 32 120
28 94 71 83 11 0 18 0.00 0.0 0 15.2 24 160 M M 0 3 33 140
29 93 67 80 8 0 15 0.00 0.0 0 14.9 26 330 M M 1 13 38 340
30 89 59 74 1 0 9 0.00 0.0 0 12.6 23 280 M M 7 29 280
================================================================================
SM 2508 1766 12 206 2.14 0.0 334.7 M 58
================================================================================
AV 83.6 58.9 11.2 FASTST M M 2 MAX(MPH)
MISC ----> # 41 160 # 62 210
================================================================================
NOTES:
# LAST OF SEVERAL OCCURRENCES
COLUMN 17 PEAK WIND IN M.P.H.
PRELIMINARY LOCAL CLIMATOLOGICAL DATA (WS FORM: F-6) , PAGE 2
STATION: PIERRE SD
MONTH: JUNE
YEAR: 2020
LATITUDE: 44 22 N
LONGITUDE: 100 17 W
[TEMPERATURE DATA] [PRECIPITATION DATA] SYMBOLS USED IN COLUMN 16
AVERAGE MONTHLY: 71.2 TOTAL FOR MONTH: 2.14 1 = FOG OR MIST
DPTR FM NORMAL: 3.5 DPTR FM NORMAL: -1.43 2 = FOG REDUCING VISIBILITY
HIGHEST: 97 ON 7 GRTST 24HR 0.81 ON 7- 7 TO 1/4 MILE OR LESS
LOWEST: 49 ON 23,19 3 = THUNDER
SNOW, ICE PELLETS, HAIL 4 = ICE PELLETS
TOTAL MONTH: 0.0 INCH 5 = HAIL
GRTST 24HR 0.0 6 = FREEZING RAIN OR DRIZZLE
GRTST DEPTH: 0 7 = DUSTSTORM OR SANDSTORM:
VSBY 1/2 MILE OR LESS
8 = SMOKE OR HAZE
[NO. OF DAYS WITH] [WEATHER - DAYS WITH] 9 = BLOWING SNOW
X = TORNADO
MAX 32 OR BELOW: 0 0.01 INCH OR MORE: 9
MAX 90 OR ABOVE: 8 0.10 INCH OR MORE: 6
MIN 32 OR BELOW: 0 0.50 INCH OR MORE: 2
MIN 0 OR BELOW: 0 1.00 INCH OR MORE: 0
[HDD (BASE 65) ]
TOTAL THIS MO. 12 CLEAR (SCALE 0-3) 23
DPTR FM NORMAL -41 PTCLDY (SCALE 4-7) 7
TOTAL FM JUL 1 7364 CLOUDY (SCALE 8-10) 0
DPTR FM NORMAL 74
[CDD (BASE 65) ]
TOTAL THIS MO. 206
DPTR FM NORMAL 72 [PRESSURE DATA]
TOTAL FM JAN 1 212 HIGHEST SLP 30.19 ON 12
DPTR FM NORMAL 46 LOWEST SLP 29.31 ON 7
[REMARKS]
#FINAL-06-20#