000
CXUS51 KPBZ 010730
CF6PIT
PRELIMINARY LOCAL CLIMATOLOGICAL DATA (WS FORM: F-6)
STATION: PITTSBURGH PA
MONTH: JULY
YEAR: 2020
LATITUDE: 40 30 N
LONGITUDE: 80 13 W
TEMPERATURE IN F: :PCPN: SNOW: WIND :SUNSHINE: SKY :PK WND
================================================================================
1 2 3 4 5 6A 6B 7 8 9 10 11 12 13 14 15 16 17 18
12Z AVG MX 2MIN
DY MAX MIN AVG DEP HDD CDD WTR SNW DPTH SPD SPD DIR MIN PSBL S-S WX SPD DR
================================================================================
1 84 65 75 3 0 10 0.00 0.0 0 7.4 15 40 M M 3 19 20
2 89 63 76 4 0 11 0.00 0.0 0 5.8 16 330 M M 2 22 330
3 91 64 78 6 0 13 0.00 0.0 0 6.6 15 300 M M 3 22 300
4 91 70 81 9 0 16 0.00 0.0 0 6.2 15 350 M M 4 21 340
5 93 65 79 7 0 14 0.00 0.0 0 3.7 12 280 M M 3 8 16 320
6 94 68 81 9 0 16 0.00 0.0 0 4.8 15 300 M M 4 21 350
7 93 66 80 7 0 15 0.83 0.0 0 4.1 29 330 M M 5 13 37 320
8 90 65 78 5 0 13 0.00 0.0 0 2.7 9 310 M M 5 1 14 290
9 91 70 81 8 0 16 0.44 0.0 0 3.9 29 40 M M 5 13 40 40
10 90 68 79 6 0 14 0.13 0.0 0 4.0 33 280 M M 4 13 49 280
11 82 67 75 2 0 10 0.10 0.0 0 9.0 22 300 M M 7 1 28 290
12 82 64 73 0 0 8 0.00 0.0 0 4.5 20 300 M M 6 3 24 310
13 82 63 73 0 0 8 0.00 0.0 0 6.0 18 330 M M 5 23 330
14 83 56 70 -3 0 5 0.00 0.0 0 3.0 13 330 M M 3 17 340
15 88 62 75 2 0 10 0.00 0.0 0 3.5 12 100 M M 4 17 90
16 88 72 80 7 0 15 0.08 0.0 0 8.9 25 200 M M 7 13 31 210
17 87 70 79 6 0 14 0.00 0.0 0 4.0 12 260 M M 5 16 350
18 90 65 78 5 0 13 0.00 0.0 0 4.3 13 230 M M 2 18 290
19 92 74 83 10 0 18 T 0.0 0 8.3 18 230 M M 7 3 27 240
20 90 72 81 8 0 16 0.00 0.0 0 7.1 17 300 M M 6 21 290
21 83 71 77 4 0 12 0.20 0.0 0 3.5 18 340 M M 7 13 23 330
22 85 69 77 4 0 12 0.19 0.0 0 6.7 20 320 M M 8 13 24 320
23 82 70 76 3 0 11 0.89 0.0 0 5.4 21 310 M M 10 13 25 310
24 86 70 78 5 0 13 0.00 0.0 0 5.2 14 350 M M 6 18 340
25 87 65 76 3 0 11 0.00 0.0 0 3.0 13 300 M M 3 18 280
26 88 65 77 4 0 12 0.00 0.0 0 5.1 16 290 M M 5 21 240
27 92 70 81 8 0 16 0.24 0.0 0 7.8 29 320 M M 5 3 37 320
28 85 70 78 5 0 13 0.00 0.0 0 6.8 16 300 M M 6 20 280
29 88 64 76 3 0 11 0.00 0.0 0 5.8 16 230 M M 3 21 210
30 81 68 75 2 0 10 T 0.0 0 3.7 15 200 M M 8 20 200
31 87 68 78 6 0 13 0.00 0.0 0 7.8 16 340 M M 6 20 330
================================================================================
SM 2714 2079 0 389 3.10 0.0 168.6 M 157
================================================================================
AV 87.5 67.1 5.4 FASTST M M 5 MAX(MPH)
MISC ----> 33 280 49 280
================================================================================
NOTES:
# LAST OF SEVERAL OCCURRENCES
COLUMN 17 PEAK WIND IN M.P.H.
PRELIMINARY LOCAL CLIMATOLOGICAL DATA (WS FORM: F-6) , PAGE 2
STATION: PITTSBURGH PA
MONTH: JULY
YEAR: 2020
LATITUDE: 40 30 N
LONGITUDE: 80 13 W
[TEMPERATURE DATA] [PRECIPITATION DATA] SYMBOLS USED IN COLUMN 16
AVERAGE MONTHLY: 77.3 TOTAL FOR MONTH: 3.10 1 = FOG OR MIST
DPTR FM NORMAL: 4.7 DPTR FM NORMAL: -0.73 2 = FOG REDUCING VISIBILITY
HIGHEST: 94 ON 6 GRTST 24HR 0.89 ON 23-23 TO 1/4 MILE OR LESS
LOWEST: 56 ON 14 3 = THUNDER
SNOW, ICE PELLETS, HAIL 4 = ICE PELLETS
TOTAL MONTH: 0.0 INCH 5 = HAIL
GRTST 24HR 0.0 6 = FREEZING RAIN OR DRIZZLE
GRTST DEPTH: 0 7 = DUSTSTORM OR SANDSTORM:
VSBY 1/2 MILE OR LESS
8 = SMOKE OR HAZE
[NO. OF DAYS WITH] [WEATHER - DAYS WITH] 9 = BLOWING SNOW
X = TORNADO
MAX 32 OR BELOW: 0 0.01 INCH OR MORE: 9
MAX 90 OR ABOVE: 12 0.10 INCH OR MORE: 8
MIN 32 OR BELOW: 0 0.50 INCH OR MORE: 2
MIN 0 OR BELOW: 0 1.00 INCH OR MORE: 0
[HDD (BASE 65) ]
TOTAL THIS MO. 0 CLEAR (SCALE 0-3) 6
DPTR FM NORMAL -4 PTCLDY (SCALE 4-7) 23
TOTAL FM JUL 1 0 CLOUDY (SCALE 8-10) 2
DPTR FM NORMAL 0
[CDD (BASE 65) ]
TOTAL THIS MO. 389
DPTR FM NORMAL 148 [PRESSURE DATA]
TOTAL FM JAN 1 627 HIGHEST SLP 30.18 ON 25
DPTR FM NORMAL 184 LOWEST SLP 29.70 ON 11
[REMARKS]
#FINAL-07-20#