000
CXUS51 KPBZ 011335
CLSPIT
CLIMATE REPORT
NATIONAL WEATHER SERVICE PITTSBURGH PA
935 AM EDT THU JUN 01 2023
...................................
...THE PITTSBURGH PA CLIMATE SUMMARY FOR THE SEASON, FROM
3/1/2023 TO 5/31/2023...
CLIMATE NORMAL PERIOD 1991 TO 2020
CLIMATE RECORD PERIOD 1871 TO 2023
WEATHER OBSERVED NORMAL DEPART LAST YEAR`S
VALUE DATE(S) VALUE FROM VALUE DATE(S)
NORMAL
................................................................
TEMPERATURE (F)
RECORD
HIGH 95 05/03/1887
05/02/1887
05/29/1881
LOW -5 03/06/2015
HIGHEST 85 04/05 86 -1 88 05/31
05/29
LOWEST 17 03/19 11 6 9 03/13
AVG. MAXIMUM 61.6 61.1 0.5 61.7
AVG. MINIMUM 39.8 40.5 -0.7 41.2
MEAN 50.7 50.8 -0.1 51.5
DAYS MAX >= 90 0 0.3 -0.3 0
DAYS MAX <= 32 2 2.5 -0.5 3
DAYS MIN <= 32 24 25.6 -1.6 24
DAYS MIN <= 0 0 0.0 0.0 0
PRECIPITATION (INCHES)
RECORD
MAXIMUM 17.60 1901
MINIMUM 4.05 1871
TOTALS 6.84 10.30 -3.46 11.57
DAILY AVG. 0.07 0.11 -0.04 0.13
DAYS >= .01 38 41.4 -3.4 49
DAYS >= .10 20 24.9 -4.9
DAYS >= .50 3 6.2 -3.2 9
DAYS >= 1.00 0 1.3 -1.3 1
GREATEST
24 HR. TOTAL 0.94 03/22 TO 03/23
STORM TOTAL 0.76
(MM/DD(HH))
SNOWFALL (INCHES)
RECORDS
TOTAL 34.1 1993
TOTALS 3.1 8.6 -5.5 18.0
SINCE 7/1 17.6 44.1 -26.5 MM
SNOWDEPTH AVG. 0 0
DAYS >= TRACE 16 7.5 8.5 17
DAYS >= 1.0 2 2.6 -0.6 4
GREATEST
24 HR TOTAL 3.1
STORM TOTAL 1.7
(MM/DD(HH))
DEGREE DAYS
HEATING TOTAL 1329 1370 -41 1298
SINCE 7/1 5029 5541 -512 MM
COOLING TOTAL 37 66 -29 78
SINCE 1/1 37 66 -29 MM
................................................................
WIND (MPH)
AVERAGE WIND SPEED 7.7
HIGHEST WIND SPEED/DIRECTION 45/280 DATE 04/01
HIGHEST GUST SPEED/DIRECTION 60/260 DATE 04/01
SKY COVER
AVERAGE SKY COVER 0.65
AVERAGE RH (PERCENT) 58
WEATHER CONDITIONS. NUMBER OF DAYS WITH
THUNDERSTORM 7 MIXED PRECIP 1
HEAVY RAIN 3 RAIN 11
LIGHT RAIN 38 FREEZING RAIN 0
LT FREEZING RAIN 0 HAIL 0
HEAVY SNOW 0 SNOW 0
LIGHT SNOW 16 SLEET 0
FOG 27 FOG W/VIS <= 1/4 MILE 0
HAZE 4
- INDICATES NEGATIVE NUMBERS.
R INDICATES RECORD WAS SET OR TIED.
MM INDICATES DATA IS MISSING.
T INDICATES TRACE AMOUNT.
$$