000
CXUS51 KRLX 021635 CCA
CLMPKB
CLIMATE REPORT
NATIONAL WEATHER SERVICE CHARLESTON WV
641 PM EST THU FEB 01 2024
...................................
...THE PARKERSBURG WV CLIMATE SUMMARY FOR THE MONTH OF JANUARY 2024...
CLIMATE NORMAL PERIOD: 1991 TO 2020
CLIMATE RECORD PERIOD: 1926 TO 2024
WEATHER OBSERVED NORMAL DEPART LAST YEAR`S
VALUE DATE(S) VALUE FROM VALUE
NORMAL
..............................................................
TEMPERATURE (F)
RECORD
HIGH 78 01/11/2020
01/25/1950
LOW -24 01/19/1994
HIGHEST 64 01/26 63
LOWEST 4 01/22 15
AVG. MAXIMUM 40.2 40.2 -0.0 46.4
AVG. MINIMUM 26.0 23.7 2.3 31.9
MEAN 33.1 32.0 1.1 39.2
DAYS MAX >= 90 0 0.0 0.0 0
DAYS MAX <= 32 8 9.2 -1.2 2
DAYS MAX >= 80 0 0
DAYS MAX >= 100 0 0
DAYS MIN <= 32 20 23.8 -3.8 18
DAYS MIN <= 0 0 1.2 -1.2 0
DAYS MIN <= 10 0 0
PRECIPITATION (INCHES)
RECORD
MAXIMUM 8.99 1937
MINIMUM 0.17 1981
TOTALS 4.94 3.27 1.67 4.77
DAILY AVG. 0.16 0.11 0.05 0.15
DAYS >= .01 19 14.5 4.5 18
DAYS >= .10 8 7.3 0.7 8
DAYS >= .50 4 2.2 1.8 2
DAYS >= 1.00 1 0.3 0.7 1
GREATEST
24 HR. TOTAL 1.26 01/09 TO 01/09 1.92
DEGREE DAYS
HEATING TOTAL 982 1024 -42 791
SINCE 7/1 2576 2905 -329 MM
COOLING TOTAL 0 0 0 0
SINCE 1/1 0 0 0 MM
..............................................................
WIND (MPH)
AVERAGE WIND SPEED 5.8
HIGHEST WIND SPEED/DIRECTION 26/260 DATE 01/13
HIGHEST GUST SPEED/DIRECTION 40/250 DATE 01/13
SKY COVER
AVERAGE SKY COVER 0.74
NUMBER OF DAYS FAIR 5
NUMBER OF DAYS PC 6
NUMBER OF DAYS CLOUDY 20
AVERAGE RH (PERCENT) 74
WEATHER CONDITIONS. NUMBER OF DAYS WITH
THUNDERSTORM 1 MIXED PRECIP 0
HEAVY RAIN 0 RAIN 7
LIGHT RAIN 15 FREEZING RAIN 0
LT FREEZING RAIN 0 HAIL 0
HEAVY SNOW 0 SNOW 1
LIGHT SNOW 11 SLEET 0
FOG 21 FOG W/VIS <= 1/4 MILE 0
HAZE 4
- INDICATES NEGATIVE NUMBERS.
R INDICATES RECORD WAS SET OR TIED.
MM INDICATES DATA IS MISSING.
T INDICATES TRACE AMOUNT.
$$