000
CXUS51 KRLX 021340
CLSPKB
CLIMATE REPORT
NATIONAL WEATHER SERVICE CHARLESTON WV
840 AM EST WED DEC 02 2020
...................................
...THE PARKERSBURG WV CLIMATE SUMMARY FOR THE SEASON, FROM
9/1/2020 TO 11/30/2020...
CLIMATE NORMAL PERIOD: 1981 TO 2010
CLIMATE RECORD PERIOD: 1926 TO 2020
WEATHER OBSERVED NORMAL DEPART LAST YEAR`S
VALUE DATE(S) VALUE FROM VALUE
NORMAL
..............................................................
TEMPERATURE (F)
RECORD
HIGH 102 09/03/1953
LOW 1 11/30/1958
HIGHEST 88 09/08 96
09/09
09/10
LOWEST 26 11/29 12
AVG. MAXIMUM 68.2 66.4 1.8 69.5
AVG. MINIMUM 46.1 44.9 1.2 44.6
MEAN 57.2 55.6 1.6 57.0
DAYS MAX >= 90 0 1.5 -1.5 10
DAYS MAX <= 32 0 0.4 -0.4 1
DAYS MAX >= 80 16 MM
DAYS MAX >= 100 0 MM
DAYS MIN <= 32 9 15.2 -6.2 21
DAYS MIN <= 0 0 0.0 0.0 0
DAYS MIN <= 10 0 MM
PRECIPITATION (INCHES)
RECORD
MAXIMUM 16.71 2011
MINIMUM 2.06 1904
TOTALS 7.91 9.30 -1.39 8.37
DAILY AVG. 0.09 0.10 -0.01 0.09
DAYS >= .01 29 30.7 -1.7 26
DAYS >= .10 19 18.9 0.1 17
DAYS >= .50 5 6.5 -1.5 7
DAYS >= 1.00 2 1.8 0.2 2
GREATEST
24 HR. TOTAL 2.00 10/28 TO 10/29 1.44
DEGREE DAYS
HEATING TOTAL 825 980 -155 978
SINCE 7/1 825 986 -161 978
COOLING TOTAL 131 125 6 285
SINCE 1/1 1186 955 231 1255
..............................................................
WIND (MPH)
AVERAGE WIND SPEED 4.5
HIGHEST WIND SPEED/DIRECTION 36/280 DATE 11/15
HIGHEST GUST SPEED/DIRECTION 54/300 DATE 11/15
SKY COVER
POSSIBLE SUNSHINE (PERCENT) MM
AVERAGE SKY COVER 0.42
NUMBER OF DAYS FAIR 42
NUMBER OF DAYS PC 31
NUMBER OF DAYS CLOUDY 18
AVERAGE RH (PERCENT) 69
WEATHER CONDITIONS. NUMBER OF DAYS WITH
THUNDERSTORM 1 MIXED PRECIP 0
HEAVY RAIN 4 RAIN 12
LIGHT RAIN 31 FREEZING RAIN 0
LT FREEZING RAIN 0 HAIL 0
HEAVY SNOW 0 SNOW 0
LIGHT SNOW 1 SLEET 0
FOG 60 FOG W/VIS <= 1/4 MILE 22
HAZE 6
- INDICATES NEGATIVE NUMBERS.
R INDICATES RECORD WAS SET OR TIED.
MM INDICATES DATA IS MISSING.
T INDICATES TRACE AMOUNT.
$$