381
CXUS51 KRLX 031244 RRA
CLSPKB
CLIMATE REPORT
NATIONAL WEATHER SERVICE CHARLESTON WV
733 AM EST TUE MAR 3 2020
...................................
...THE PARKERSBURG WV CLIMATE SUMMARY FOR THE SEASON, FROM
12/1/2019 TO 2/29/2020...
CLIMATE NORMAL PERIOD 1981 TO 2010
CLIMATE RECORD PERIOD 1926 TO 2020
WEATHER OBSERVED NORMAL DEPART LAST YEAR`S
VALUE DATE(S) VALUE FROM VALUE
NORMAL
.............................................................
TEMPERATURE (F)
RECORD
HIGH 79 02/20/2018
12/10/1971
02/24/2017
LOW -27 02/10/1899
HIGHEST 78 01/11 68
LOWEST 11 02/15 -5
01/22
12/19
AVG. MAXIMUM 46.7 42.3 4.4 45.0
AVG. MINIMUM 29.4 25.3 4.1 27.6
MEAN 38.1 33.8 4.3 36.3
DAYS MAX >= 90 0 0.0 0.0 0
DAYS MAX <= 32 6 17.9 -11.9 14
DAYS MIN <= 32 56 65.8 -9.8 61
DAYS MIN <= 0 0 1.8 -1.8 3
PRECIPITATION (INCHES)
RECORD
MAXIMUM 15.87 2019
MINIMUM 3.22 1977
TOTALS 13.29 8.75 4.54 15.87
DAILY AVG. 0.15 0.10 0.05 0.18
DAYS >= .01 43 39.6 3.4 44
DAYS >= .10 25 20.2 4.8 29
DAYS >= .50 10 5.4 4.6 12
DAYS >= 1.00 3 1.0 2.0 4
GREATEST
24 HR. TOTAL 1.51 MM
DEGREE_DAYS
HEATING TOTAL 2423 2806 -383 2486
SINCE 7/1 3401 3817 -416 3558
COOLING TOTAL 4 0 4 0
SINCE 1/1 4 0 4 0
..............................................................
WIND (MPH)
AVERAGE WIND SPEED 5.6
HIGHEST WIND SPEED/DIRECTION 35/230 DATE 01/11
HIGHEST GUST SPEED/DIRECTION 56/230 DATE 01/11
SKY COVER
POSSIBLE SUNSHINE (PERCENT) MM
AVERAGE SKY COVER 0.60
NUMBER OF DAYS FAIR 24
NUMBER OF DAYS PC 21
NUMBER OF DAYS CLOUDY 46
AVERAGE RH (PERCENT) 71
WEATHER CONDITIONS. NUMBER OF DAYS WITH
THUNDERSTORMS 0 MIXED PRECIP 0
HEAVY RAIN 6 RAIN 20
LIGHT RAIN 42 FREEZING RAIN 1
LIGHT FREEZING RAIN 1 HAIL 0
HEAVY SNOW 1 SNOW 2
LIGHT SNOW 17 SLEET 0
FOG 54 FOG W/VIS <= 1/4 MILE 12
- INDICATES NEGATIVE NUMBERS.
R INDICATES RECORD WAS SET OR TIED.
MM INDICATES DATA IS MISSING.
T INDICATES TRACE AMOUNT.
$$