000
CXUS53 KAPX 280730
CF6PLN
PRELIMINARY LOCAL CLIMATOLOGICAL DATA (WS FORM: F-6)
STATION: PELLSTON
MONTH: MARCH
YEAR: 2024
LATITUDE: 45 34 N
LONGITUDE: 84 48 W
TEMPERATURE IN F: :PCPN: SNOW: WIND :SUNSHINE: SKY :PK WND
================================================================================
1 2 3 4 5 6A 6B 7 8 9 10 11 12 13 14 15 16 17 18
12Z AVG MX 2MIN
DY MAX MIN AVG DEP HDD CDD WTR SNW DPTH SPD SPD DIR MIN PSBL S-S WX SPD DR
================================================================================
1 51 15 33 12 32 0 0.00 M M 6.4 16 230 M M 0 28 230
2 53 28 41 19 24 0 0.00 M M 4.2 15 220 M M 1 20 230
3 55 24 40 18 25 0 0.00 M M 9.5 21 120 M M 0 32 130
4 62 31 47 25 18 0 T M M 8.0 21 10 M M 4 1 33 360
5 48 24 36 13 29 0 0.34 M M 8.0 16 350 M M 4 1 23 340
6 49 20 35 12 30 0 0.00 M M 4.5 15 70 M M 0 22 60
7 50 18 34 10 31 0 0.00 M M 6.7 18 90 M M 0 25 100
8 47 28 38 14 27 0 0.23 M M 4.5 14 80 M M 8 1 19 80
9 35 28 32 8 33 0 0.15 M M 13.7 24 320 M M 10 1 32 320
10 35 24 30 5 35 0 T M M 17.2 29 320 M M 6 1 40 340
11 55 18 37 12 28 0 0.00 M M 4.4 18 280 M M 0 24 280
12 68 24 46 21 19 0 0.00 M M 3.4 22 290 M M 0 29 290
13 62 24 43 17 22 0 0.00 M M 4.9 13 280 M M 0 21 280
14 49 25 37 11 28 0 0.00 M M 4.6 15 20 M M 0 19 360
15 47 21 34 8 31 0 0.00 M M 5.9 14 10 M M 2 19 270
16 52 33 43 16 22 0 0.02 M M 11.9 24 250 M M 9 1 42 240
17 34 25 30 3 35 0 0.02 M M 16.1 26 300 M M 10 1 41 330
18 30 25 28 0 37 0 T M M 12.7 23 330 M M 10 1 29 300
19 36 25 31 3 34 0 0.03 M M 12.3 26 320 M M 10 1 36 320
20 28 18 23 -5 42 0 T M M 19.7 31 320 M M 9 8 42 320
21 27 9 18 -11 47 0 T M M 6.9 16 310 M M 7 23 280
22 30 12 21 -8 44 0 0.03 M M 1.9 14 320 M M 8 18 17 320
23 32 10 21 -9 44 0 T M M 5.7 20 320 M M 4 24 320
24 39 16 28 -2 37 0 0.02 M M 8.5 23 140 M M 8 168 32 140
25 52 29 41 11 24 0 T M M 9.6 17 130 M M 5 16 26 140
26 62 41 52 21 13 0 0.40 M M 12.6 26 190 M M 9 1 41 200
27 41 29 35 4 30 0 T M M 14.1 22 260 M M 10 35 240
================================================================================
SM 1229 624 821 0 1.24 M 237.9 M 134
================================================================================
AV 45.5 23.1 8.8 FASTST M M 5 MAX(MPH)
MISC ----> 31 320 # 42 240
================================================================================
NOTES:
# LAST OF SEVERAL OCCURRENCES
COLUMN 17 PEAK WIND IN M.P.H.
PRELIMINARY LOCAL CLIMATOLOGICAL DATA (WS FORM: F-6) , PAGE 2
STATION: PELLSTON
MONTH: MARCH
YEAR: 2024
LATITUDE: 45 34 N
LONGITUDE: 84 48 W
[TEMPERATURE DATA] [PRECIPITATION DATA] SYMBOLS USED IN COLUMN 16
AVERAGE MONTHLY: 34.3 TOTAL FOR MONTH: 1.24 1 = FOG OR MIST
DPTR FM NORMAL: 8.2 DPTR FM NORMAL: -0.25 2 = FOG REDUCING VISIBILITY
HIGHEST: 68 ON 12 GRTST 24HR 0.40 ON 25-26 TO 1/4 MILE OR LESS
LOWEST: 9 ON 21 3 = THUNDER
SNOW, ICE PELLETS, HAIL 4 = ICE PELLETS
TOTAL MONTH: M 5 = HAIL
GRTST 24HR M ON M 6 = FREEZING RAIN OR DRIZZLE
GRTST DEPTH: M ON M 7 = DUSTSTORM OR SANDSTORM:
VSBY 1/2 MILE OR LESS
8 = SMOKE OR HAZE
[NO. OF DAYS WITH] [WEATHER - DAYS WITH] 9 = BLOWING SNOW
X = TORNADO
MAX 32 OR BELOW: 5 0.01 INCH OR MORE: 9
MAX 90 OR ABOVE: 0 0.10 INCH OR MORE: 4
MIN 32 OR BELOW: 25 0.50 INCH OR MORE: 0
MIN 0 OR BELOW: 0 1.00 INCH OR MORE: 0
[HDD (BASE 65) ]
TOTAL THIS MO. 821 CLEAR (SCALE 0-3) 10
DPTR FM NORMAL -226 PTCLDY (SCALE 4-7) 8
TOTAL FM JUL 1 5711 CLOUDY (SCALE 8-10) 9
DPTR FM NORMAL -1230
[CDD (BASE 65) ]
TOTAL THIS MO. 0
DPTR FM NORMAL 0 [PRESSURE DATA]
TOTAL FM JAN 1 0 HIGHEST SLP M ON M
DPTR FM NORMAL 0 LOWEST SLP 29.42 ON 26
[REMARKS]