000
CXUS53 KAPX 010831
CF6PLN
PRELIMINARY LOCAL CLIMATOLOGICAL DATA (WS FORM: F-6)
STATION: PELLSTON
MONTH: FEBRUARY
YEAR: 2021
LATITUDE: 45 34 N
LONGITUDE: 84 48 W
TEMPERATURE IN F: :PCPN: SNOW: WIND :SUNSHINE: SKY :PK WND
================================================================================
1 2 3 4 5 6A 6B 7 8 9 10 11 12 13 14 15 16 17 18
12Z AVG MX 2MIN
DY MAX MIN AVG DEP HDD CDD WTR SNW DPTH SPD SPD DIR MIN PSBL S-S WX SPD DR
================================================================================
1 27 1 14 -2 51 0 0.00 M M 1.9 8 330 M M 0 10 350
2 30 3 17 1 48 0 0.00 M M 6.1 14 340 M M 1 17 340
3 38 -3 18 2 47 0 0.00 M M 2.3 8 320 M M 0 8 330
4 44 15 30 14 35 0 0.10 M M 8.0 20 140 M M 5 12 29 110
5 30 13 22 6 43 0 0.11 M M 11.7 32 290 M M 10 18 44 280
6 16 11 14 -2 51 0 0.03 M M 12.7 22 280 M M 10 18 32 290
7 11 5 8 -8 57 0 0.01 M M 10.2 21 280 M M 10 18 30 290
8 14 2 8 -8 57 0 0.13 M M 3.0 13 310 M M 10 18 18 300
9 13 2 8 -8 57 0 T M M 6.3 17 270 M M 10 18 31 260
10 15 -9 3 -14 62 0 T M M 3.9 15 250 M M 9 18 21 270
11 19 -21 -1 -18 66 0 0.00 M M 1.1 7 310 M M 2 8 8 320
12 18 -4 7 -10 58 0 0.01 M M 5.2 16 100 M M 8 18 22 100
13 18 -6 6 -11 59 0 0.03 M M 4.4 14 110 M M 8 18 20 110
14 14 0 7 -10 58 0 T M M 10.1 20 320 M M 10 18 27 310
15 13 -9 2 -15 63 0 0.00 M M 8.7 18 300 M M 2 25 320
16 16 0 8 -10 57 0 T M M 9.9 18 310 M M 5 1 24 290
17 22 -14 4 -14 61 0 0.00 M M 3.3 14 320 M M 1 8 19 330
18 28 -10 9 -9 56 0 T M M 2.1 10 70 M M 6 15 90
19 30 2 16 -2 49 0 0.00 M M 0.8 8 330 M M 7 10 20
20 28 -8 10 -8 55 0 0.00 M M 3.8 13 210 M M 7 18 210
21 35 5 20 1 45 0 T M M 7.6 21 140 M M 6 18 28 130
22 34 23 29 10 36 0 0.03 M M 8.1 21 250 M M 8 1 30 230
23 40 28 34 15 31 0 0.04 M M 8.5 17 280 M M 8 1 31 290
24 34 18 26 7 39 0 0.36 M M 11.2 26 310 M M 10 18 36 300
25 33 -1 16 -4 49 0 T M M 3.6 23 330 M M 4 18 34 320
26 42 6 24 4 41 0 0.00 M M 7.6 24 220 M M 2 1 38 230
27 46 26 36 16 29 0 T M M 7.0 18 250 M M 5 1 27 250
28 46 20 33 13 32 0 0.03 M M 10.1 35 310 M M 6 128 46 310
================================================================================
SM 754 95 1392 0 0.88 M 179.2 M 170
================================================================================
AV 26.9 3.4 6.4 FASTST M M 6 MAX(MPH)
MISC ----> 35 310 46 310
================================================================================
NOTES:
# LAST OF SEVERAL OCCURRENCES
COLUMN 17 PEAK WIND IN M.P.H.
PRELIMINARY LOCAL CLIMATOLOGICAL DATA (WS FORM: F-6) , PAGE 2
STATION: PELLSTON
MONTH: FEBRUARY
YEAR: 2021
LATITUDE: 45 34 N
LONGITUDE: 84 48 W
[TEMPERATURE DATA] [PRECIPITATION DATA] SYMBOLS USED IN COLUMN 16
AVERAGE MONTHLY: 15.2 TOTAL FOR MONTH: 0.88 1 = FOG OR MIST
DPTR FM NORMAL: -2.4 DPTR FM NORMAL: -0.44 2 = FOG REDUCING VISIBILITY
HIGHEST: 46 ON 28,27 GRTST 24HR 0.36 ON 24-24 TO 1/4 MILE OR LESS
LOWEST: -21 ON 11 3 = THUNDER
SNOW, ICE PELLETS, HAIL 4 = ICE PELLETS
TOTAL MONTH: M 5 = HAIL
GRTST 24HR M ON M 6 = FREEZING RAIN OR DRIZZLE
GRTST DEPTH: M ON M 7 = DUSTSTORM OR SANDSTORM:
VSBY 1/2 MILE OR LESS
8 = SMOKE OR HAZE
[NO. OF DAYS WITH] [WEATHER - DAYS WITH] 9 = BLOWING SNOW
X = TORNADO
MAX 32 OR BELOW: 18 0.01 INCH OR MORE: 11
MAX 90 OR ABOVE: 0 0.10 INCH OR MORE: 4
MIN 32 OR BELOW: 28 0.50 INCH OR MORE: 0
MIN 0 OR BELOW: 12 1.00 INCH OR MORE: 0
[HDD (BASE 65) ]
TOTAL THIS MO. 1392 CLEAR (SCALE 0-3) 7
DPTR FM NORMAL 65 PTCLDY (SCALE 4-7) 12
TOTAL FM JUL 1 5507 CLOUDY (SCALE 8-10) 9
DPTR FM NORMAL -602
[CDD (BASE 65) ]
TOTAL THIS MO. 0
DPTR FM NORMAL 0 [PRESSURE DATA]
TOTAL FM JAN 1 0 HIGHEST SLP 30.54 ON 11
DPTR FM NORMAL 0 LOWEST SLP 29.07 ON 5
[REMARKS]
#FINAL-02-21#