000
CXUS56 KLOX 011255
CF6PMD
PRELIMINARY LOCAL CLIMATOLOGICAL DATA (WS FORM: F-6)
STATION: PALMDALE AIRPORT CA
MONTH: FEBRUARY
YEAR: 2022
LATITUDE: 34 37 N
LONGITUDE: 118 5 W
TEMPERATURE IN F: :PCPN: SNOW: WIND :SUNSHINE: SKY :PK WND
================================================================================
1 2 3 4 5 6A 6B 7 8 9 10 11 12 13 14 15 16 17 18
12Z AVG MX 2MIN
DY MAX MIN AVG DEP HDD CDD WTR SNW DPTH SPD SPD DIR MIN PSBL S-S WX SPD DR
================================================================================
1 61 32 47 0 18 0 0.00 M M 7.4 18 40 M M 1 M M
2 52 21 37 -10 28 0 0.00 M M 11.8 28 70 M M 0 35 50
3 55 22 39 -8 26 0 0.00 M M 6.4 20 80 M M 0 24 90
4 57 25 41 -6 24 0 0.00 M M 9.8 25 80 M M 0 31 80
5 63 22 43 -5 22 0 0.00 M M 6.1 22 70 M M 0 27 70
6 68 25 47 -1 18 0 0.00 M M 7.9 22 60 M M 0 26 350
7 68 32 50 2 15 0 0.00 M M 7.0 23 50 M M 0 28 70
8 72 30 51 3 14 0 0.00 M M 6.9 21 50 M M 0 25 60
9 74 32 53 5 12 0 0.00 M M 5.6 17 80 M M 0 23 90
10 75 39 57 9 8 0 0.00 M M 10.2 22 60 M M 0 27 40
11 77 36 57 9 8 0 0.00 M M 4.3 16 20 M M 0 20 30
12 76 36 56 8 9 0 0.00 M M 6.4 25 100 M M 0 27 100
13 73 34 54 5 11 0 0.00 M M 3.9 13 360 M M 0 17 30
14 76 33 55 6 10 0 0.00 M M 9.4 22 290 M M 0 30 250
15 57 36 47 -2 18 0 0.10 M M 15.5 32 290 M M 6 1 37 220
16 63 33 48 -1 17 0 0.00 M M 8.3 23 280 M M 1 27 280
17 61 34 48 -1 17 0 0.00 M M 12.6 28 80 M M 0 33 90
18 66 27 47 -2 18 0 0.00 M M 6.0 20 50 M M 0 25 60
19 70 30 50 0 15 0 0.00 M M 4.6 12 30 M M 0 17 30
20 71 33 52 2 13 0 0.00 M M 11.6 28 220 M M 0 32 220
21 57 42 50 0 15 0 0.00 M M 20.3 32 230 M M 0 40 230
22 52 36 44 -6 21 0 0.05 M M 18.2 38 210 M M 7 18 46 210
23 45 27 36 -14 29 0 0.00 M M 14.2 30 280 M M 3 36 280
24 51 20 36 -14 29 0 0.00 M M 5.5 18 290 M M 0 21 300
25 57 24 41 -10 24 0 0.00 M M 4.8 17 40 M M 0 22 50
26 59 23 41 -10 24 0 0.00 M M 7.2 21 70 M M 0 32 50
27 65 24 45 -6 20 0 0.00 M M 5.8 18 40 M M 0 8 21 40
28 75 28 52 1 13 0 0.00 M M 6.7 21 30 M M 0 24 40
================================================================================
SM 1796 836 496 0 0.15 M 244.4 M 18
================================================================================
AV 64.1 29.9 8.7 FASTST M M 1 MAX(MPH)
MISC ----> 38 210 46 210
================================================================================
NOTES:
# LAST OF SEVERAL OCCURRENCES
COLUMN 17 PEAK WIND IN M.P.H.
PRELIMINARY LOCAL CLIMATOLOGICAL DATA (WS FORM: F-6) , PAGE 2
STATION: PALMDALE AIRPORT CA
MONTH: FEBRUARY
YEAR: 2022
LATITUDE: 34 37 N
LONGITUDE: 118 5 W
[TEMPERATURE DATA] [PRECIPITATION DATA] SYMBOLS USED IN COLUMN 16
AVERAGE MONTHLY: 47.0 TOTAL FOR MONTH: 0.15 1 = FOG OR MIST
DPTR FM NORMAL: -1.9 DPTR FM NORMAL: -1.34 2 = FOG REDUCING VISIBILITY
HIGHEST: 77 ON 11 GRTST 24HR 0.10 ON 15-15 TO 1/4 MILE OR LESS
LOWEST: 20 ON 24 3 = THUNDER
SNOW, ICE PELLETS, HAIL 4 = ICE PELLETS
TOTAL MONTH: M 5 = HAIL
GRTST 24HR M ON M 6 = FREEZING RAIN OR DRIZZLE
GRTST DEPTH: M ON M 7 = DUSTSTORM OR SANDSTORM:
VSBY 1/2 MILE OR LESS
8 = SMOKE OR HAZE
[NO. OF DAYS WITH] [WEATHER - DAYS WITH] 9 = BLOWING SNOW
X = TORNADO
MAX 32 OR BELOW: 0 0.01 INCH OR MORE: 2
MAX 90 OR ABOVE: 0 0.10 INCH OR MORE: 1
MIN 32 OR BELOW: 17 0.50 INCH OR MORE: 0
MIN 0 OR BELOW: 0 1.00 INCH OR MORE: 0
[HDD (BASE 65) ]
TOTAL THIS MO. 496 CLEAR (SCALE 0-3) 26
DPTR FM NORMAL 47 PTCLDY (SCALE 4-7) 2
TOTAL FM JUL 1 2024 CLOUDY (SCALE 8-10) 0
DPTR FM NORMAL -134
[CDD (BASE 65) ]
TOTAL THIS MO. 0
DPTR FM NORMAL 0 [PRESSURE DATA]
TOTAL FM JAN 1 0 HIGHEST SLP 30.51 ON 4
DPTR FM NORMAL 0 LOWEST SLP 29.74 ON 15
[REMARKS]
#FINAL-02-22#