000
CXUS54 KMOB 011711
CF6PNS
PRELIMINARY LOCAL CLIMATOLOGICAL DATA (WS FORM: F-6)
STATION: PENSACOLA
MONTH: DECEMBER
YEAR: 2022
LATITUDE: 30 28 N
LONGITUDE: 87 12 W
TEMPERATURE IN F: :PCPN: SNOW: WIND :SUNSHINE: SKY :PK WND
================================================================================
1 2 3 4 5 6A 6B 7 8 9 10 11 12 13 14 15 16 17 18
12Z AVG MX 2MIN
DY MAX MIN AVG DEP HDD CDD WTR SNW DPTH SPD SPD DIR MIN PSBL S-S WX SPD DR
================================================================================
1 65 44 55 -3 10 0 0.00 0.0 0 7.4 14 30 M M 0 22 10
2 70 48 59 1 6 0 0.00 0.0 0 8.8 15 100 M M 7 22 120
3 79 66 73 15 0 8 0.28 0.0 0 4.7 14 180 M M 8 1 18 180
4 78 60 69 12 0 4 0.00 0.0 0 3.6 12 350 M M 7 12 17 350
5 75 59 67 10 0 2 0.00 0.0 0 4.2 10 180 M M 8 12 14 200
6 81 68 75 18 0 10 0.00 0.0 0 6.3 16 160 M M 2 12 21 160
7 81 64 73 16 0 8 0.00 0.0 0 2.1 12 180 M M 5 12 14 170
8 81 62 72 15 0 7 0.00 0.0 0 3.9 12 330 M M 7 12 17 330
9 76 60 68 12 0 3 0.00 0.0 0 3.9 8 160 M M 6 128 11 280
10 77 58 68 12 0 3 0.00 0.0 0 2.3 8 130 M M 4 12 12 30
11 71 63 67 11 0 2 0.03 0.0 0 4.9 10 150 M M 7 18 15 140
12 74 65 70 14 0 5 0.00 0.0 0 4.2 10 80 M M 8 1 16 80
13 70 64 67 11 0 2 T 0.0 0 14.3 22 110 M M 10 32 120
14 79 65 72 16 0 7 2.12 0.0 0 15.6 24 100 M M 9 1238 33 240
15 69 47 58 2 7 0 T 0.0 0 8.4 23 330 M M 2 30 330
16 64 43 54 -1 11 0 0.00 0.0 0 4.5 15 340 M M 0 20 340
17 59 40 50 -5 15 0 0.00 0.0 0 8.1 17 340 M M 3 22 350
18 57 34 46 -9 19 0 0.00 0.0 0 8.4 16 350 M M 0 24 350
19 59 39 49 -6 16 0 0.20 0.0 0 6.9 14 120 M M 5 1 21 20
20 57 49 53 -2 12 0 0.55 0.0 0 10.3 18 350 M M 9 13 28 10
21 54 48 51 -4 14 0 0.00 0.0 0 7.5 13 40 M M 10 1 20 30
22 61 50 56 1 9 0 T 0.0 0 5.8 20 320 M M 10 1 27 330
23 57 24 41 -13 24 0 0.00 0.0 0 18.3 33 330 M M 1 48 340
24 37 20 29 -25 36 0 0.00 0.0 0 11.4 25 330 M M 0 39 330
25 48 26 37 -17 28 0 0.00 0.0 0 7.0 17 340 M M 0 25 350
26 55 26 41 -13 24 0 0.00 0.0 0 3.9 9 350 M M 0 12 100
27 59 33 46 -8 19 0 0.00 0.0 0 4.6 9 170 M M 0 14 140
28 62 43 53 -1 12 0 0.00 0.0 0 8.2 16 120 M M 5 23 120
29 69 56 63 9 2 0 0.00 0.0 0 10.6 17 120 M M 1 24 120
30 67 58 63 9 2 0 2.39 0.0 0 12.2 25 110 M M 6 13 35 100
31 76 61 69 15 0 4 0.04 0.0 0 6.0 17 250 M M 6 12 24 250
================================================================================
SM 2067 1543 266 65 5.61 0.0 228.3 M 146
================================================================================
AV 66.7 49.8 7.4 FASTST M M 5 MAX(MPH)
MISC ----> 33 330 48 340
================================================================================
NOTES:
# LAST OF SEVERAL OCCURRENCES
COLUMN 17 PEAK WIND IN M.P.H.
PRELIMINARY LOCAL CLIMATOLOGICAL DATA (WS FORM: F-6) , PAGE 2
STATION: PENSACOLA
MONTH: DECEMBER
YEAR: 2022
LATITUDE: 30 28 N
LONGITUDE: 87 12 W
[TEMPERATURE DATA] [PRECIPITATION DATA] SYMBOLS USED IN COLUMN 16
AVERAGE MONTHLY: 58.2 TOTAL FOR MONTH: 5.61 1 = FOG OR MIST
DPTR FM NORMAL: 2.7 DPTR FM NORMAL: 0.21 2 = FOG REDUCING VISIBILITY
HIGHEST: 81 ON 8, 7 GRTST 24HR 2.43 ON 30-31 TO 1/4 MILE OR LESS
LOWEST: 20 ON 24 3 = THUNDER
SNOW, ICE PELLETS, HAIL 4 = ICE PELLETS
TOTAL MONTH: 0.0 INCH 5 = HAIL
GRTST 24HR 0.0 6 = FREEZING RAIN OR DRIZZLE
GRTST DEPTH: 0 7 = DUSTSTORM OR SANDSTORM:
VSBY 1/2 MILE OR LESS
8 = SMOKE OR HAZE
[NO. OF DAYS WITH] [WEATHER - DAYS WITH] 9 = BLOWING SNOW
X = TORNADO
MAX 32 OR BELOW: 0 0.01 INCH OR MORE: 7
MAX 90 OR ABOVE: 0 0.10 INCH OR MORE: 5
MIN 32 OR BELOW: 4 0.50 INCH OR MORE: 3
MIN 0 OR BELOW: 0 1.00 INCH OR MORE: 2
[HDD (BASE 65) ]
TOTAL THIS MO. 266 CLEAR (SCALE 0-3) 11
DPTR FM NORMAL -49 PTCLDY (SCALE 4-7) 14
TOTAL FM JUL 1 428 CLOUDY (SCALE 8-10) 6
DPTR FM NORMAL -76
[CDD (BASE 65) ]
TOTAL THIS MO. 65
DPTR FM NORMAL 45 [PRESSURE DATA]
TOTAL FM JAN 1 3268 HIGHEST SLP 30.53 ON 24
DPTR FM NORMAL 326 LOWEST SLP 29.73 ON 14
[REMARKS]
#FINAL-12-22#